INSERT INTO `tbl_inquiry` (`id`, `Name`, `ContactNo`, `Email`, `Message`, `InqDate`, `CreatedBy`) VALUES
(481, 'Literatura_100_wah', '84957289225', 'ep.i.g.ad.ez.u.t000@gmail.com', 'Желание поступить на бюджет? Подготовься к ЕГЭ по литературе с нами и покори победителем! Узнай больше на сайте. \r\n<a href=http://simplanet.by/bitrix/redirect.php?goto=https://literatura100.ru>разбор произведений здесь</a>', '2025-04-29 12:46:22', ''),
(482, 'OliviaGreds', '83855529593', 'zekisuquc419@gmail.com', 'Ciao, volevo sapere il tuo prezzo.', '2025-04-29 21:25:57', ''),
(483, 'JohnGreds', '85721454853', 'zekisuquc419@gmail.com', 'Zdravo, htio sam znati vašu cijenu.', '2025-04-29 23:40:32', ''),
(484, 'TedGreds', '84138578348', 'aferinohis056@gmail.com', 'Hallo, ek wou jou prys ken.', '2025-04-30 03:00:37', ''),
(485, 'Furrionvet', '88432186562', 'edson15pro@gmail.com', 'which is carried out by the printing', '2025-05-01 01:23:13', ''),
(486, 'KitchenAidkom', '86591323653', 'vthumm@gmail.com', 'mostly in monasteries.', '2025-05-02 00:03:17', ''),
(487, 'RobertJaila', '89718216726', 'robert@bestdeal.wiki', 'http://neoromance.info/link/rank.cgi?mode=link&id=26&url=https://www.xxxfrance.ink/coco/papa-au-travail-je-baise-maman-347527.html\r\nhttp://amodern.ru/go.php?url=xxxfrance.ink/coco/photos-femme-ronde-et-belle-31168.html\r\nhttp://deeline.ru/bitrix/redirect.php?event1=&event2=&event3=&goto=https://www.xxxfrance.ink/coco/maman-baise-dans-sa-cuisine-avec-son-fils-344821.html\r\nhttps://cse.google.sr/url?q=https://www.xxxfrance.ink/coco/frere-nique-soeur-par-surprise-en-francais-24696.html\r\nhttps://www.google.com.br/url?sa=U&ved=2ahUKEwjtisbth4P6AhV-RvEDHXxOAoI4ChAWegQIBRAC&usg=AOvVaw2FyaAYZ-qKBf6jJqznd6p5&q=https://www.xxxfrance.ink/r/nik3arbi/\r\nhttps://images.google.com.mx/url?q=https://www.xxxfrance.ink/coco/xnxx-alg-18-ani-257723.html\r\n \r\na448z', '2025-05-03 22:06:43', ''),
(488, 'Mike Claude Willems\r\n', '86271383532', 'info@digital-x-press.com', 'Hi, \r\nI recognize that many businesses find it challenging recognizing that Answer Engine Optimization (AEO) is a continuous effort and a well-planned ongoing investment. \r\n \r\nUnfortunately, very few marketers have the willingness to wait for the incremental yet significant improvements that can completely change their online presence. \r\n \r\nWith Google’s evolving algorithms, a stable, ongoing approach including Answer Engine Optimization (AEO) is essential for getting a positive ROI. \r\n \r\nIf you recognize this as the ideal strategy, partner with us! \r\n \r\nCheck out Our Monthly SEO Services https://www.digital-x-press.com/unbeatable-seo/ \r\n \r\nChat With Us on Instant Messaging https://www.digital-x-press.com/whatsapp-us/ \r\n \r\nWe offer unbeatable results for your investment, and you will appreciate choosing us as your digital marketing ally. \r\n \r\nWarm regards, \r\nDigital X SEO Experts \r\nPhone/WhatsApp: +1 (844) 754-1148', '2025-05-04 01:59:50', ''),
(489, 'TedGreds', '86245966797', 'aferinohis056@gmail.com', 'Hallo, ek wou jou prys ken.', '2025-05-04 19:26:25', ''),
(490, 'Virtswaro', '87326918366', 'hvznat@gmail.com', 'Looking to excitement up your conversations and sum up a microscopic tension to your online life? \r\nChatVirt.com is the supreme place to explore your fantasies and relate with like-minded people on sultry, real-time chats. Whether you\'re looking as a service to alluring recreation or mate conversations, ChatVirt.com offers a solid, circumspect dais to indulge in thrilling sexting experiences. \r\n \r\n<img src=\"https://chatvirt.com/assets/files/groups/cover_pics/072024/7-gr-cXIB6n.jpg\"> \r\n \r\n<a href=https://chatvirt.com/russian/>виртуальный секс чат</a> \r\n<a href=https://chatvirt.com/gay/>LGBT chat</a> \r\n<a href=https://chatvirt.com/%E4%B8%AD%E5%9B%BD/>Chinese sex chat</a> \r\n<a href=https://chatvirt.com/Francais/>Virt Francais</a> \r\n<a href=https://chatvirt.com/arab/>Arabic virtual room</a> \r\n<a href=https://chatvirt.com/Espanol/>chat caliente espanol</a> \r\n \r\nFind your tribe: Dive into LGBT chatrooms designed for open-minded connection and play. \r\nGo global: Connect in le francais, Chinese, Spanish, and Arabi chat spaces for multilingual thrills and cross-cultural encounters. \r\n \r\nWhy settle upon ChatVirt.com? \r\n \r\nAnonymity guaranteed: Your retreat is our preference, so you can entice with confidence. \r\nUnderstandable platform: Easy-to-use interface in support of calm, instant connections. \r\nInitialled experiences: Gabfest with people who parallel your interests and desires. \r\n \r\nLet your fantasies come to get-up-and-go with ChatVirt.com. \r\nSolder together contemporarily and plunge into a world of passionate conversations! \r\n \r\nAdress https://chatvirt.com/', '2025-05-05 03:27:12', ''),
(491, 'AlexeyCop', '84143591661', 'hippopotamus1912@gmail.com', '<a href=https://vc.ru/services/1948413-1s-fresh-oblachnaya-buhgalteriya>Бухгалтерия по цене двух чашек кофе: за кого нас держат?</a>', '2025-05-05 15:04:39', ''),
(492, 'Kevinyipwrith', '85577359489', 'amfetamin-moscow@russia-cocaine.online', 'Купить Амфетамин Москва? САЙТ -| COCAINES.STORE | Как Купить Амфетамин по России? САЙТ - | COCAINES.STORE | \r\n. \r\n. \r\n. \r\n. \r\n. \r\nКупить Амфетамин максимального качества в Москве? САЙТ - https://cocaines.store \r\nСколько стоит Амфетамин в Москве сегодня? САЙТ - https://cocaines.store \r\nКупить Амфетамин в городах России? САЙТ - https://cocaines.store \r\nКупить Амфетамин с доставкой в руки В Москве? САЙТ - https://cocaines.store \r\nГде в Москве Купить Амфетамин с доставкой? САЙТ - https://cocaines.store \r\nКупить с доставкой по России Амфетамин? САЙТ - https://cocaines.store \r\nКупить Наркотики в Москве? САЙТ - https://cocaines.store \r\nКак Купить наркотики в России? САЙТ - https://cocaines.store \r\n. \r\n. \r\n. \r\n. \r\n. \r\n. \r\n. \r\n. \r\n. \r\n. \r\n. \r\n. \r\n. \r\n. \r\n. \r\n. \r\n. \r\n. \r\n. \r\n. \r\n. \r\n. \r\n. \r\nГугл Робот (GOOGLE ROBOT) \r\nКупить Амфетамин в Москве? Купить Амфетамин в Санкт Петербурге? Купить Амфетамин в Питере? Купить Амфетамин в Новосибирске? \r\nКупить Амфетамин в Екатеринбурге? Купить Амфетамин в Казани? Купить Амфетамин в Нижнем Новгороде? Купить Амфетамин в Красноярске? \r\nКупить Амфетамин в Челябинске? Купить Амфетамин в Самаре? Купить Амфетамин в Уфе? Купить Амфетамин в Ростове? Купить Амфетамин в Краснодаре? \r\nКупить Амфетамин в Омске? Купить Амфетамин в Воронеже? Купить Амфетамин в Перьми? Купить Амфетамин в Волгограде? \r\nТекстовые теги для поиска- \r\nКупить Амфетамин в России можно очень легко, особенно Купить Амфетамин в Москве можно без проблем, потому что в Москве Амфетамин \r\nПродаеться на каждом углу. Это могут быть и клубы, дискотеки так и с машины! Особенно приятно что Купить Амфетамин в Москве \r\nможно закладками. Купить Закладками Амфетамин в Москве может любой человек - как мужчина так и девушка! \r\nОднажды Купить Амфетамин в Москве пробовала даже бабушка, и у неё всё получилось. Часто продают закладки Амфетамина в Москве через Телеграм \r\nМой знакомый хотел попробовать найти Амфетамин в Москве при поможи поискового приспособления для поиска закладок, но у него не получилось \r\nПотому что Амфетамин в Москве очень хорошо спрятан, и без точного адреса Амфетамин в Москве не возможно найти никак. \r\nКолумбийский, Мараканский, Мексиканский - это далеко не полный список стран, которые экспортируют Амфетамин в Москву для \r\nразвлечения людей. Гарантией и безопасностью Амфетамин в Москве всегда впечетлял, ведь это основное правило покупки! \r\nРоссийская Федерация всегда славилась своим разнообразием наркотических веществ, и всегда на первом месте был Амфетамин в Москве! \r\nМаленькие шарики и круглые свертки - это закладки Амфетамина в Москве, которые бережно и с трепетом разложили от лишних глаз. \r\nКаково было моё удивление, когда привезли с доставкой Амфетамин в Москве прямо в руки! Это было просто ВАУ-еффект! \r\nПока кто то сидит дома или ходит на работу - жизнь в Москве с Амфетамином проходит не заметно, быстро и легко! \r\nЕсть магазины, в которых Купить Амфетамин в Москве можно с гарантией и доставкой в руки круглосуточно! \r\nВсё анонимно и безопастность просто зашкаливает, никогда Амфетамин в Москве не сможет обнаружить полиция. \r\nКолючий кактус или национальность человека не имеет значения для покупки Амфетамина в Москве, потому что люди бывают разные \r\nу всех разные потребности и желания. Но магазины готовы предоставить услугу по покупке Амфетамина в Москве не зависимо от настроения, \r\nВедь настроение после покупки у всех будет одинаковое - ТОЛЬКО ПОЛНЫЙ ПОЗИТИВ!', '2025-05-07 05:18:59', ''),
(493, 'Waltertemiz', '81436383388', 'mdma-moscov@russia-cocaine.online', 'Купить МДМА Москва? САЙТ -| COCAINES.STORE | Как Купить МДМА по России? САЙТ - | COCAINES.STORE | \r\n. \r\n. \r\n. \r\n. \r\n. \r\nКупить МДМА максимального качества в Москве? САЙТ - https://cocaines.store \r\nСколько стоит МДМА в Москве сегодня? САЙТ - https://cocaines.store \r\nКупить МДМА в городах России? САЙТ - https://cocaines.store \r\nКупить МДМА с доставкой в руки В Москве? САЙТ - https://cocaines.store \r\nГде в Москве Купить МДМА с доставкой? САЙТ - https://cocaines.store \r\nКупить с доставкой по России МДМА? САЙТ - https://cocaines.store \r\nКупить Наркотики в Москве? САЙТ - https://cocaines.store \r\nКак Купить наркотики в России? САЙТ - https://cocaines.store \r\n. \r\n. \r\n. \r\n. \r\n. \r\n. \r\n. \r\n. \r\n. \r\n. \r\n. \r\n. \r\n. \r\n. \r\n. \r\n. \r\n. \r\n. \r\n. \r\n. \r\n. \r\n. \r\n. \r\nГугл Робот (GOOGLE ROBOT) \r\nКупить МДМА в Москве? Купить МДМА в Санкт Петербурге? Купить МДМА в Питере? Купить МДМА в Новосибирске? \r\nКупить МДМА в Екатеринбурге? Купить МДМА в Казани? Купить МДМА в Нижнем Новгороде? Купить МДМА в Красноярске? \r\nКупить МДМА в Челябинске? Купить МДМА в Самаре? Купить МДМА в Уфе? Купить МДМА в Ростове? Купить МДМА в Краснодаре? \r\nКупить МДМА в Омске? Купить МДМА в Воронеже? Купить МДМА в Перьми? Купить МДМА в Волгограде? \r\nТекстовые теги для поиска- \r\nКупить МДМА в России можно очень легко, особенно Купить МДМА в Москве можно без проблем, потому что в Москве МДМА \r\nПродаеться на каждом углу. Это могут быть и клубы, дискотеки так и с машины! Особенно приятно что Купить МДМА в Москве \r\nможно закладками. Купить Закладками МДМА в Москве может любой человек - как мужчина так и девушка! \r\nОднажды Купить МДМА в Москве пробовала даже бабушка, и у неё всё получилось. Часто продают закладки МДМАа в Москве через Телеграм \r\nМой знакомый хотел попробовать найти МДМА в Москве при поможи поискового приспособления для поиска закладок, но у него не получилось \r\nПотому что МДМА в Москве очень хорошо спрятан, и без точного адреса МДМА в Москве не возможно найти никак. \r\nКолумбийский, Мараканский, Мексиканский - это далеко не полный список стран, которые экспортируют МДМА в Москву для \r\nразвлечения людей. Гарантией и безопасностью МДМА в Москве всегда впечетлял, ведь это основное правило покупки! \r\nРоссийская Федерация всегда славилась своим разнообразием наркотических веществ, и всегда на первом месте был МДМА в Москве! \r\nМаленькие шарики и круглые свертки - это закладки МДМАа в Москве, которые бережно и с трепетом разложили от лишних глаз. \r\nКаково было моё удивление, когда привезли с доставкой МДМА в Москве прямо в руки! Это было просто ВАУ-еффект! \r\nПока кто то сидит дома или ходит на работу - жизнь в Москве с МДМАом проходит не заметно, быстро и легко! \r\nЕсть магазины, в которых Купить МДМА в Москве можно с гарантией и доставкой в руки круглосуточно! \r\nВсё анонимно и безопастность просто зашкаливает, никогда МДМА в Москве не сможет обнаружить полиция. \r\nКолючий кактус или национальность человека не имеет значения для покупки МДМАа в Москве, потому что люди бывают разные \r\nу всех разные потребности и желания. Но магазины готовы предоставить услугу по покупке МДМАа в Москве не зависимо от настроения, \r\nВедь настроение после покупки у всех будет одинаковое - ТОЛЬКО ПОЛНЫЙ ПОЗИТИВ!', '2025-05-07 10:00:20', ''),
(494, 'MiaGreds', '84584453672', 'zekisuquc419@gmail.com', 'Sawubona, bengifuna ukwazi intengo yakho.', '2025-05-07 23:13:51', ''),
(495, 'LarryAmbug', '89912497562', 'gugloff.444@gmail.com', 'Оформим второе гражданство, вид на жительство (ВНЖ) или резидентство в разных странах СНГ, Европы и Америки. Смотрите <a href=https://www.youtube.com/watch?v=OUSCRDQbB2o><b>вступительное видео</b></a>: \r\nhttps://www.youtube.com/@migrapractice \r\n \r\nВторое гражданство, практическая иммиграция, иммиграция, вид на жительство, ВНЖ, Зелёная карта (green card) США \r\nГражданство стран Евросоюза под ключ \r\nГражданство на основании корней \r\nГражданство Кыргызстана под ключ \r\nГражданство Польши под ключ \r\nГражданство Болгарии под ключ \r\nГражданство Австрии под ключ \r\nГражданство Греции под ключ \r\nГражданство Израиля под ключ \r\n \r\nПишите нам в <a href=https://t.me/LibFinTravel><b>ТЕЛЕГРАМ</b></a>: https://t.me/LibFinTravel \r\n \r\nИли заходите на <a href=https://libertyfintravel.ru/vnj-i-vtoroe-grajdanstvo><b>сайт</b></a>: https://libertyfintravel.ru/vnj-i-vtoroe-grajdanstvo', '2025-05-08 12:39:53', ''),
(496, 'LuizaDiuri', '86345694399', 'luiza@bestdeal.wiki', 'http://impa-ufa.ru/bitrix/rk.php?goto=https://www.sex-xxx-latina.ink/m/277848/colegialas-gorditas-desnudas/\r\nhttps://alt1.toolbarqueries.google.lt/url?q=https://www.sex-xxx-latina.ink/m/382500/vajinas-famosas-mexicanas/\r\nhttps://nrb-land.ru/bitrix/redirect.php?goto=https://www.sex-xxx-latina.ink/m/63451/un-alba%C3%B1il-biola-una-pendeja-en-una-obra/\r\nhttps://www.roemerforum.com/proxy.php?link=https://www.sex-xxx-latina.ink/m/442966/mujer.dando.luz.y.culiando/\r\nhttps://www.xgazete.com/go.php?url=<a+href=https://www.sex-xxx-latina.ink/m/620632/biendo-amimama-bayandose/\r\nhttps://toolbarqueries.google.co.in/url?sa=t&url=https://www.sex-xxx-latina.ink/m/285776/ver-mujeres-entaconadas-desnudas-de-38-a%C3%B1os/\r\n \r\nc245n', '2025-05-09 00:39:52', ''),
(497, 'Normdtof', '84125129812', 'your88@gmail.com', '\r\nIt\'s unbelievable \r\n\r\nWho are the Jews\r\n\r\nhttps://www.youtube.com/shorts/SEB3w3A98rU\r\n\r\nit is our money\r\n\r\nhttps://www.youtube.com/shorts/wiu9N1H0Huc\r\n\r\nThe most devastating genocide in the world is being carried out by the follwoing :\r\n\r\n1- AIPAC, brows ( https://www.youtube.com/watch?v=COx-t-Mk6UA ). \r\n2- Miriam Adelson brows https://www.youtube.com/watch?v=Nr0LkA7VW7Q.\r\n3- Elon Musk. \r\n3- Timothy mellonand brows https://www.youtube.com/shorts/1XJ893-kAh0  \r\n4-The Evangelical Church, \r\n\r\nWhich kill innocent women and children in Gaza.\r\n\r\nAIPAC, The Evangelical Church, Miriam Adelson, Elon Musk, and timothy mellon and   America tax payer provided Israel with TNT (explosives) for their GENOCIDE.\r\n\r\nGaza has been declared a disaster area and lacks essential resources for living in it, as follows.\r\n\r\nAIPAC, The Evangelical Church, Miriam Adelson, Elon Musk, and timothy mellon and   America tax payer, help Israel destroyed 90% of Gaza, destroying 437,600 homes, and killing one million people, including 50 thousand who are currently under rubble, 80% of whom are women and children. \r\n\r\nAIPAC, The Evangelical Church, Miriam Adelson, Elon Musk, and timothy mellon and   America tax payer, make Israel destroyed 330,000 meters of water pipes, resulting in people not being able to drink water. \r\n\r\nAIPAC, The Evangelical Church, Miriam Adelson, Elon Musk, and timothy mellon and   America tax payer, help Israel destroyed more than 655,000 meters of underground sewer lines. Now people have no washrooms to use. \r\n\r\nAIPAC, The Evangelical Church, Miriam Adelson, Elon Musk, and timothy mellon and   America tax payer, make Israel destroyed 2,800,000 two million eight hundred thousand meters of roads, causing people to have no roads to use. \r\n\r\nAIPAC, The Evangelical Church, Miriam Adelson, Elon Musk, and timothy mellon and   America tax payer, make Israel have destroyed 3680 km of electric grid, which has caused people to lose electricity. \r\n\r\nAIPAC, The Evangelical Church, Miriam Adelson, Elon Musk, and timothy mellon and   America tax payer, and Israel destroyed 48 hospitals and leveled them to the ground. Now, no one will have a hospital to save their lives. \r\n\r\nAIPAC, The Evangelical Church, Miriam Adelson, Elon Musk, and timothy mellon and   America tax payer, and Israel destroyed over 785,000 students\' ability to attend school and learn. Their actions resulted in the complete destruction of 494 schools and universities, many of which were destroyed by bombing. \r\n\r\nAIPAC, The Evangelical Church, Miriam Adelson, Elon Musk, and timothy mellon and   America tax payer, and Israel destroyed 981 mosques to prevent homless people from asking God for help. \r\n\r\nAIPAC, The Evangelical Church, Miriam Adelson, Elon Musk, and timothy mellon and   America tax payer have made over 39000 small children orphans and left them without parents or relatives to care for them.\r\n \r\nThere has never been a war in history where 80% of the country has been destroyed, 100% of the population has been displaced, and 50% of the deaths are children. \r\n\r\nDon\'t hesitate to call it what it is\r\n\r\nAIPAC ( https://www.youtube.com/watch?v=COx-t-Mk6UA ) and The Evangelical Church (America) are creating a GENOCIDE.\r\n\r\nhttps://www.youtube.com/shorts/IrX9v6DKH1g\r\n\r\nsee why Israel can kill innocent children with American taxpayer money\r\n\r\n1- see Why Israel is in deep trouble \r\n\r\nhttps://www.youtube.com/watch?v=kAfIYtpcBxo\r\n\r\n2- Because the God of Money of our World is a Jew who supports and lives in Israel. For more details, click on the following link.\r\n\r\nhttps://mega.nz/file/FqhzGKbB#bsX4PD-O59HEA0-rynD29xkk47dmddycY5CjZfoDLYg\r\n\r\n3- Because what USA president say about AIPAC and  The Evangelical Church (America)\r\n https://www.tiktok.com/@thefearlessqueenmel/video/7307640994579680542?lang=en&q=why%20dont%20Americans%20knowl%20what%20you%20have%20seen%20&t=1701880206555\r\n\r\nSee how innocent children are killed by the most powerful Israeli using American bombs at\r\n\r\nAl Jazeera Arabic Live\r\n\r\nat\r\n\r\nhttps://www.youtube.com/watch?v=COx-t-Mk6UA\r\n\r\nWatch the real news at\r\n\r\nhttps://www.youtube.com/watch?v=bNyUyrR0PHo\r\n\r\nLaws of jews TaurÃ£t (Torah) wich is a part of the Bible\r\n \r\nWe ordained in TaurÃ£t for them: â€œA life for a life, an eye for an eye, a nose for a nose, an ear for an ear, a tooth for a tooth and for a wound an equal retaliation.\" \r\n\r\nThe Torah, which is part of the Bible, has commanded that the same be done to the Jews. The order of the Torah, which is part of the Bible, is to immediately kill any Jew you see on the street. Since the Jews in Gaza have also killed women and children, you should kill any Jews - men, women, and children - as soon as you see them, whether on the street or anywhere else. And because they have killed everyone in Gaza without mercy, you must do the same to them. If you carry out these actions, you will be following the order of the Torah, which is part of the Bible, and you will be rewarded by going to heaven.\r\n\r\n', '2025-05-09 05:09:53', ''),
(498, 'Ronaldcobby', '83237373238', 'kikromankopo199.3@gmail.com', 'Behind the wheel of information: your car navigator in the digital world. Our website is more than just a car <a href=https://auto-cast.com/>website</a>. It is your reliable navigator in the world of cars, offering a full range of information, from technical specifications and consumer reviews to expert opinions and the latest industry news. We do not just talk about cars - we help you understand them, evaluate their strengths and weaknesses, and make an informed choice that suits your needs and budget. Our car catalog includes detailed descriptions, high-resolution photos, and comparison tables so that you can easily compare different models and choose the one that is right for you. Our test drives are carried out by experienced journalists and engineers, who carefully evaluate each car on various parameters, from handling and comfort to fuel efficiency and safety. And our forum is the perfect place to communicate with other car enthusiasts, share experiences and get advice from experts. Join us and discover the world of cars in all its fullness and diversity! We aim to be your number one automotive companion, providing you with all the information you need to make informed decisions and enjoy driving. \r\n', '2025-05-09 08:26:38', ''),
(499, 'Mike Gabriel Bakker\r\n', '81636248994', 'info@strictlydigital.net', 'Hello, \r\n \r\nReceiving some set of links redirecting to airops.me might bring 0 value or harmful results for your site. \r\n \r\nIt really makes no difference the number of external links you have, what matters is the total of search terms those websites appear in search for. \r\n \r\nThat is the key element. \r\nNot the fake Domain Authority or ahrefs DR score. \r\nThat anyone can do these days. \r\nBUT the amount of Google-ranked terms the domains that point to your site contain. \r\nThat’s it. \r\n \r\nMake sure these backlinks link to your domain and your rankings will skyrocket! \r\n \r\nWe are offering this powerful SEO package here: \r\nhttps://www.strictlydigital.net/product/semrush-backlinks/ \r\n \r\nIn doubt, or want to know more, reach out here: \r\nhttps://www.strictlydigital.net/whatsapp-us/ \r\n \r\nBest regards, \r\nMike Gabriel Bakker\r\n \r\nstrictlydigital.net \r\nPhone/WhatsApp: +1 (877) 566-3738', '2025-05-10 06:55:06', ''),
(500, 'ThomasLiz', '83374463654', 'semuldons@int.pl', 'Dokumenty kolekcjonerskie to niezwykle ciekawy obszar dla milosników historii i kultury materialnej. Obejmuje szeroki zakres artefaktów, takich jak stare paszporty, dowody osobiste, prawa jazdy, bilety czy legitymacje. Kolekcjonowanie takich dokumentów moze byc pasjonujacym hobby, pozwalajacym na zglebianie historii i obyczajów róznych epok. Jednakze, ze wzgledu na swój charakter, dokumenty te budza równiez pewne kontrowersje, szczególnie w kontekscie ich ewentualnego wykorzystania w sposób niezgodny z prawem. \r\n \r\nHistoria dokumentów kolekcjonerskich \r\n \r\nKolekcjonowanie dokumentów ma swoje korzenie w XIX wieku, kiedy to zainteresowanie historia i archeologia zaczelo rosnac wsród zamozniejszych warstw spolecznych. Z czasem, obok starozytnych rekopisów i ksiazek, pojawilo sie równiez zainteresowanie dokumentami o bardziej wspólczesnym charakterze, takimi jak bilety z wydarzen kulturalnych, legitymacje czy inne przedmioty zwiazane z codziennym zyciem. \r\n \r\nW XX wieku, zwlaszcza po I wojnie swiatowej, dokumenty takie jak paszporty czy dowody osobiste zaczely byc postrzegane jako cenne pamiatki rodzinne, a takze interesujace obiekty dla kolekcjonerów. Ich wartosc wynikala nie tylko z ich rzadkosci, ale takze z kontekstu historycznego, w jakim powstaly i byly uzywane. \r\n \r\nWartosc dokumentów kolekcjonerskich \r\n \r\nWartosc dokumentów kolekcjonerskich zalezy od wielu czynników, takich jak ich stan, wiek, rzadkosc oraz historyczne znaczenie. Na przyklad, paszport z okresu miedzywojennego nalezacy do znanej postaci historycznej moze osiagnac na aukcjach wysoka cene. Z kolei bilety z waznych wydarzen sportowych czy koncertów moga byc poszukiwane przez kolekcjonerów z calego swiata. \r\n \r\nWartosc dokumentów czesto wzrasta, gdy sa one zwiazane z waznymi momentami w historii, takimi jak wojny, rewolucje, czy zmiany polityczne. Na przyklad, dokumenty z czasów PRL-u, takie jak legitymacje partyjne czy przepustki graniczne, moga byc szczególnie cenione przez kolekcjonerów zainteresowanych historia Polski. \r\n \r\nczytaj dalej \r\n \r\nhttps://dyplomik.com/pl/', '2025-05-11 17:41:10', ''),
(501, 'Mike James Goossens\r\n', '82476777429', 'mike@monkeydigital.co', 'Hey, \r\n \r\nThis is Mike from Monkey Digital, \r\nI am reaching out regarding a great business deal. \r\n \r\nHow would you like to place our ads on your website and connect via your unique affiliate link towards hot-selling SEO solutions from our platform? \r\n \r\nThis way, you earn a 35% residual income, month after month from any purchases that generate from your audience. \r\n \r\nThink about it, most website owners need SEO, so this is a huge opportunity. \r\n \r\nWe already have 12k+ affiliates and our payments are paid out monthly. \r\nLast month, we distributed a significant amount in payouts to our promoters. \r\n \r\nIf interested, kindly chat with us here: \r\nhttps://monkeydigital.co/affiliates-whatsapp/ \r\n \r\nOr register today: \r\nhttps://www.monkeydigital.co/join-our-affiliate-program/ \r\n \r\nBest Regards, \r\nMike James Goossens\r\n \r\nPhone/whatsapp: +1 (775) 314-7914', '2025-05-13 13:18:03', ''),
(502, 'LarryFlota', '86114967735', 'socpeakbot@gmail.com', 'Are you looking to increase your visibility on Instagram, TikTok, or other platforms? \r\nWith Socpeak.fun, you can instantly boost your followers, likes, views, and more — safely and affordably. \r\nWhy choose Socpeak.fun? \r\n•	 Fast delivery \r\n•	 Real & organic-looking growth \r\n•	 Custom packages based on your goals \r\n•	 Trusted by influencers, brands & startups \r\n•	 Emails Campaign… and a lot more ! \r\nVisit us now: http://www.socpeak.fun/ \r\nStart building your audience today — and get noticed. \r\nGot questions or want a custom offer? \r\nJust email us at info@socpeak.net — and ask about your free welcome gift!', '2025-05-13 13:18:15', ''),
(503, 'RickyPrela', '88533645922', '1903hbp@azmail.fun', 'Check out the superb frightening teen porn pics on FREE on <a href=https://hairybeautypics.com/hairy-thai-pussy/>hairy Thai nude</a>. Unearth the hottest teens with whiskered pussy photos right now!', '2025-05-13 20:59:23', ''),
(504, 'RonaldSuifs', '88685918232', 'ronald@kodx.uk', '<>On our website, we furnish up to date and the a- IT solutions an eye to your vocation] <a href=https://kodx.uk/>kodx.uk</a>', '2025-05-14 03:36:20', ''),
(505, 'Virtswaro', '86117317144', 'hvznat@gmail.com', 'Looking to pungency up your conversations and total a elfin excitement to your online life? \r\nChatVirt.com is the perfect place to scrutinize your fantasies and rivet with like-minded people for befogged, real-time chats. Whether you\'re looking for come-hither about or affectionate conversations, ChatVirt.com offers a all right, discreet rostrum to indulge in thrilling sexting experiences. \r\n \r\n<img src=\"https://chatvirt.com/assets/files/groups/cover_pics/072024/7-gr-cXIB6n.jpg\"> \r\n \r\n<a href=https://chatvirt.com/russian/>виртуальный секс чат</a> \r\n<a href=https://chatvirt.com/gay/>gay chat</a> \r\n<a href=https://chatvirt.com/%E4%B8%AD%E5%9B%BD/>Mandarin virtual chat</a> \r\n<a href=https://chatvirt.com/Francais/>chat sexe francais</a> \r\n<a href=https://chatvirt.com/arab/>Arabic sex chat</a> \r\n<a href=https://chatvirt.com/Espanol/>Chat Erotico en Espanol</a> \r\n \r\nFind your tribe: Dive into LGBT chatrooms designed for open-minded connection and play. \r\nGo global: Connect in le francais, Chinese, Espanol, and Arabic chat spaces for multilingual thrills and cross-cultural encounters. \r\n \r\nWhy choose ChatVirt.com? \r\n \r\nAnonymity guaranteed: Your retirement is our precedence, so you can entice with confidence. \r\nUser-friendly stage: Easy-to-use interface in support of smooth, minute connections. \r\nInitialled experiences: Gossip with people who meet your interests and desires. \r\n \r\nLicense to your fantasies disappoint a amount to to get-up-and-go with ChatVirt.com. \r\nSolder together nowadays and joint into a time of passionate conversations! \r\n \r\nSite https://chatvirt.com/', '2025-05-15 14:49:50', ''),
(506, 'RonaldGew', '83447187443', 'xrumer23opips@gmail.com', 'The trounce porn pictures in town, fully to hand and primed to dazzle your conclude with a huge schedule of categories and wonderful action. Pardon porno photos online with high trait facsimile and a off the target lot of filters to for your tastes. Appreciate the multitude inseparable Hd porn picture galleries and glory in with a site that;s style atop any other alike resemble web place. A position which allows in toto completely access to gigabytes of porn pics and the potentiality to download them recompense free. Dangerous porno XXX gratis and anxious girls sex purport which will constitute you drool as you browse middle of the huge lists and categories. givinaue.dot \r\nhttps://usbf.us/director-greg-della-croce/#comment-947\r\nhttps://glitchzilla.com/2023/03/26/hello-world/#comment-15276\r\nhttps://hash.rfctools.com/haval128-3-hash-generator/YTo0OntzOjk6ImlucHV0ZGF0YSI7czo4NzU6IkFsbCB0aGUgdW5jbG90aGVkIHdvbWVuIGZsdWZmeSBraXR0eSB5b3UgZGVzaXJlISBTZWUgc2NvcmNoaW5nIGxhZGllcyBleHBvc2UgYW5kIHNjcmV3IGluIGEgaHVnZSBsaWJyYXJ5IG9mIGVsaXRlIG5vIGNoYXJnZSBzaGFnZ3kgZXhwbGljaXQgaW1hZ2VzIHBpY3R1cmVzIHRvIGlnbml0ZSB5b3VyIGJ1c2h5IGJlYXZlciB3aXNoZXMgW3VybD1odHRwczovL2hhaXJ5YmVhdXR5cGljcy5jb20vaGFpcnktcHVzc3ktcGljcy1mcm9tLWJlaGluZC9daGFpcnkgcHVzc3kgcGljcyBmcm9tIGJlaGluZFsvdXJsXS4gSGFpcnkgY29vY2hpZSBpbWFnZXMgd2l0aCBkYWlseSByZWZyZXNoZWQgb2YgY2hpY2tzIGFuZCBsYWRpZXMgZnVycnkgbGFkeSBiaXRzLiBDaGVjayBvdXQgdGhlIGhvdHRlc3QgZnVycnkgaG9tZS1tYWRlIGV4cGxpY2l0IGltYWdlcyBwaG90b2dyYXBocyBmb3IgZ3JhdGlzIFt1cmw9aHR0cHM6Ly9oYWlyeWJlYXV0eXBpY3MuY29tL2hhaXJ5LXRoYWktcHVzc3kvXXRoYWkgcHVzc3kgcGljWy91cmxdLiBGaW5kIHRoZSBob3R0ZXN0IG5vbi1wcm9mZXNzaW9uYWwgZmx1ZmZ5IHZhZ2luYSBwaG90b3MgdGhpcyBzZWNvbmQhIEhhaXJ5IHNuYXRjaCBwaG90b3Mgd2l0aCBodW5kcmVkcyBvZiBoaXJzdXRlIGhvdHRpZXMgaW4gb3VyIGh1Z2UgZnJlZSBzaGFnZ3kgYnVzaCBjYXRhbG9nLiBIYW5kLXNlbGVjdGVkIGFuZCBzb3J0ZWQgZmx1ZmZ5IHNuYXBzaG90cy4gDQpodHRwczovL2hhaXJ5YmVhdXR5cGljcy5jb20vZ2FsbGVyaWVzL2Vib255LXNleHktaGFpcnktcHVzc3ktcGljLmh0bWwNCmh0dHBzOi8vaGFpcnliZWF1dHlwaWNzLmNvbS9nYWxsZXJpZXMvaGFpcnktd2V0LXB1c3N5LWNoaW5lc2UtbWlsZi10YXd0YXcuaHRtbA0KIjtzOjEwOiJjdXN0b21maWxlIjtzOjA6IiI7czoyMToib3JnaW5hbF9jaGFyYWN0ZXJfc2V0IjtzOjY6IkNTVUNTNCI7czo2OiJzdWJtaXQiO3M6MDoiIjt9/\r\nhttp://grandinorodas.com.br/index.php/2015/07/conjur-olha-economico/?unapproved=295624&moderation-hash=02ade1a66b824c9e8986e75d55c22b0b#comment-295624\r\nhttps://wellfinity.uk/how-to-look-good-at-100\r\n', '2025-05-15 16:54:41', ''),
(507, 'Drywalloyk', '87393386645', 'ericpetersonpa@gmail.com', 'handwritten synonym', '2025-05-15 21:38:48', ''),
(508, 'Annotationskmh', '83775262823', 'jbumpr17@yahoo.com', 'number of surviving European', '2025-05-16 03:46:30', ''),
(509, 'WilliamZeD', '81289773493', 'xrumer23opips@gmail.com', 'Let me advertise you hurriedly about our site. At in front it may give every indication that this is another spot with grown up photos (joined of the many thousands of sites that Гугл search and other sites give out), aimed at endlessly displaying ads and annoying redirects, but this is not so. tr2.gov.com \r\n<a href=https://www.hortenzinka.cz/?unapproved=60011&moderation-hash=1339327e92fecba09b4c1913f59d9d94#comment-60011>naked hairy women pic</a> \r\n<a href=https://www.transportes6hermanos.com/>mature hairy pussy pictures</a> \r\n<a href=https://claytoramps.com/hello-world?unapproved=28628&moderation-hash=9dfe68903557692faed43387841f4ca6#comment-28628>hairy pussy from behind pics</a> \r\n<a href=https://videosift.com/login?return=https%3A%2F%2Fvideosift.com%2Fvidpost%3Fpostcontent%3DThe%2Bmost%2Bsuitable%2Bporn%2Bpictures%2Bin%2Bburgh%252C%2Bfully%2Bavailable%2Band%2Bready%2Bto%2Bfascinate%2Byour%2Binsight%2Bwith%2Ba%2Bhuge%2Blist%2Bof%2Bcategories%2Band%2Bwonderful%2Baction.%2BMunificent%2Bporno%2Bphotos%2Bonline%2Bwith%2Bintoxication%2Bproperty%2Bsymbol%2Band%2Ba%2Bafield%2Blot%2Bof%2Bfilters%2Bto%2Badapt%2Byour%2Btastes.%2BCharge%2Bout%2Bof%2Bthe%2Bmultitude%2Bunified%2BHd%2Bporn%2Bpersonification%2Bgalleries%2Band%2Bdelight%2Bwith%2Ba%2Bput%2Bthat%253Bs%2Bcourse%2Bof%2Baction%2Bover%2Bany%2Bother%2Bequivalent%2Bweb%2Bplace.%2BA%2Bposition%2Bwhich%2Ballows%2Bwell%2Bsupplied%2Baccess%2Bto%2Bgigabytes%2Bof%2Bporn%2Bpics%2Band%2Bthe%2Bpromise%2Bto%2Bdownload%2Bthem%2Bseeking%2Bfree.%2BImpetuous%2Bporno%2BXXX%2Bgratis%2Band%2Bwhite-hot%2Bgirls%2Bintimacy%2Bdelight%2Bwhich%2Bdesire%2Bmake%2Byou%2Bdrool%2Bas%2Byou%2Bthumb%2Bmiddle%2Bof%2Bthe%2Bmountainous%2Blists%2Band%2Bcategories.%2Bgivinaue.dot%2B%250D%250Ahttp%253A%252F%252Fwww7a.biglobe.ne.jp%252Fshibuki%252Fcgi-bin%252Fimgboard.cgi%250D%250Ahttps%253A%252F%252Fsvcontenedores.com%252F%250D%250Ahttps%253A%252F%252Fsemskratomem.cz%252Fproduct%252Fsuper-green%252F%253Funapproved%253D7153%2526moderation-hash%253D3c88fa45193c8147b2a4e72b37360f88%2523comment-7153%250D%250Ahttps%253A%252F%252Fwww.geffencareers.com%252Fcontact-us%252F%253Fcontact-form-id%253D23%2526contact-form-sent%253D10805%2526contact-form-hash%253Da5065f685d3c6e95bbfae2e740b80f1f4ae060b6%2526_wpnonce%253Ddc1cb5e53d%250D%250Ahttps%253A%252F%252Foileain.ie%252Feoi-mayo%252F%253Funapproved%253D15571%2526moderation-hash%253D4f4948f1cd53526c54fecdfbc8da4954%2523comment-15571%250D%250A%26vidtitle%3Dhairy%2Bthai%2Bporn%2Bpics%26submit%3DProceed%2Bwith%2BSubmission%2B%2526raquo%253B&postcontent=The+most+suitable+porn+pictures+in+burgh%2C+fully+available+and+ready+to+fascinate+your+insight+with+a+huge+list+of+categories+and+wonderful+action.+Munificent+porno+photos+online+with+intoxication+property+symbol+and+a+afield+lot+of+filters+to+adapt+your+tastes.+Charge+out+of+the+multitude+unified+Hd+porn+personification+galleries+and+delight+with+a+put+that%3Bs+course+of+action+over+any+other+equivalent+web+place.+A+position+which+allows+well+supplied+access+to+gigabytes+of+porn+pics+and+the+promise+to+download+them+seeking+free.+Impetuous+porno+XXX+gratis+and+white-hot+girls+intimacy+delight+which+desire+make+you+drool+as+you+thumb+middle+of+the+mountainous+lists+and+categories.+givinaue.dot+%0D%0Ahttp%3A%2F%2Fwww7a.biglobe.ne.jp%2Fshibuki%2Fcgi-bin%2Fimgboard.cgi%0D%0Ahttps%3A%2F%2Fsvcontenedores.com%2F%0D%0Ahttps%3A%2F%2Fsemskratomem.cz%2Fproduct%2Fsuper-green%2F%3Funapproved%3D7153%26moderation-hash%3D3c88fa45193c8147b2a4e72b37360f88%23comment-7153%0D%0Ahttps%3A%2F%2Fwww.geffencareers.com%2Fcontact-us%2F%3Fcontact-form-id%3D23%26contact-form-sent%3D10805%26contact-form-hash%3Da5065f685d3c6e95bbfae2e740b80f1f4ae060b6%26_wpnonce%3Ddc1cb5e53d%0D%0Ahttps%3A%2F%2Foileain.ie%2Feoi-mayo%2F%3Funapproved%3D15571%26moderation-hash%3D4f4948f1cd53526c54fecdfbc8da4954%23comment-15571%0D%0A&vidtitle=hairy+thai+porn+pics&submit=Proceed+with+Submission+%26raquo%3B&unauth=1>hairy pussy pawg pics</a> \r\n<a href=https://www.rssing.com/contact.php?r=o9&uname=RonaldDib&uemail=xrumer23Dor%40gmail.com&umsg=The+best+porn+pictures+in+community%2C+fully+handy+and+likely+to+mesmerize+your+insight+with+a+immense+schedule+of+categories+and+staggering+action.+Uncontrolled+porno+photos+online+with+high+characteristic+facsimile+and+a+wide+range+of+filters+to+suit+your+tastes.+Enjoy+the+edition+anyone+Hd+porn+spitting+image+galleries+and+delight+with+a+put+that%3Bs+way+over+any+other+alike+resemble+web+place.+A+site+which+allows+in+toto+completely+access+to+gigabytes+of+porn+pics+and+the+potentiality+to+download+them+for+free.+Sharp+porno+XXX+gratis+and+hot+girls+coupling+content+which+choice+constitute+you+drool+as+you+browse+sometimes+non-standard+due+to+the+mountainous+lists+and+categories.+givinaue.dot+%0D%0Ahttps%3A%2F%2Fmep.cc%2Fblog%2F1%2F%3Funapproved%3D5489%26moderation-hash%3Df45d9e9bd121d06b58271625619b8a4e%23comment-5489%0D%0Ahttps%3A%2F%2Fthecnogas.com%2Flocalizacion%2F%3Fcontact-form-id%3D27%26contact-form-sent%3D7180%26contact-form-hash%3Dcf9041130d7d26696c9fbf4166a2b612f4ea9d0f%26_wpnonce%3D3ab607b8b5%0D%0Ahttps%3A%2F%2Fwww.boom247.ro%2F796-zodiac-balanta%2F%3Funapproved%3D20053%26moderation-hash%3D67d2ada25f174b33940d201491520021%23comment-20053%0D%0Ahttps%3A%2F%2Fwww.propals.io%2Fen%2Fcontact%3Femail%3D1903hbp%2540azmail.fun%26message%3DAll%2Bthe%2Bunclothed%2Bchicks%2Bbushy%2Bbeaver%2Byou%2Bwant%2521%2BSee%2Bscorching%2Bfemales%2Bdisplay%2Band%2Bbang%2Bin%2Ba%2Bhuge%2Blibrary%2Bof%2Belite%2Bno%2Bcharge%2Bshaggy%2BXXX%2Bphotos%2Bto%2Bboost%2Byour%2Bbushy%2Bbeaver%2Bvisions%2B%253Ca%2Bhref%253Dhttps%253A%252F%252Fhairybeautypics.com%252Fgalleries%252Fnaked-pictures-of-hairy-women.html%253Enaked%2Bpictures%2Bof%2Bhairy%2Bwomen%253C%252Fa%253E.%2BHairy%2Bbeaver%2Bimages%2Bwith%2Bdaily%2Brevised%2Bof%2Bhoneys%2Band%2Bchicks%2Bshaggy%2Bprivate%2Bparts.%2BCheck%2Bout%2Bthe%2Bfinest%2Bhirsute%2Bnon-professional%2Berotica%2Bimages%2Bfor%2Bcost-free%2B%253Ca%2Bhref%253Dhttps%253A%252F%252Fhairybeautypics.com%252Fgalleries%252Fhairy-porn-picture.html%253Ehairy%2Bporn%2Bimages%253C%252Fa%253E.%2BFind%2Bthe%2Bhottest%2Bbeginner%2Bhirsute%2Bvagina%2Bphotos%2Binstantly%2521%2BHairy%2Bkitty%2Bpictures%2Bwith%2Bhundreds%2Bof%2Bhirsute%2Bhotties%2Bin%2Bour%2Bhuge%2Bfree%2Bbushy%2Bbush%2Bassortment.%2BHand-selected%2Band%2Barranged%2Bhirsute%2Bphotos.%2B%250D%250Ahttps%253A%252F%252Fhairybeautypics.com%252Fgalleries%252Fblack-fat-hairy-pussy-porn.html%250D%250Ahttps%253A%252F%252Fhairybeautypics.com%252Fgalleries%252Fblack-pussy-vs-man.html%250D%250A%26name%3DRickyPiock%26subject%3Dnude%2Bhairy%2Bbrunette%2Bwomen%0D%0Ahttp%3A%2F%2Fslidecamp.com%2F2011%2F09%2Fgeometer-jonwayne-remix%2F%3Funapproved%3D669227%26moderation-hash%3D886afa71e7a007ccbc866ffbd7cdee3e%23comment-669227%0D%0A>hairy beauties porn pics</a> \r\n<a href=https://expertmoversuae.com/benefits-of-hiring-professional-movers/?unapproved=5350&moderation-hash=d99a250894b0ec5a88c91b70cb13a7cb#comment-5350>nude women hairy pics</a> \r\n<a href=https://robinwright.org.es/magazinecovers/?unapproved=10877&moderation-hash=325fea052778099e4810c6b71ba61e76#comment-10877>red hairy pussy pics</a> \r\n<a href=https://www.rssing.com/contact.php?r=o9&uname=Ronaldseatt&uemail=xrumer23Cer%40gmail.com&umsg=The+best+porn+pictures+in+town%2C+fully+to+hand+and+liable+to+dazzle+your+insight+with+a+titanic+rota+of+categories+and+amazing+action.+Free+porno+photos+online+with+high+trait+image+and+a+afield+variety+of+filters+to+suit+your+tastes.+Charge+out+of+the+compute+unified+Hd+porn+spitting+image+galleries+and+glory+in+with+a+situate+that%3Bs+way+over+any+other+equivalent+%D0%B8%D0%BD%D1%82%D0%B5%D1%80%D0%BD%D0%B5%D1%82+place.+A+purlieus+which+allows+plenary+access+to+gigabytes+of+porn+pics+and+the+promise+to+download+them+notwithstanding+free.+Sharp+porno+XXX+gratis+and+hot+girls+intimacy+content+which+will+cause+you+drool+as+you+browse+through+the+huge+lists+and+categories.+givinaue.dot+%0D%0Ahttp%3A%2F%2Fkatzpilates.com%2Fnew-beginners-class-in-hackney-downs-studios%2F%3Funapproved%3D301519%26moderation-hash%3D3228acbc597775e4ea902c0fd67e8f80%23comment-301519%0D%0Ahttps%3A%2F%2Fblogamente.it%2Findex.php%2F2022%2F10%2F03%2Fgli-ortolani-il-ritorno%2F%23comment-11265%0D%0Ahttps%3A%2F%2Fhulstalondon.co.uk%2Fmattress-buying-guide%2F%3Funapproved%3D17920%26moderation-hash%3Db42a415c2cda85cfb8c490bc115c7634%23comment-17920%0D%0Ahttp%3A%2F%2Fliaj063.is-programmer.com%2Fguestbook%2F%0D%0Ahttps%3A%2F%2Fsifisopublishers.africa%2Fproduct%2Fequal-but-different-dr-judy-dlamini%2F%3Funapproved%3D28980%26moderation-hash%3Ddc31c73e01ba4763ce95b1412294cc7d%23comment-28980%0D%0A>ebony hairy pussy photos</a> \r\n<a href=http://store232.com/contact/?contact-form-id=21&contact-form-sent=3911&contact-form-hash=42a8387f09360eca0e42a447e69b812da88e9a5c&_wpnonce=40db048148>hairy blonde pussy porn pics</a> \r\n<a href=https://muswada-sa.com/contact/?contact-form-id=14&contact-form-sent=1229&contact-form-hash=d14ed510333bf5e3482dd585edd3566f6cabfbff&_wpnonce=6bf384aeb0>beauty hairy pussy</a>', '2025-05-16 16:44:11', '');

-- --------------------------------------------------------

--
-- Table structure for table `tbl_inspection_dtl`
--

CREATE TABLE `tbl_inspection_dtl` (
  `InspectionDtlID` bigint NOT NULL,
  `InspectionHdrID` bigint NOT NULL,
  `CheckListParamID` int NOT NULL,
  `CheckListParamValue` varchar(50) CHARACTER SET utf8mb3 COLLATE utf8mb3_unicode_ci NOT NULL,
  `Remarks` varchar(2000) CHARACTER SET utf8mb3 COLLATE utf8mb3_unicode_ci NOT NULL,
  `CreatedBy` varchar(30) CHARACTER SET utf8mb3 COLLATE utf8mb3_unicode_ci NOT NULL,
  `CreatedOn` datetime NOT NULL DEFAULT CURRENT_TIMESTAMP,
  `ModifiedBy` varchar(30) CHARACTER SET utf8mb3 COLLATE utf8mb3_unicode_ci NOT NULL,
  `ModifiedOn` datetime NOT NULL DEFAULT CURRENT_TIMESTAMP
) ENGINE=InnoDB DEFAULT CHARSET=utf8mb3 COLLATE=utf8mb3_unicode_ci;

--
-- Dumping data for table `tbl_inspection_dtl`
--

INSERT INTO `tbl_inspection_dtl` (`InspectionDtlID`, `InspectionHdrID`, `CheckListParamID`, `CheckListParamValue`, `Remarks`, `CreatedBy`, `CreatedOn`, `ModifiedBy`, `ModifiedOn`) VALUES
(1, 1, 1, '45612', '', '42', '2023-08-14 22:49:41', '42', '2023-08-14 22:49:41'),
(2, 1, 2, '1', '', '42', '2023-08-14 22:49:41', '42', '2023-08-14 22:49:41'),
(3, 1, 3, '0', 'very dust', '42', '2023-08-14 22:49:41', '42', '2023-08-14 22:49:41'),
(4, 1, 4, '1', '', '42', '2023-08-14 22:49:41', '42', '2023-08-14 22:49:41'),
(5, 1, 5, '0', 'one broken', '42', '2023-08-14 22:49:41', '42', '2023-08-14 22:49:41'),
(6, 1, 6, '1', '', '42', '2023-08-14 22:49:41', '42', '2023-08-14 22:49:41'),
(7, 1, 7, '1', '', '42', '2023-08-14 22:49:41', '42', '2023-08-14 22:49:41'),
(8, 1, 8, '1', '', '42', '2023-08-14 22:49:41', '42', '2023-08-14 22:49:41'),
(9, 1, 9, '1', '', '42', '2023-08-14 22:49:41', '42', '2023-08-14 22:49:41'),
(10, 1, 10, '1', '', '42', '2023-08-14 22:49:41', '42', '2023-08-14 22:49:41'),
(11, 1, 11, '1', '', '42', '2023-08-14 22:49:41', '42', '2023-08-14 22:49:41'),
(12, 1, 12, '0', 'its not working', '42', '2023-08-14 22:49:41', '42', '2023-08-14 22:49:41'),
(13, 1, 13, '1', '', '42', '2023-08-14 22:49:41', '42', '2023-08-14 22:49:41'),
(14, 1, 14, '1', '', '42', '2023-08-14 22:49:41', '42', '2023-08-14 22:49:41'),
(15, 1, 15, '1', '', '42', '2023-08-14 22:49:41', '42', '2023-08-14 22:49:41'),
(16, 1, 16, '1', '', '42', '2023-08-14 22:49:41', '42', '2023-08-14 22:49:41'),
(17, 1, 17, '1', '', '42', '2023-08-14 22:49:41', '42', '2023-08-14 22:49:41'),
(18, 1, 18, '1', '', '42', '2023-08-14 22:49:41', '42', '2023-08-14 22:49:41'),
(19, 1, 19, '1', '', '42', '2023-08-14 22:49:41', '42', '2023-08-14 22:49:41'),
(20, 1, 20, '1', '', '42', '2023-08-14 22:49:41', '42', '2023-08-14 22:49:41'),
(21, 1, 21, '', '', '42', '2023-08-14 22:49:41', '42', '2023-08-14 22:49:41'),
(22, 1, 24, '', '', '42', '2023-08-14 22:49:41', '42', '2023-08-14 22:49:41'),
(23, 1, 22, '', '', '42', '2023-08-14 22:49:41', '42', '2023-08-14 22:49:41'),
(24, 1, 23, '', '', '42', '2023-08-14 22:49:41', '42', '2023-08-14 22:49:41'),
(25, 2, 1, '45612', '', '42', '2023-08-14 22:50:22', '42', '2023-08-14 22:50:22'),
(26, 2, 2, '1', '', '42', '2023-08-14 22:50:22', '42', '2023-08-14 22:50:22'),
(27, 2, 3, '0', 'very dust', '42', '2023-08-14 22:50:22', '42', '2023-08-14 22:50:22'),
(28, 2, 4, '1', '', '42', '2023-08-14 22:50:22', '42', '2023-08-14 22:50:22'),
(29, 2, 5, '0', 'one broken', '42', '2023-08-14 22:50:22', '42', '2023-08-14 22:50:22'),
(30, 2, 6, '1', '', '42', '2023-08-14 22:50:22', '42', '2023-08-14 22:50:22'),
(31, 2, 7, '1', '', '42', '2023-08-14 22:50:22', '42', '2023-08-14 22:50:22'),
(32, 2, 8, '1', '', '42', '2023-08-14 22:50:22', '42', '2023-08-14 22:50:22'),
(33, 2, 9, '1', '', '42', '2023-08-14 22:50:22', '42', '2023-08-14 22:50:22'),
(34, 2, 10, '1', '', '42', '2023-08-14 22:50:22', '42', '2023-08-14 22:50:22'),
(35, 2, 11, '1', '', '42', '2023-08-14 22:50:22', '42', '2023-08-14 22:50:22'),
(36, 2, 12, '0', 'its not working', '42', '2023-08-14 22:50:22', '42', '2023-08-14 22:50:22'),
(37, 2, 13, '1', '', '42', '2023-08-14 22:50:22', '42', '2023-08-14 22:50:22'),
(38, 2, 14, '1', '', '42', '2023-08-14 22:50:22', '42', '2023-08-14 22:50:22'),
(39, 2, 15, '1', '', '42', '2023-08-14 22:50:22', '42', '2023-08-14 22:50:22'),
(40, 2, 16, '1', '', '42', '2023-08-14 22:50:22', '42', '2023-08-14 22:50:22'),
(41, 2, 17, '1', '', '42', '2023-08-14 22:50:22', '42', '2023-08-14 22:50:22'),
(42, 2, 18, '1', '', '42', '2023-08-14 22:50:22', '42', '2023-08-14 22:50:22'),
(43, 2, 19, '1', '', '42', '2023-08-14 22:50:22', '42', '2023-08-14 22:50:22'),
(44, 2, 20, '1', '', '42', '2023-08-14 22:50:22', '42', '2023-08-14 22:50:22'),
(45, 2, 21, '', '', '42', '2023-08-14 22:50:22', '42', '2023-08-14 22:50:22'),
(46, 2, 24, '', '', '42', '2023-08-14 22:50:22', '42', '2023-08-14 22:50:22'),
(47, 2, 22, '', '', '42', '2023-08-14 22:50:22', '42', '2023-08-14 22:50:22'),
(48, 2, 23, '', '', '42', '2023-08-14 22:50:22', '42', '2023-08-14 22:50:22'),
(49, 3, 1, '1', '1', '39', '2023-08-15 12:18:15', '39', '2023-08-15 12:18:15'),
(50, 3, 2, '1', '1', '39', '2023-08-15 12:18:15', '39', '2023-08-15 12:18:15'),
(51, 3, 3, '1', '', '39', '2023-08-15 12:18:15', '39', '2023-08-15 12:18:15'),
(52, 3, 4, '1', '', '39', '2023-08-15 12:18:15', '39', '2023-08-15 12:18:15'),
(53, 3, 5, '1', '', '39', '2023-08-15 12:18:15', '39', '2023-08-15 12:18:15'),
(54, 3, 6, '1', '', '39', '2023-08-15 12:18:15', '39', '2023-08-15 12:18:15'),
(55, 3, 7, '1', '', '39', '2023-08-15 12:18:15', '39', '2023-08-15 12:18:15'),
(56, 3, 8, '1', '1', '39', '2023-08-15 12:18:15', '39', '2023-08-15 12:18:15'),
(57, 3, 9, '1', '', '39', '2023-08-15 12:18:15', '39', '2023-08-15 12:18:15'),
(58, 3, 10, '1', '', '39', '2023-08-15 12:18:15', '39', '2023-08-15 12:18:15'),
(59, 3, 11, '1', '', '39', '2023-08-15 12:18:15', '39', '2023-08-15 12:18:15'),
(60, 3, 12, '1', '1', '39', '2023-08-15 12:18:15', '39', '2023-08-15 12:18:15'),
(61, 3, 13, '1', '', '39', '2023-08-15 12:18:15', '39', '2023-08-15 12:18:15'),
(62, 3, 14, '1', '', '39', '2023-08-15 12:18:15', '39', '2023-08-15 12:18:15'),
(63, 3, 15, '1', '', '39', '2023-08-15 12:18:15', '39', '2023-08-15 12:18:15'),
(64, 3, 16, '1', '', '39', '2023-08-15 12:18:15', '39', '2023-08-15 12:18:15'),
(65, 3, 17, '1', '', '39', '2023-08-15 12:18:15', '39', '2023-08-15 12:18:15'),
(66, 3, 18, '1', '', '39', '2023-08-15 12:18:15', '39', '2023-08-15 12:18:15'),
(67, 3, 19, '1', '', '39', '2023-08-15 12:18:15', '39', '2023-08-15 12:18:15'),
(68, 3, 20, '1', '', '39', '2023-08-15 12:18:15', '39', '2023-08-15 12:18:15'),
(69, 3, 21, '', '', '39', '2023-08-15 12:18:15', '39', '2023-08-15 12:18:15'),
(70, 3, 24, '', '', '39', '2023-08-15 12:18:15', '39', '2023-08-15 12:18:15'),
(71, 3, 22, '', '', '39', '2023-08-15 12:18:15', '39', '2023-08-15 12:18:15'),
(72, 3, 23, '', '', '39', '2023-08-15 12:18:15', '39', '2023-08-15 12:18:15'),
(73, 4, 1, '1', '1', '39', '2023-08-15 12:19:12', '39', '2023-08-15 12:19:12'),
(74, 4, 2, '1', '', '39', '2023-08-15 12:19:12', '39', '2023-08-15 12:19:12'),
(75, 4, 3, '1', '', '39', '2023-08-15 12:19:12', '39', '2023-08-15 12:19:12'),
(76, 4, 4, '1', '', '39', '2023-08-15 12:19:12', '39', '2023-08-15 12:19:12'),
(77, 4, 5, '1', '', '39', '2023-08-15 12:19:12', '39', '2023-08-15 12:19:12'),
(78, 4, 6, '1', '', '39', '2023-08-15 12:19:12', '39', '2023-08-15 12:19:12'),
(79, 4, 7, '1', '', '39', '2023-08-15 12:19:12', '39', '2023-08-15 12:19:12'),
(80, 4, 8, '1', '', '39', '2023-08-15 12:19:12', '39', '2023-08-15 12:19:12'),
(81, 4, 9, '1', '', '39', '2023-08-15 12:19:12', '39', '2023-08-15 12:19:12'),
(82, 4, 10, '1', '', '39', '2023-08-15 12:19:12', '39', '2023-08-15 12:19:12'),
(83, 4, 11, '1', '', '39', '2023-08-15 12:19:12', '39', '2023-08-15 12:19:12'),
(84, 4, 12, '1', '', '39', '2023-08-15 12:19:12', '39', '2023-08-15 12:19:12'),
(85, 4, 13, '1', '', '39', '2023-08-15 12:19:12', '39', '2023-08-15 12:19:12'),
(86, 4, 14, '1', '', '39', '2023-08-15 12:19:12', '39', '2023-08-15 12:19:12'),
(87, 4, 15, '1', '', '39', '2023-08-15 12:19:12', '39', '2023-08-15 12:19:12'),
(88, 4, 16, '1', '', '39', '2023-08-15 12:19:12', '39', '2023-08-15 12:19:12'),
(89, 4, 17, '1', '', '39', '2023-08-15 12:19:12', '39', '2023-08-15 12:19:12'),
(90, 4, 18, '1', '', '39', '2023-08-15 12:19:12', '39', '2023-08-15 12:19:12'),
(91, 4, 19, '1', '', '39', '2023-08-15 12:19:12', '39', '2023-08-15 12:19:12'),
(92, 4, 20, '1', '', '39', '2023-08-15 12:19:12', '39', '2023-08-15 12:19:12'),
(93, 4, 21, '', '', '39', '2023-08-15 12:19:12', '39', '2023-08-15 12:19:12'),
(94, 4, 24, '', '', '39', '2023-08-15 12:19:12', '39', '2023-08-15 12:19:12'),
(95, 4, 22, '', '', '39', '2023-08-15 12:19:12', '39', '2023-08-15 12:19:12'),
(96, 4, 23, '', '', '39', '2023-08-15 12:19:12', '39', '2023-08-15 12:19:12'),
(97, 5, 1, '1', '1', '39', '2023-08-15 12:23:11', '39', '2023-08-15 12:23:11'),
(98, 5, 2, '1', '', '39', '2023-08-15 12:23:11', '39', '2023-08-15 12:23:11'),
(99, 5, 3, '1', '', '39', '2023-08-15 12:23:11', '39', '2023-08-15 12:23:11'),
(100, 5, 4, '1', '', '39', '2023-08-15 12:23:11', '39', '2023-08-15 12:23:11'),
(101, 5, 5, '1', '', '39', '2023-08-15 12:23:11', '39', '2023-08-15 12:23:11'),
(102, 5, 6, '1', '', '39', '2023-08-15 12:23:11', '39', '2023-08-15 12:23:11'),
(103, 5, 7, '1', '', '39', '2023-08-15 12:23:11', '39', '2023-08-15 12:23:11'),
(104, 5, 8, '1', '', '39', '2023-08-15 12:23:11', '39', '2023-08-15 12:23:11'),
(105, 5, 9, '1', '', '39', '2023-08-15 12:23:11', '39', '2023-08-15 12:23:11'),
(106, 5, 10, '1', '', '39', '2023-08-15 12:23:11', '39', '2023-08-15 12:23:11'),
(107, 5, 11, '1', '', '39', '2023-08-15 12:23:11', '39', '2023-08-15 12:23:11'),
(108, 5, 12, '1', '', '39', '2023-08-15 12:23:11', '39', '2023-08-15 12:23:11'),
(109, 5, 13, '1', '', '39', '2023-08-15 12:23:11', '39', '2023-08-15 12:23:11'),
(110, 5, 14, '1', '', '39', '2023-08-15 12:23:11', '39', '2023-08-15 12:23:11'),
(111, 5, 15, '1', '', '39', '2023-08-15 12:23:11', '39', '2023-08-15 12:23:11'),
(112, 5, 16, '1', '', '39', '2023-08-15 12:23:11', '39', '2023-08-15 12:23:11'),
(113, 5, 17, '1', '', '39', '2023-08-15 12:23:11', '39', '2023-08-15 12:23:11'),
(114, 5, 18, '1', '', '39', '2023-08-15 12:23:11', '39', '2023-08-15 12:23:11'),
(115, 5, 19, '1', '', '39', '2023-08-15 12:23:11', '39', '2023-08-15 12:23:11'),
(116, 5, 20, '1', '', '39', '2023-08-15 12:23:11', '39', '2023-08-15 12:23:11'),
(117, 5, 21, '', '', '39', '2023-08-15 12:23:11', '39', '2023-08-15 12:23:11'),
(118, 5, 24, '', '', '39', '2023-08-15 12:23:11', '39', '2023-08-15 12:23:11'),
(119, 5, 22, '', '', '39', '2023-08-15 12:23:11', '39', '2023-08-15 12:23:11'),
(120, 5, 23, '', '', '39', '2023-08-15 12:23:11', '39', '2023-08-15 12:23:11'),
(121, 6, 1, '1', '1', '39', '2023-08-15 12:23:28', '39', '2023-08-15 12:23:28'),
(122, 6, 2, '1', '', '39', '2023-08-15 12:23:28', '39', '2023-08-15 12:23:28'),
(123, 6, 3, '1', '', '39', '2023-08-15 12:23:28', '39', '2023-08-15 12:23:28'),
(124, 6, 4, '1', '', '39', '2023-08-15 12:23:28', '39', '2023-08-15 12:23:28'),
(125, 6, 5, '1', '', '39', '2023-08-15 12:23:28', '39', '2023-08-15 12:23:28'),
(126, 6, 6, '1', '', '39', '2023-08-15 12:23:28', '39', '2023-08-15 12:23:28'),
(127, 6, 7, '1', '', '39', '2023-08-15 12:23:28', '39', '2023-08-15 12:23:28'),
(128, 6, 8, '1', '', '39', '2023-08-15 12:23:28', '39', '2023-08-15 12:23:28'),
(129, 6, 9, '1', '', '39', '2023-08-15 12:23:28', '39', '2023-08-15 12:23:28'),
(130, 6, 10, '1', '', '39', '2023-08-15 12:23:28', '39', '2023-08-15 12:23:28'),
(131, 6, 11, '1', '', '39', '2023-08-15 12:23:28', '39', '2023-08-15 12:23:28'),
(132, 6, 12, '1', '', '39', '2023-08-15 12:23:28', '39', '2023-08-15 12:23:28'),
(133, 6, 13, '1', '', '39', '2023-08-15 12:23:28', '39', '2023-08-15 12:23:28'),
(134, 6, 14, '1', '', '39', '2023-08-15 12:23:28', '39', '2023-08-15 12:23:28'),
(135, 6, 15, '1', '', '39', '2023-08-15 12:23:28', '39', '2023-08-15 12:23:28'),
(136, 6, 16, '1', '', '39', '2023-08-15 12:23:28', '39', '2023-08-15 12:23:28'),
(137, 6, 17, '1', '', '39', '2023-08-15 12:23:28', '39', '2023-08-15 12:23:28'),
(138, 6, 18, '1', '', '39', '2023-08-15 12:23:28', '39', '2023-08-15 12:23:28'),
(139, 6, 19, '1', '', '39', '2023-08-15 12:23:28', '39', '2023-08-15 12:23:28'),
(140, 6, 20, '1', '', '39', '2023-08-15 12:23:28', '39', '2023-08-15 12:23:28'),
(141, 6, 21, '', '', '39', '2023-08-15 12:23:28', '39', '2023-08-15 12:23:28'),
(142, 6, 24, '', '', '39', '2023-08-15 12:23:28', '39', '2023-08-15 12:23:28'),
(143, 6, 22, '', '', '39', '2023-08-15 12:23:28', '39', '2023-08-15 12:23:28'),
(144, 6, 23, '', '', '39', '2023-08-15 12:23:28', '39', '2023-08-15 12:23:28'),
(145, 7, 1, '1', '1', '39', '2023-08-15 12:23:38', '39', '2023-08-15 12:23:38'),
(146, 7, 2, '1', '', '39', '2023-08-15 12:23:38', '39', '2023-08-15 12:23:38'),
(147, 7, 3, '1', '', '39', '2023-08-15 12:23:38', '39', '2023-08-15 12:23:38'),
(148, 7, 4, '1', '', '39', '2023-08-15 12:23:38', '39', '2023-08-15 12:23:38'),
(149, 7, 5, '1', '', '39', '2023-08-15 12:23:38', '39', '2023-08-15 12:23:38'),
(150, 7, 6, '1', '', '39', '2023-08-15 12:23:38', '39', '2023-08-15 12:23:38'),
(151, 7, 7, '1', '', '39', '2023-08-15 12:23:38', '39', '2023-08-15 12:23:38'),
(152, 7, 8, '1', '', '39', '2023-08-15 12:23:38', '39', '2023-08-15 12:23:38'),
(153, 7, 9, '1', '', '39', '2023-08-15 12:23:38', '39', '2023-08-15 12:23:38'),
(154, 7, 10, '1', '', '39', '2023-08-15 12:23:38', '39', '2023-08-15 12:23:38'),
(155, 7, 11, '1', '', '39', '2023-08-15 12:23:38', '39', '2023-08-15 12:23:38'),
(156, 7, 12, '1', '', '39', '2023-08-15 12:23:38', '39', '2023-08-15 12:23:38'),
(157, 7, 13, '1', '', '39', '2023-08-15 12:23:38', '39', '2023-08-15 12:23:38'),
(158, 7, 14, '1', '', '39', '2023-08-15 12:23:38', '39', '2023-08-15 12:23:38'),
(159, 7, 15, '1', '', '39', '2023-08-15 12:23:38', '39', '2023-08-15 12:23:38'),
(160, 7, 16, '1', '', '39', '2023-08-15 12:23:38', '39', '2023-08-15 12:23:38'),
(161, 7, 17, '1', '', '39', '2023-08-15 12:23:38', '39', '2023-08-15 12:23:38'),
(162, 7, 18, '1', '', '39', '2023-08-15 12:23:38', '39', '2023-08-15 12:23:38'),
(163, 7, 19, '1', '', '39', '2023-08-15 12:23:38', '39', '2023-08-15 12:23:38'),
(164, 7, 20, '1', '', '39', '2023-08-15 12:23:38', '39', '2023-08-15 12:23:38'),
(165, 7, 21, '', '', '39', '2023-08-15 12:23:38', '39', '2023-08-15 12:23:38'),
(166, 7, 24, '', '', '39', '2023-08-15 12:23:38', '39', '2023-08-15 12:23:38'),
(167, 7, 22, '', '', '39', '2023-08-15 12:23:38', '39', '2023-08-15 12:23:38'),
(168, 7, 23, '', '', '39', '2023-08-15 12:23:38', '39', '2023-08-15 12:23:38'),
(169, 8, 1, '1', '1', '39', '2023-08-15 12:23:49', '39', '2023-08-15 12:23:49'),
(170, 8, 2, '1', '', '39', '2023-08-15 12:23:49', '39', '2023-08-15 12:23:49'),
(171, 8, 3, '1', '', '39', '2023-08-15 12:23:49', '39', '2023-08-15 12:23:49'),
(172, 8, 4, '1', '', '39', '2023-08-15 12:23:49', '39', '2023-08-15 12:23:49'),
(173, 8, 5, '1', '', '39', '2023-08-15 12:23:49', '39', '2023-08-15 12:23:49'),
(174, 8, 6, '1', '', '39', '2023-08-15 12:23:49', '39', '2023-08-15 12:23:49'),
(175, 8, 7, '1', '', '39', '2023-08-15 12:23:49', '39', '2023-08-15 12:23:49'),
(176, 8, 8, '1', '', '39', '2023-08-15 12:23:49', '39', '2023-08-15 12:23:49'),
(177, 8, 9, '1', '', '39', '2023-08-15 12:23:49', '39', '2023-08-15 12:23:49'),
(178, 8, 10, '1', '', '39', '2023-08-15 12:23:49', '39', '2023-08-15 12:23:49'),
(179, 8, 11, '1', '', '39', '2023-08-15 12:23:49', '39', '2023-08-15 12:23:49'),
(180, 8, 12, '1', '', '39', '2023-08-15 12:23:49', '39', '2023-08-15 12:23:49'),
(181, 8, 13, '1', '', '39', '2023-08-15 12:23:49', '39', '2023-08-15 12:23:49'),
(182, 8, 14, '1', '', '39', '2023-08-15 12:23:49', '39', '2023-08-15 12:23:49'),
(183, 8, 15, '1', '', '39', '2023-08-15 12:23:49', '39', '2023-08-15 12:23:49'),
(184, 8, 16, '1', '', '39', '2023-08-15 12:23:49', '39', '2023-08-15 12:23:49'),
(185, 8, 17, '1', '', '39', '2023-08-15 12:23:49', '39', '2023-08-15 12:23:49'),
(186, 8, 18, '1', '', '39', '2023-08-15 12:23:49', '39', '2023-08-15 12:23:49'),
(187, 8, 19, '1', '', '39', '2023-08-15 12:23:49', '39', '2023-08-15 12:23:49'),
(188, 8, 20, '1', '', '39', '2023-08-15 12:23:49', '39', '2023-08-15 12:23:49'),
(189, 8, 21, '', '', '39', '2023-08-15 12:23:49', '39', '2023-08-15 12:23:49'),
(190, 8, 24, '', '', '39', '2023-08-15 12:23:49', '39', '2023-08-15 12:23:49'),
(191, 8, 22, '', '', '39', '2023-08-15 12:23:49', '39', '2023-08-15 12:23:49'),
(192, 8, 23, '', '', '39', '2023-08-15 12:23:49', '39', '2023-08-15 12:23:49'),
(193, 9, 1, '1', '1', '39', '2023-08-15 12:24:03', '39', '2023-08-15 12:24:03'),
(194, 9, 2, '1', '', '39', '2023-08-15 12:24:03', '39', '2023-08-15 12:24:03'),
(195, 9, 3, '1', '', '39', '2023-08-15 12:24:03', '39', '2023-08-15 12:24:03'),
(196, 9, 4, '1', '', '39', '2023-08-15 12:24:03', '39', '2023-08-15 12:24:03'),
(197, 9, 5, '1', '', '39', '2023-08-15 12:24:03', '39', '2023-08-15 12:24:03'),
(198, 9, 6, '1', '', '39', '2023-08-15 12:24:03', '39', '2023-08-15 12:24:03'),
(199, 9, 7, '1', '', '39', '2023-08-15 12:24:03', '39', '2023-08-15 12:24:03'),
(200, 9, 8, '1', '', '39', '2023-08-15 12:24:03', '39', '2023-08-15 12:24:03'),
(201, 9, 9, '1', '', '39', '2023-08-15 12:24:03', '39', '2023-08-15 12:24:03'),
(202, 9, 10, '1', '', '39', '2023-08-15 12:24:03', '39', '2023-08-15 12:24:03'),
(203, 9, 11, '1', '', '39', '2023-08-15 12:24:03', '39', '2023-08-15 12:24:03'),
(204, 9, 12, '1', '', '39', '2023-08-15 12:24:03', '39', '2023-08-15 12:24:03'),
(205, 9, 13, '1', '', '39', '2023-08-15 12:24:03', '39', '2023-08-15 12:24:03'),
(206, 9, 14, '1', '', '39', '2023-08-15 12:24:03', '39', '2023-08-15 12:24:03'),
(207, 9, 15, '1', '', '39', '2023-08-15 12:24:03', '39', '2023-08-15 12:24:03'),
(208, 9, 16, '1', '', '39', '2023-08-15 12:24:03', '39', '2023-08-15 12:24:03'),
(209, 9, 17, '1', '', '39', '2023-08-15 12:24:03', '39', '2023-08-15 12:24:03'),
(210, 9, 18, '1', '', '39', '2023-08-15 12:24:03', '39', '2023-08-15 12:24:03'),
(211, 9, 19, '1', '', '39', '2023-08-15 12:24:03', '39', '2023-08-15 12:24:03'),
(212, 9, 20, '1', '', '39', '2023-08-15 12:24:03', '39', '2023-08-15 12:24:03'),
(213, 9, 21, '', '', '39', '2023-08-15 12:24:03', '39', '2023-08-15 12:24:03'),
(214, 9, 24, '', '', '39', '2023-08-15 12:24:03', '39', '2023-08-15 12:24:03'),
(215, 9, 22, '', '', '39', '2023-08-15 12:24:03', '39', '2023-08-15 12:24:03'),
(216, 9, 23, '', '', '39', '2023-08-15 12:24:03', '39', '2023-08-15 12:24:03'),
(217, 10, 1, '1', '1', '39', '2023-08-15 12:24:21', '39', '2023-08-15 12:24:21'),
(218, 10, 2, '1', '', '39', '2023-08-15 12:24:21', '39', '2023-08-15 12:24:21'),
(219, 10, 3, '1', '', '39', '2023-08-15 12:24:21', '39', '2023-08-15 12:24:21'),
(220, 10, 4, '1', '', '39', '2023-08-15 12:24:21', '39', '2023-08-15 12:24:21'),
(221, 10, 5, '1', '', '39', '2023-08-15 12:24:21', '39', '2023-08-15 12:24:21'),
(222, 10, 6, '1', '', '39', '2023-08-15 12:24:21', '39', '2023-08-15 12:24:21'),
(223, 10, 7, '1', '', '39', '2023-08-15 12:24:21', '39', '2023-08-15 12:24:21'),
(224, 10, 8, '1', '', '39', '2023-08-15 12:24:21', '39', '2023-08-15 12:24:21'),
(225, 10, 9, '1', '', '39', '2023-08-15 12:24:21', '39', '2023-08-15 12:24:21'),
(226, 10, 10, '1', '', '39', '2023-08-15 12:24:21', '39', '2023-08-15 12:24:21'),
(227, 10, 11, '1', '', '39', '2023-08-15 12:24:21', '39', '2023-08-15 12:24:21'),
(228, 10, 12, '1', '', '39', '2023-08-15 12:24:21', '39', '2023-08-15 12:24:21'),
(229, 10, 13, '1', '', '39', '2023-08-15 12:24:21', '39', '2023-08-15 12:24:21'),
(230, 10, 14, '1', '', '39', '2023-08-15 12:24:21', '39', '2023-08-15 12:24:21'),
(231, 10, 15, '1', '', '39', '2023-08-15 12:24:21', '39', '2023-08-15 12:24:21'),
(232, 10, 16, '1', '', '39', '2023-08-15 12:24:21', '39', '2023-08-15 12:24:21'),
(233, 10, 17, '1', '', '39', '2023-08-15 12:24:21', '39', '2023-08-15 12:24:21'),
(234, 10, 18, '1', '', '39', '2023-08-15 12:24:21', '39', '2023-08-15 12:24:21'),
(235, 10, 19, '1', '', '39', '2023-08-15 12:24:21', '39', '2023-08-15 12:24:21'),
(236, 10, 20, '1', '', '39', '2023-08-15 12:24:21', '39', '2023-08-15 12:24:21'),
(237, 10, 21, '', '', '39', '2023-08-15 12:24:21', '39', '2023-08-15 12:24:21'),
(238, 10, 24, '', '', '39', '2023-08-15 12:24:21', '39', '2023-08-15 12:24:21'),
(239, 10, 22, '', '', '39', '2023-08-15 12:24:21', '39', '2023-08-15 12:24:21'),
(240, 10, 23, '', '', '39', '2023-08-15 12:24:21', '39', '2023-08-15 12:24:21'),
(241, 11, 1, '76768', '', '42', '2023-08-15 12:30:07', '42', '2023-08-15 12:30:07'),
(242, 11, 2, '1', '', '42', '2023-08-15 12:30:07', '42', '2023-08-15 12:30:07'),
(243, 11, 3, '0', 'TOO MUCH DUST', '42', '2023-08-15 12:30:07', '42', '2023-08-15 12:30:07'),
(244, 11, 4, '1', '', '42', '2023-08-15 12:30:07', '42', '2023-08-15 12:30:07'),
(245, 11, 5, '0', 'BROKEN', '42', '2023-08-15 12:30:07', '42', '2023-08-15 12:30:07'),
(246, 11, 6, '0', 'NOT PROPER', '42', '2023-08-15 12:30:07', '42', '2023-08-15 12:30:07'),
(247, 11, 7, '1', '', '42', '2023-08-15 12:30:07', '42', '2023-08-15 12:30:07'),
(248, 11, 8, '1', '', '42', '2023-08-15 12:30:07', '42', '2023-08-15 12:30:07'),
(249, 11, 9, '0', 'BULB NOT OWKRG', '42', '2023-08-15 12:30:07', '42', '2023-08-15 12:30:07'),
(250, 11, 10, '1', '', '42', '2023-08-15 12:30:07', '42', '2023-08-15 12:30:07'),
(251, 11, 11, '1', '', '42', '2023-08-15 12:30:07', '42', '2023-08-15 12:30:07'),
(252, 11, 12, '1', '', '42', '2023-08-15 12:30:07', '42', '2023-08-15 12:30:07'),
(253, 11, 13, '0', 'NOP BROKEN', '42', '2023-08-15 12:30:07', '42', '2023-08-15 12:30:07'),
(254, 11, 14, '1', '', '42', '2023-08-15 12:30:07', '42', '2023-08-15 12:30:07'),
(255, 11, 15, '1', '', '42', '2023-08-15 12:30:07', '42', '2023-08-15 12:30:07'),
(256, 11, 16, '1', '', '42', '2023-08-15 12:30:07', '42', '2023-08-15 12:30:07'),
(257, 11, 17, '1', '', '42', '2023-08-15 12:30:07', '42', '2023-08-15 12:30:07'),
(258, 11, 18, '1', '', '42', '2023-08-15 12:30:07', '42', '2023-08-15 12:30:07'),
(259, 11, 19, '1', '', '42', '2023-08-15 12:30:07', '42', '2023-08-15 12:30:07'),
(260, 11, 20, '1', '', '42', '2023-08-15 12:30:07', '42', '2023-08-15 12:30:07'),
(261, 11, 21, '', '', '42', '2023-08-15 12:30:07', '42', '2023-08-15 12:30:07'),
(262, 11, 24, '', '', '42', '2023-08-15 12:30:07', '42', '2023-08-15 12:30:07'),
(263, 11, 22, '', 'NEW', '42', '2023-08-15 12:30:07', '42', '2023-08-15 12:30:07'),
(264, 11, 23, '', '', '42', '2023-08-15 12:30:07', '42', '2023-08-15 12:30:07'),
(265, 12, 1, '87654', '', '39', '2023-08-15 12:33:28', '39', '2023-08-15 12:33:28'),
(266, 12, 2, '1', '', '39', '2023-08-15 12:33:28', '39', '2023-08-15 12:33:28'),
(267, 12, 3, '1', '', '39', '2023-08-15 12:33:28', '39', '2023-08-15 12:33:28'),
(268, 12, 4, '0', 'too much ', '39', '2023-08-15 12:33:28', '39', '2023-08-15 12:33:28'),
(269, 12, 5, '1', '', '39', '2023-08-15 12:33:28', '39', '2023-08-15 12:33:28'),
(270, 12, 6, '1', '', '39', '2023-08-15 12:33:28', '39', '2023-08-15 12:33:28'),
(271, 12, 7, '1', '', '39', '2023-08-15 12:33:28', '39', '2023-08-15 12:33:28'),
(272, 12, 8, '1', '', '39', '2023-08-15 12:33:28', '39', '2023-08-15 12:33:28'),
(273, 12, 9, '1', '', '39', '2023-08-15 12:33:28', '39', '2023-08-15 12:33:28'),
(274, 12, 10, '1', '', '39', '2023-08-15 12:33:28', '39', '2023-08-15 12:33:28'),
(275, 12, 11, '0', '', '39', '2023-08-15 12:33:28', '39', '2023-08-15 12:33:28'),
(276, 12, 12, '0', 'not peoper', '39', '2023-08-15 12:33:28', '39', '2023-08-15 12:33:28'),
(277, 12, 13, '1', '', '39', '2023-08-15 12:33:28', '39', '2023-08-15 12:33:28'),
(278, 12, 14, '1', '', '39', '2023-08-15 12:33:28', '39', '2023-08-15 12:33:28'),
(279, 12, 15, '1', '', '39', '2023-08-15 12:33:28', '39', '2023-08-15 12:33:28'),
(280, 12, 16, '1', '', '39', '2023-08-15 12:33:28', '39', '2023-08-15 12:33:28'),
(281, 12, 17, '1', '', '39', '2023-08-15 12:33:28', '39', '2023-08-15 12:33:28'),
(282, 12, 18, '1', '', '39', '2023-08-15 12:33:28', '39', '2023-08-15 12:33:28'),
(283, 12, 19, '1', '', '39', '2023-08-15 12:33:28', '39', '2023-08-15 12:33:28'),
(284, 12, 20, '1', '', '39', '2023-08-15 12:33:28', '39', '2023-08-15 12:33:28'),
(285, 12, 21, '', '', '39', '2023-08-15 12:33:28', '39', '2023-08-15 12:33:28'),
(286, 12, 24, '', '', '39', '2023-08-15 12:33:28', '39', '2023-08-15 12:33:28'),
(287, 12, 22, '', 'ipad not wolg', '39', '2023-08-15 12:33:28', '39', '2023-08-15 12:33:28'),
(288, 12, 23, '', '', '39', '2023-08-15 12:33:28', '39', '2023-08-15 12:33:28'),
(289, 13, 1, '', '', '43', '2023-08-15 21:46:47', '43', '2023-08-15 21:46:47'),
(290, 13, 2, '1', '', '43', '2023-08-15 21:46:47', '43', '2023-08-15 21:46:47'),
(291, 13, 3, '1', '', '43', '2023-08-15 21:46:47', '43', '2023-08-15 21:46:47'),
(292, 13, 4, '1', '', '43', '2023-08-15 21:46:47', '43', '2023-08-15 21:46:47'),
(293, 13, 5, '1', '', '43', '2023-08-15 21:46:47', '43', '2023-08-15 21:46:47'),
(294, 13, 6, '1', '', '43', '2023-08-15 21:46:47', '43', '2023-08-15 21:46:47'),
(295, 13, 7, '1', '', '43', '2023-08-15 21:46:47', '43', '2023-08-15 21:46:47'),
(296, 13, 8, '1', '', '43', '2023-08-15 21:46:47', '43', '2023-08-15 21:46:47'),
(297, 13, 9, '1', '', '43', '2023-08-15 21:46:47', '43', '2023-08-15 21:46:47'),
(298, 13, 10, '1', '', '43', '2023-08-15 21:46:47', '43', '2023-08-15 21:46:47'),
(299, 13, 11, '1', '', '43', '2023-08-15 21:46:47', '43', '2023-08-15 21:46:47'),
(300, 13, 12, '1', '', '43', '2023-08-15 21:46:47', '43', '2023-08-15 21:46:47'),
(301, 13, 13, '1', '', '43', '2023-08-15 21:46:47', '43', '2023-08-15 21:46:47'),
(302, 13, 14, '1', '', '43', '2023-08-15 21:46:47', '43', '2023-08-15 21:46:47'),
(303, 13, 15, '1', '', '43', '2023-08-15 21:46:47', '43', '2023-08-15 21:46:47'),
(304, 13, 16, '1', '', '43', '2023-08-15 21:46:47', '43', '2023-08-15 21:46:47'),
(305, 13, 17, '1', '', '43', '2023-08-15 21:46:47', '43', '2023-08-15 21:46:47'),
(306, 13, 18, '1', '', '43', '2023-08-15 21:46:47', '43', '2023-08-15 21:46:47'),
(307, 13, 19, '1', '', '43', '2023-08-15 21:46:47', '43', '2023-08-15 21:46:47'),
(308, 13, 20, '1', '', '43', '2023-08-15 21:46:47', '43', '2023-08-15 21:46:47'),
(309, 13, 21, '', '', '43', '2023-08-15 21:46:47', '43', '2023-08-15 21:46:47'),
(310, 13, 24, '', '', '43', '2023-08-15 21:46:47', '43', '2023-08-15 21:46:47'),
(311, 13, 22, '', '', '43', '2023-08-15 21:46:47', '43', '2023-08-15 21:46:47'),
(312, 13, 23, '', '', '43', '2023-08-15 21:46:47', '43', '2023-08-15 21:46:47'),
(313, 14, 1, '100', '', '39', '2023-08-15 23:46:47', '39', '2023-08-15 23:46:47'),
(314, 14, 2, '1', '', '39', '2023-08-15 23:46:47', '39', '2023-08-15 23:46:47'),
(315, 14, 3, '1', '', '39', '2023-08-15 23:46:47', '39', '2023-08-15 23:46:47'),
(316, 14, 4, '1', '', '39', '2023-08-15 23:46:47', '39', '2023-08-15 23:46:47'),
(317, 14, 5, '1', '', '39', '2023-08-15 23:46:47', '39', '2023-08-15 23:46:47'),
(318, 14, 6, '1', '', '39', '2023-08-15 23:46:47', '39', '2023-08-15 23:46:47'),
(319, 14, 7, '1', '', '39', '2023-08-15 23:46:47', '39', '2023-08-15 23:46:47'),
(320, 14, 8, '1', '', '39', '2023-08-15 23:46:47', '39', '2023-08-15 23:46:47'),
(321, 14, 9, '1', '', '39', '2023-08-15 23:46:47', '39', '2023-08-15 23:46:47'),
(322, 14, 10, '1', '', '39', '2023-08-15 23:46:47', '39', '2023-08-15 23:46:47'),
(323, 14, 11, '1', '', '39', '2023-08-15 23:46:47', '39', '2023-08-15 23:46:47'),
(324, 14, 12, '1', '', '39', '2023-08-15 23:46:47', '39', '2023-08-15 23:46:47'),
(325, 14, 13, '1', '', '39', '2023-08-15 23:46:47', '39', '2023-08-15 23:46:47'),
(326, 14, 14, '1', '', '39', '2023-08-15 23:46:47', '39', '2023-08-15 23:46:47'),
(327, 14, 15, '1', '', '39', '2023-08-15 23:46:47', '39', '2023-08-15 23:46:47'),
(328, 14, 16, '1', '', '39', '2023-08-15 23:46:47', '39', '2023-08-15 23:46:47'),
(329, 14, 17, '1', '', '39', '2023-08-15 23:46:47', '39', '2023-08-15 23:46:47'),
(330, 14, 18, '1', '', '39', '2023-08-15 23:46:47', '39', '2023-08-15 23:46:47'),
(331, 14, 19, '1', '', '39', '2023-08-15 23:46:47', '39', '2023-08-15 23:46:47'),
(332, 14, 20, '1', '', '39', '2023-08-15 23:46:47', '39', '2023-08-15 23:46:47'),
(333, 14, 21, '', '', '39', '2023-08-15 23:46:47', '39', '2023-08-15 23:46:47'),
(334, 14, 24, '', '', '39', '2023-08-15 23:46:47', '39', '2023-08-15 23:46:47'),
(335, 14, 22, '', '', '39', '2023-08-15 23:46:47', '39', '2023-08-15 23:46:47'),
(336, 14, 23, '', '', '39', '2023-08-15 23:46:47', '39', '2023-08-15 23:46:47'),
(361, 16, 1, '12345', '', '39', '2023-08-16 15:30:18', '39', '2023-08-16 15:30:18'),
(362, 16, 2, '1', '', '39', '2023-08-16 15:30:18', '39', '2023-08-16 15:30:18'),
(363, 16, 3, '1', '', '39', '2023-08-16 15:30:18', '39', '2023-08-16 15:30:18'),
(364, 16, 4, '1', '', '39', '2023-08-16 15:30:18', '39', '2023-08-16 15:30:18'),
(365, 16, 5, '0', 'wiper broken', '39', '2023-08-16 15:30:18', '39', '2023-08-16 15:30:18'),
(366, 16, 6, '1', '', '39', '2023-08-16 15:30:18', '39', '2023-08-16 15:30:18'),
(367, 16, 7, '1', '', '39', '2023-08-16 15:30:18', '39', '2023-08-16 15:30:18'),
(368, 16, 8, '1', '', '39', '2023-08-16 15:30:18', '39', '2023-08-16 15:30:18'),
(369, 16, 9, '0', 'right light not working', '39', '2023-08-16 15:30:18', '39', '2023-08-16 15:30:18'),
(370, 16, 10, '1', '', '39', '2023-08-16 15:30:18', '39', '2023-08-16 15:30:18'),
(371, 16, 11, '0', 'not overed', '39', '2023-08-16 15:30:18', '39', '2023-08-16 15:30:18'),
(372, 16, 12, '1', '', '39', '2023-08-16 15:30:18', '39', '2023-08-16 15:30:18'),
(373, 16, 13, '1', '', '39', '2023-08-16 15:30:18', '39', '2023-08-16 15:30:18'),
(374, 16, 14, '1', '', '39', '2023-08-16 15:30:18', '39', '2023-08-16 15:30:18'),
(375, 16, 15, '1', '', '39', '2023-08-16 15:30:18', '39', '2023-08-16 15:30:18'),
(376, 16, 16, '1', '', '39', '2023-08-16 15:30:18', '39', '2023-08-16 15:30:18'),
(377, 16, 17, '1', '', '39', '2023-08-16 15:30:18', '39', '2023-08-16 15:30:18'),
(378, 16, 18, '1', '', '39', '2023-08-16 15:30:18', '39', '2023-08-16 15:30:18'),
(379, 16, 19, '1', '', '39', '2023-08-16 15:30:18', '39', '2023-08-16 15:30:18'),
(380, 16, 20, '1', '', '39', '2023-08-16 15:30:18', '39', '2023-08-16 15:30:18'),
(381, 16, 21, '', '', '39', '2023-08-16 15:30:18', '39', '2023-08-16 15:30:18'),
(382, 16, 24, '', '', '39', '2023-08-16 15:30:18', '39', '2023-08-16 15:30:18'),
(383, 16, 22, '', '', '39', '2023-08-16 15:30:18', '39', '2023-08-16 15:30:18'),
(384, 16, 23, '', '', '39', '2023-08-16 15:30:18', '39', '2023-08-16 15:30:18'),
(385, 17, 1, '21340', '21450', '39', '2023-08-16 19:15:10', '39', '2023-08-16 19:15:10'),
(386, 17, 2, '1', '', '39', '2023-08-16 19:15:10', '39', '2023-08-16 19:15:10'),
(387, 17, 3, '1', '', '39', '2023-08-16 19:15:10', '39', '2023-08-16 19:15:10'),
(388, 17, 4, '1', '', '39', '2023-08-16 19:15:10', '39', '2023-08-16 19:15:10'),
(389, 17, 5, '1', '', '39', '2023-08-16 19:15:10', '39', '2023-08-16 19:15:10'),
(390, 17, 6, '1', '', '39', '2023-08-16 19:15:10', '39', '2023-08-16 19:15:10'),
(391, 17, 7, '1', '', '39', '2023-08-16 19:15:10', '39', '2023-08-16 19:15:10'),
(392, 17, 8, '1', '', '39', '2023-08-16 19:15:10', '39', '2023-08-16 19:15:10'),
(393, 17, 9, '1', '', '39', '2023-08-16 19:15:10', '39', '2023-08-16 19:15:10'),
(394, 17, 10, '1', '', '39', '2023-08-16 19:15:10', '39', '2023-08-16 19:15:10'),
(395, 17, 11, '1', '', '39', '2023-08-16 19:15:10', '39', '2023-08-16 19:15:10'),
(396, 17, 12, '1', '', '39', '2023-08-16 19:15:10', '39', '2023-08-16 19:15:10'),
(397, 17, 13, '1', '', '39', '2023-08-16 19:15:10', '39', '2023-08-16 19:15:10'),
(398, 17, 14, '1', '', '39', '2023-08-16 19:15:10', '39', '2023-08-16 19:15:10'),
(399, 17, 15, '1', '', '39', '2023-08-16 19:15:10', '39', '2023-08-16 19:15:10'),
(400, 17, 16, '1', '', '39', '2023-08-16 19:15:10', '39', '2023-08-16 19:15:10'),
(401, 17, 17, '1', '', '39', '2023-08-16 19:15:10', '39', '2023-08-16 19:15:10'),
(402, 17, 18, '1', '', '39', '2023-08-16 19:15:10', '39', '2023-08-16 19:15:10'),
(403, 17, 19, '1', '', '39', '2023-08-16 19:15:10', '39', '2023-08-16 19:15:10'),
(404, 17, 20, '1', '', '39', '2023-08-16 19:15:10', '39', '2023-08-16 19:15:10'),
(405, 17, 21, '', '', '39', '2023-08-16 19:15:10', '39', '2023-08-16 19:15:10'),
(406, 17, 24, '', '', '39', '2023-08-16 19:15:10', '39', '2023-08-16 19:15:10'),
(407, 17, 22, '', '', '39', '2023-08-16 19:15:10', '39', '2023-08-16 19:15:10'),
(408, 17, 23, '', '', '39', '2023-08-16 19:15:10', '39', '2023-08-16 19:15:10'),
(409, 18, 1, '', '', '44', '2023-08-16 19:26:23', '44', '2023-08-16 19:26:23'),
(410, 18, 2, '1', '', '44', '2023-08-16 19:26:23', '44', '2023-08-16 19:26:23'),
(411, 18, 3, '1', '', '44', '2023-08-16 19:26:23', '44', '2023-08-16 19:26:23'),
(412, 18, 4, '1', '', '44', '2023-08-16 19:26:23', '44', '2023-08-16 19:26:23'),
(413, 18, 5, '1', '', '44', '2023-08-16 19:26:23', '44', '2023-08-16 19:26:23'),
(414, 18, 6, '1', '', '44', '2023-08-16 19:26:23', '44', '2023-08-16 19:26:23'),
(415, 18, 7, '1', '', '44', '2023-08-16 19:26:23', '44', '2023-08-16 19:26:23'),
(416, 18, 8, '1', '', '44', '2023-08-16 19:26:23', '44', '2023-08-16 19:26:23'),
(417, 18, 9, '1', '', '44', '2023-08-16 19:26:23', '44', '2023-08-16 19:26:23'),
(418, 18, 10, '1', '', '44', '2023-08-16 19:26:23', '44', '2023-08-16 19:26:23'),
(419, 18, 11, '1', '', '44', '2023-08-16 19:26:23', '44', '2023-08-16 19:26:23'),
(420, 18, 12, '1', '', '44', '2023-08-16 19:26:23', '44', '2023-08-16 19:26:23'),
(421, 18, 13, '1', '', '44', '2023-08-16 19:26:23', '44', '2023-08-16 19:26:23'),
(422, 18, 14, '1', '', '44', '2023-08-16 19:26:23', '44', '2023-08-16 19:26:23'),
(423, 18, 15, '1', '', '44', '2023-08-16 19:26:23', '44', '2023-08-16 19:26:23'),
(424, 18, 16, '1', '', '44', '2023-08-16 19:26:23', '44', '2023-08-16 19:26:23'),
(425, 18, 17, '1', '', '44', '2023-08-16 19:26:23', '44', '2023-08-16 19:26:23'),
(426, 18, 18, '1', '', '44', '2023-08-16 19:26:23', '44', '2023-08-16 19:26:23'),
(427, 18, 19, '1', '', '44', '2023-08-16 19:26:23', '44', '2023-08-16 19:26:23'),
(428, 18, 20, '1', '', '44', '2023-08-16 19:26:23', '44', '2023-08-16 19:26:23'),
(429, 18, 21, '', '', '44', '2023-08-16 19:26:23', '44', '2023-08-16 19:26:23'),
(430, 18, 24, '', '', '44', '2023-08-16 19:26:23', '44', '2023-08-16 19:26:23'),
(431, 18, 22, '', '', '44', '2023-08-16 19:26:23', '44', '2023-08-16 19:26:23'),
(432, 18, 23, '', '', '44', '2023-08-16 19:26:23', '44', '2023-08-16 19:26:23'),
(433, 19, 1, '12341', '', '42', '2023-08-18 17:31:17', '42', '2023-08-18 17:31:17'),
(434, 19, 2, '0', 'not working', '42', '2023-08-18 17:31:17', '42', '2023-08-18 17:31:17'),
(435, 19, 3, '1', '', '42', '2023-08-18 17:31:17', '42', '2023-08-18 17:31:17'),
(436, 19, 4, '1', '', '42', '2023-08-18 17:31:17', '42', '2023-08-18 17:31:17'),
(437, 19, 5, '0', 'broken', '42', '2023-08-18 17:31:17', '42', '2023-08-18 17:31:17'),
(438, 19, 6, '1', '', '42', '2023-08-18 17:31:17', '42', '2023-08-18 17:31:17'),
(439, 19, 7, '1', '', '42', '2023-08-18 17:31:17', '42', '2023-08-18 17:31:17'),
(440, 19, 8, '1', '', '42', '2023-08-18 17:31:17', '42', '2023-08-18 17:31:17'),
(441, 19, 9, '1', '', '42', '2023-08-18 17:31:17', '42', '2023-08-18 17:31:17'),
(442, 19, 10, '1', '', '42', '2023-08-18 17:31:17', '42', '2023-08-18 17:31:17'),
(443, 19, 11, '1', '', '42', '2023-08-18 17:31:17', '42', '2023-08-18 17:31:17'),
(444, 19, 12, '0', 'not working', '42', '2023-08-18 17:31:17', '42', '2023-08-18 17:31:17'),
(445, 19, 13, '1', '', '42', '2023-08-18 17:31:17', '42', '2023-08-18 17:31:17'),
(446, 19, 14, '1', '', '42', '2023-08-18 17:31:17', '42', '2023-08-18 17:31:17'),
(447, 19, 15, '0', 'not properly working', '42', '2023-08-18 17:31:17', '42', '2023-08-18 17:31:17'),
(448, 19, 16, '1', '', '42', '2023-08-18 17:31:17', '42', '2023-08-18 17:31:17'),
(449, 19, 17, '1', '', '42', '2023-08-18 17:31:17', '42', '2023-08-18 17:31:17'),
(450, 19, 18, '1', '', '42', '2023-08-18 17:31:17', '42', '2023-08-18 17:31:17'),
(451, 19, 19, '1', '', '42', '2023-08-18 17:31:17', '42', '2023-08-18 17:31:17'),
(452, 19, 20, '1', '', '42', '2023-08-18 17:31:17', '42', '2023-08-18 17:31:17'),
(453, 19, 21, '64', '', '42', '2023-08-18 17:31:17', '42', '2023-08-18 17:31:17'),
(454, 19, 24, '', '', '42', '2023-08-18 17:31:17', '42', '2023-08-18 17:31:17'),
(455, 19, 22, '65', '', '42', '2023-08-18 17:31:17', '42', '2023-08-18 17:31:17'),
(456, 19, 23, '', '', '42', '2023-08-18 17:31:17', '42', '2023-08-18 17:31:17'),
(457, 20, 1, '125', '', '42', '2023-08-18 17:42:54', '42', '2023-08-18 17:42:54'),
(458, 20, 2, '1', '', '42', '2023-08-18 17:42:54', '42', '2023-08-18 17:42:54'),
(459, 20, 3, '1', '', '42', '2023-08-18 17:42:54', '42', '2023-08-18 17:42:54'),
(460, 20, 4, '1', '', '42', '2023-08-18 17:42:54', '42', '2023-08-18 17:42:54'),
(461, 20, 5, '0', 'wiper broken', '42', '2023-08-18 17:42:54', '42', '2023-08-18 17:42:54'),
(462, 20, 6, '1', '', '42', '2023-08-18 17:42:54', '42', '2023-08-18 17:42:54'),
(463, 20, 7, '1', '', '42', '2023-08-18 17:42:54', '42', '2023-08-18 17:42:54'),
(464, 20, 8, '1', '', '42', '2023-08-18 17:42:54', '42', '2023-08-18 17:42:54'),
(465, 20, 9, '1', '', '42', '2023-08-18 17:42:54', '42', '2023-08-18 17:42:54'),
(466, 20, 10, '1', '', '42', '2023-08-18 17:42:54', '42', '2023-08-18 17:42:54'),
(467, 20, 11, '1', '', '42', '2023-08-18 17:42:54', '42', '2023-08-18 17:42:54'),
(468, 20, 12, '1', '', '42', '2023-08-18 17:42:54', '42', '2023-08-18 17:42:54'),
(469, 20, 13, '1', '', '42', '2023-08-18 17:42:54', '42', '2023-08-18 17:42:54'),
(470, 20, 14, '1', '', '42', '2023-08-18 17:42:54', '42', '2023-08-18 17:42:54'),
(471, 20, 15, '1', '', '42', '2023-08-18 17:42:54', '42', '2023-08-18 17:42:54'),
(472, 20, 16, '1', '', '42', '2023-08-18 17:42:54', '42', '2023-08-18 17:42:54'),
(473, 20, 17, '1', '', '42', '2023-08-18 17:42:54', '42', '2023-08-18 17:42:54'),
(474, 20, 18, '1', '', '42', '2023-08-18 17:42:54', '42', '2023-08-18 17:42:54'),
(475, 20, 19, '1', '', '42', '2023-08-18 17:42:54', '42', '2023-08-18 17:42:54'),
(476, 20, 20, '1', '', '42', '2023-08-18 17:42:54', '42', '2023-08-18 17:42:54'),
(477, 20, 21, '64', '', '42', '2023-08-18 17:42:54', '42', '2023-08-18 17:42:54'),
(478, 20, 24, '64', '', '42', '2023-08-18 17:42:54', '42', '2023-08-18 17:42:54'),
(479, 20, 22, '65', '', '42', '2023-08-18 17:42:54', '42', '2023-08-18 17:42:54'),
(480, 20, 23, '66', '', '42', '2023-08-18 17:42:54', '42', '2023-08-18 17:42:54'),
(481, 21, 1, '125', '', '42', '2023-08-18 17:46:15', '42', '2023-08-18 17:46:15'),
(482, 21, 2, '1', '', '42', '2023-08-18 17:46:15', '42', '2023-08-18 17:46:15'),
(483, 21, 3, '1', '', '42', '2023-08-18 17:46:15', '42', '2023-08-18 17:46:15'),
(484, 21, 4, '1', '', '42', '2023-08-18 17:46:15', '42', '2023-08-18 17:46:15'),
(485, 21, 5, '0', 'wiper broken', '42', '2023-08-18 17:46:15', '42', '2023-08-18 17:46:15'),
(486, 21, 6, '1', '', '42', '2023-08-18 17:46:15', '42', '2023-08-18 17:46:15'),
(487, 21, 7, '1', '', '42', '2023-08-18 17:46:15', '42', '2023-08-18 17:46:15'),
(488, 21, 8, '1', '', '42', '2023-08-18 17:46:15', '42', '2023-08-18 17:46:15'),
(489, 21, 9, '1', '', '42', '2023-08-18 17:46:15', '42', '2023-08-18 17:46:15'),
(490, 21, 10, '1', '', '42', '2023-08-18 17:46:15', '42', '2023-08-18 17:46:15'),
(491, 21, 11, '1', '', '42', '2023-08-18 17:46:15', '42', '2023-08-18 17:46:15'),
(492, 21, 12, '1', '', '42', '2023-08-18 17:46:15', '42', '2023-08-18 17:46:15'),
(493, 21, 13, '1', '', '42', '2023-08-18 17:46:15', '42', '2023-08-18 17:46:15'),
(494, 21, 14, '1', '', '42', '2023-08-18 17:46:15', '42', '2023-08-18 17:46:15'),
(495, 21, 15, '1', '', '42', '2023-08-18 17:46:15', '42', '2023-08-18 17:46:15'),
(496, 21, 16, '1', '', '42', '2023-08-18 17:46:15', '42', '2023-08-18 17:46:15'),
(497, 21, 17, '1', '', '42', '2023-08-18 17:46:15', '42', '2023-08-18 17:46:15'),
(498, 21, 18, '1', '', '42', '2023-08-18 17:46:15', '42', '2023-08-18 17:46:15'),
(499, 21, 19, '1', '', '42', '2023-08-18 17:46:15', '42', '2023-08-18 17:46:15'),
(500, 21, 20, '1', '', '42', '2023-08-18 17:46:15', '42', '2023-08-18 17:46:15'),
(501, 21, 21, '64', '', '42', '2023-08-18 17:46:15', '42', '2023-08-18 17:46:15'),
(502, 21, 24, '64', '', '42', '2023-08-18 17:46:15', '42', '2023-08-18 17:46:15'),
(503, 21, 22, '65', '', '42', '2023-08-18 17:46:15', '42', '2023-08-18 17:46:15'),
(504, 21, 23, '66', '', '42', '2023-08-18 17:46:15', '42', '2023-08-18 17:46:15'),
(505, 22, 1, '127', '', '42', '2023-08-18 17:49:04', '42', '2023-08-18 17:49:04'),
(506, 22, 2, '1', '', '42', '2023-08-18 17:49:04', '42', '2023-08-18 17:49:04'),
(507, 22, 3, '1', '', '42', '2023-08-18 17:49:04', '42', '2023-08-18 17:49:04'),
(508, 22, 4, '1', '', '42', '2023-08-18 17:49:04', '42', '2023-08-18 17:49:04'),
(509, 22, 5, '0', 'wiper broken', '42', '2023-08-18 17:49:04', '42', '2023-08-18 17:49:04'),
(510, 22, 6, '1', '', '42', '2023-08-18 17:49:04', '42', '2023-08-18 17:49:04'),
(511, 22, 7, '1', '', '42', '2023-08-18 17:49:04', '42', '2023-08-18 17:49:04'),
(512, 22, 8, '1', '', '42', '2023-08-18 17:49:04', '42', '2023-08-18 17:49:04'),
(513, 22, 9, '1', '', '42', '2023-08-18 17:49:04', '42', '2023-08-18 17:49:04'),
(514, 22, 10, '1', '', '42', '2023-08-18 17:49:04', '42', '2023-08-18 17:49:04'),
(515, 22, 11, '1', '', '42', '2023-08-18 17:49:04', '42', '2023-08-18 17:49:04'),
(516, 22, 12, '1', '', '42', '2023-08-18 17:49:04', '42', '2023-08-18 17:49:04'),
(517, 22, 13, '1', '', '42', '2023-08-18 17:49:04', '42', '2023-08-18 17:49:04'),
(518, 22, 14, '1', '', '42', '2023-08-18 17:49:04', '42', '2023-08-18 17:49:04'),
(519, 22, 15, '1', '', '42', '2023-08-18 17:49:04', '42', '2023-08-18 17:49:04'),
(520, 22, 16, '1', '', '42', '2023-08-18 17:49:04', '42', '2023-08-18 17:49:04'),
(521, 22, 17, '1', '', '42', '2023-08-18 17:49:04', '42', '2023-08-18 17:49:04'),
(522, 22, 18, '1', '', '42', '2023-08-18 17:49:04', '42', '2023-08-18 17:49:04'),
(523, 22, 19, '1', '', '42', '2023-08-18 17:49:04', '42', '2023-08-18 17:49:04'),
(524, 22, 20, '1', '', '42', '2023-08-18 17:49:04', '42', '2023-08-18 17:49:04'),
(525, 22, 21, '', '', '42', '2023-08-18 17:49:04', '42', '2023-08-18 17:49:04'),
(526, 22, 24, '', '', '42', '2023-08-18 17:49:04', '42', '2023-08-18 17:49:04'),
(527, 22, 22, '', '', '42', '2023-08-18 17:49:04', '42', '2023-08-18 17:49:04'),
(528, 22, 23, '', '', '42', '2023-08-18 17:49:04', '42', '2023-08-18 17:49:04'),
(529, 23, 1, '127', '', '42', '2023-08-18 17:52:06', '42', '2023-08-18 17:52:06'),
(530, 23, 2, '1', '', '42', '2023-08-18 17:52:06', '42', '2023-08-18 17:52:06'),
(531, 23, 3, '1', '', '42', '2023-08-18 17:52:06', '42', '2023-08-18 17:52:06'),
(532, 23, 4, '1', '', '42', '2023-08-18 17:52:06', '42', '2023-08-18 17:52:06'),
(533, 23, 5, '0', 'wiper broken', '42', '2023-08-18 17:52:06', '42', '2023-08-18 17:52:06'),
(534, 23, 6, '1', '', '42', '2023-08-18 17:52:06', '42', '2023-08-18 17:52:06'),
(535, 23, 7, '1', '', '42', '2023-08-18 17:52:06', '42', '2023-08-18 17:52:06'),
(536, 23, 8, '1', '', '42', '2023-08-18 17:52:06', '42', '2023-08-18 17:52:06'),
(537, 23, 9, '1', '', '42', '2023-08-18 17:52:06', '42', '2023-08-18 17:52:06'),
(538, 23, 10, '1', '', '42', '2023-08-18 17:52:06', '42', '2023-08-18 17:52:06'),
(539, 23, 11, '1', '', '42', '2023-08-18 17:52:06', '42', '2023-08-18 17:52:06'),
(540, 23, 12, '1', '', '42', '2023-08-18 17:52:06', '42', '2023-08-18 17:52:06'),
(541, 23, 13, '1', '', '42', '2023-08-18 17:52:06', '42', '2023-08-18 17:52:06'),
(542, 23, 14, '1', '', '42', '2023-08-18 17:52:06', '42', '2023-08-18 17:52:06'),
(543, 23, 15, '1', '', '42', '2023-08-18 17:52:06', '42', '2023-08-18 17:52:06'),
(544, 23, 16, '1', '', '42', '2023-08-18 17:52:06', '42', '2023-08-18 17:52:06'),
(545, 23, 17, '1', '', '42', '2023-08-18 17:52:06', '42', '2023-08-18 17:52:06'),
(546, 23, 18, '1', '', '42', '2023-08-18 17:52:06', '42', '2023-08-18 17:52:06'),
(547, 23, 19, '1', '', '42', '2023-08-18 17:52:06', '42', '2023-08-18 17:52:06'),
(548, 23, 20, '1', '', '42', '2023-08-18 17:52:06', '42', '2023-08-18 17:52:06'),
(549, 23, 21, '', '', '42', '2023-08-18 17:52:06', '42', '2023-08-18 17:52:06'),
(550, 23, 24, '', '', '42', '2023-08-18 17:52:06', '42', '2023-08-18 17:52:06'),
(551, 23, 22, '', '', '42', '2023-08-18 17:52:06', '42', '2023-08-18 17:52:06'),
(552, 23, 23, '', '', '42', '2023-08-18 17:52:06', '42', '2023-08-18 17:52:06'),
(553, 24, 1, '127', '', '42', '2023-08-18 17:52:27', '42', '2023-08-18 17:52:27'),
(554, 24, 2, '1', '', '42', '2023-08-18 17:52:27', '42', '2023-08-18 17:52:27'),
(555, 24, 3, '1', '', '42', '2023-08-18 17:52:27', '42', '2023-08-18 17:52:27'),
(556, 24, 4, '1', '', '42', '2023-08-18 17:52:27', '42', '2023-08-18 17:52:27'),
(557, 24, 5, '0', 'wiper broken', '42', '2023-08-18 17:52:27', '42', '2023-08-18 17:52:27'),
(558, 24, 6, '1', '', '42', '2023-08-18 17:52:27', '42', '2023-08-18 17:52:27'),
(559, 24, 7, '1', '', '42', '2023-08-18 17:52:27', '42', '2023-08-18 17:52:27'),
(560, 24, 8, '1', '', '42', '2023-08-18 17:52:27', '42', '2023-08-18 17:52:27'),
(561, 24, 9, '1', '', '42', '2023-08-18 17:52:27', '42', '2023-08-18 17:52:27'),
(562, 24, 10, '1', '', '42', '2023-08-18 17:52:27', '42', '2023-08-18 17:52:27'),
(563, 24, 11, '1', '', '42', '2023-08-18 17:52:27', '42', '2023-08-18 17:52:27'),
(564, 24, 12, '1', '', '42', '2023-08-18 17:52:27', '42', '2023-08-18 17:52:27'),
(565, 24, 13, '1', '', '42', '2023-08-18 17:52:27', '42', '2023-08-18 17:52:27'),
(566, 24, 14, '1', '', '42', '2023-08-18 17:52:27', '42', '2023-08-18 17:52:27'),
(567, 24, 15, '1', '', '42', '2023-08-18 17:52:27', '42', '2023-08-18 17:52:27'),
(568, 24, 16, '1', '', '42', '2023-08-18 17:52:27', '42', '2023-08-18 17:52:27'),
(569, 24, 17, '1', '', '42', '2023-08-18 17:52:27', '42', '2023-08-18 17:52:27'),
(570, 24, 18, '1', '', '42', '2023-08-18 17:52:27', '42', '2023-08-18 17:52:27'),
(571, 24, 19, '1', '', '42', '2023-08-18 17:52:27', '42', '2023-08-18 17:52:27'),
(572, 24, 20, '1', '', '42', '2023-08-18 17:52:27', '42', '2023-08-18 17:52:27'),
(573, 24, 21, '', '', '42', '2023-08-18 17:52:27', '42', '2023-08-18 17:52:27'),
(574, 24, 24, '', '', '42', '2023-08-18 17:52:27', '42', '2023-08-18 17:52:27'),
(575, 24, 22, '', '', '42', '2023-08-18 17:52:27', '42', '2023-08-18 17:52:27'),
(576, 24, 23, '', '', '42', '2023-08-18 17:52:27', '42', '2023-08-18 17:52:27'),
(577, 25, 1, '127', '', '42', '2023-08-18 17:53:25', '42', '2023-08-18 17:53:25'),
(578, 25, 2, '1', '', '42', '2023-08-18 17:53:25', '42', '2023-08-18 17:53:25'),
(579, 25, 3, '1', '', '42', '2023-08-18 17:53:25', '42', '2023-08-18 17:53:25'),
(580, 25, 4, '1', '', '42', '2023-08-18 17:53:25', '42', '2023-08-18 17:53:25'),
(581, 25, 5, '0', 'wiper broken', '42', '2023-08-18 17:53:25', '42', '2023-08-18 17:53:25'),
(582, 25, 6, '1', '', '42', '2023-08-18 17:53:25', '42', '2023-08-18 17:53:25'),
(583, 25, 7, '1', '', '42', '2023-08-18 17:53:25', '42', '2023-08-18 17:53:25'),
(584, 25, 8, '1', '', '42', '2023-08-18 17:53:25', '42', '2023-08-18 17:53:25'),
(585, 25, 9, '1', '', '42', '2023-08-18 17:53:25', '42', '2023-08-18 17:53:25'),
(586, 25, 10, '1', '', '42', '2023-08-18 17:53:25', '42', '2023-08-18 17:53:25'),
(587, 25, 11, '1', '', '42', '2023-08-18 17:53:25', '42', '2023-08-18 17:53:25'),
(588, 25, 12, '1', '', '42', '2023-08-18 17:53:25', '42', '2023-08-18 17:53:25'),
(589, 25, 13, '1', '', '42', '2023-08-18 17:53:25', '42', '2023-08-18 17:53:25'),
(590, 25, 14, '1', '', '42', '2023-08-18 17:53:25', '42', '2023-08-18 17:53:25'),
(591, 25, 15, '1', '', '42', '2023-08-18 17:53:25', '42', '2023-08-18 17:53:25'),
(592, 25, 16, '1', '', '42', '2023-08-18 17:53:25', '42', '2023-08-18 17:53:25'),
(593, 25, 17, '1', '', '42', '2023-08-18 17:53:25', '42', '2023-08-18 17:53:25'),
(594, 25, 18, '1', '', '42', '2023-08-18 17:53:25', '42', '2023-08-18 17:53:25'),
(595, 25, 19, '1', '', '42', '2023-08-18 17:53:25', '42', '2023-08-18 17:53:25'),
(596, 25, 20, '1', '', '42', '2023-08-18 17:53:25', '42', '2023-08-18 17:53:25'),
(597, 25, 21, '', '', '42', '2023-08-18 17:53:25', '42', '2023-08-18 17:53:25'),
(598, 25, 24, '', '', '42', '2023-08-18 17:53:25', '42', '2023-08-18 17:53:25'),
(599, 25, 22, '', '', '42', '2023-08-18 17:53:25', '42', '2023-08-18 17:53:25'),
(600, 25, 23, '', '', '42', '2023-08-18 17:53:25', '42', '2023-08-18 17:53:25'),
(601, 26, 1, '127', '', '42', '2023-08-18 17:53:51', '42', '2023-08-18 17:53:51'),
(602, 26, 2, '1', '', '42', '2023-08-18 17:53:51', '42', '2023-08-18 17:53:51'),
(603, 26, 3, '1', '', '42', '2023-08-18 17:53:51', '42', '2023-08-18 17:53:51'),
(604, 26, 4, '1', '', '42', '2023-08-18 17:53:51', '42', '2023-08-18 17:53:51'),
(605, 26, 5, '0', 'wiper broken', '42', '2023-08-18 17:53:51', '42', '2023-08-18 17:53:51'),
(606, 26, 6, '1', '', '42', '2023-08-18 17:53:51', '42', '2023-08-18 17:53:51'),
(607, 26, 7, '1', '', '42', '2023-08-18 17:53:51', '42', '2023-08-18 17:53:51'),
(608, 26, 8, '1', '', '42', '2023-08-18 17:53:51', '42', '2023-08-18 17:53:51'),
(609, 26, 9, '1', '', '42', '2023-08-18 17:53:51', '42', '2023-08-18 17:53:51'),
(610, 26, 10, '1', '', '42', '2023-08-18 17:53:51', '42', '2023-08-18 17:53:51'),
(611, 26, 11, '1', '', '42', '2023-08-18 17:53:51', '42', '2023-08-18 17:53:51'),
(612, 26, 12, '1', '', '42', '2023-08-18 17:53:51', '42', '2023-08-18 17:53:51'),
(613, 26, 13, '1', '', '42', '2023-08-18 17:53:51', '42', '2023-08-18 17:53:51'),
(614, 26, 14, '1', '', '42', '2023-08-18 17:53:51', '42', '2023-08-18 17:53:51'),
(615, 26, 15, '1', '', '42', '2023-08-18 17:53:51', '42', '2023-08-18 17:53:51'),
(616, 26, 16, '1', '', '42', '2023-08-18 17:53:51', '42', '2023-08-18 17:53:51'),
(617, 26, 17, '1', '', '42', '2023-08-18 17:53:51', '42', '2023-08-18 17:53:51'),
(618, 26, 18, '1', '', '42', '2023-08-18 17:53:51', '42', '2023-08-18 17:53:51'),
(619, 26, 19, '1', '', '42', '2023-08-18 17:53:51', '42', '2023-08-18 17:53:51'),
(620, 26, 20, '1', '', '42', '2023-08-18 17:53:51', '42', '2023-08-18 17:53:51'),
(621, 26, 21, '', '', '42', '2023-08-18 17:53:51', '42', '2023-08-18 17:53:51'),
(622, 26, 24, '', '', '42', '2023-08-18 17:53:51', '42', '2023-08-18 17:53:51'),
(623, 26, 22, '', '', '42', '2023-08-18 17:53:51', '42', '2023-08-18 17:53:51'),
(624, 26, 23, '', '', '42', '2023-08-18 17:53:51', '42', '2023-08-18 17:53:51'),
(625, 27, 1, '127', '', '42', '2023-08-18 17:54:40', '42', '2023-08-18 17:54:40'),
(626, 27, 2, '1', '', '42', '2023-08-18 17:54:40', '42', '2023-08-18 17:54:40'),
(627, 27, 3, '1', '', '42', '2023-08-18 17:54:40', '42', '2023-08-18 17:54:40'),
(628, 27, 4, '1', '', '42', '2023-08-18 17:54:40', '42', '2023-08-18 17:54:40'),
(629, 27, 5, '0', 'wiper broken', '42', '2023-08-18 17:54:40', '42', '2023-08-18 17:54:40'),
(630, 27, 6, '1', '', '42', '2023-08-18 17:54:40', '42', '2023-08-18 17:54:40'),
(631, 27, 7, '1', '', '42', '2023-08-18 17:54:40', '42', '2023-08-18 17:54:40'),
(632, 27, 8, '1', '', '42', '2023-08-18 17:54:40', '42', '2023-08-18 17:54:40'),
(633, 27, 9, '1', '', '42', '2023-08-18 17:54:40', '42', '2023-08-18 17:54:40'),
(634, 27, 10, '1', '', '42', '2023-08-18 17:54:40', '42', '2023-08-18 17:54:40'),
(635, 27, 11, '1', '', '42', '2023-08-18 17:54:40', '42', '2023-08-18 17:54:40'),
(636, 27, 12, '1', '', '42', '2023-08-18 17:54:40', '42', '2023-08-18 17:54:40'),
(637, 27, 13, '1', '', '42', '2023-08-18 17:54:40', '42', '2023-08-18 17:54:40'),
(638, 27, 14, '1', '', '42', '2023-08-18 17:54:40', '42', '2023-08-18 17:54:40'),
(639, 27, 15, '1', '', '42', '2023-08-18 17:54:40', '42', '2023-08-18 17:54:40'),
(640, 27, 16, '1', '', '42', '2023-08-18 17:54:40', '42', '2023-08-18 17:54:40'),
(641, 27, 17, '1', '', '42', '2023-08-18 17:54:40', '42', '2023-08-18 17:54:40'),
(642, 27, 18, '1', '', '42', '2023-08-18 17:54:40', '42', '2023-08-18 17:54:40'),
(643, 27, 19, '1', '', '42', '2023-08-18 17:54:40', '42', '2023-08-18 17:54:40'),
(644, 27, 20, '1', '', '42', '2023-08-18 17:54:40', '42', '2023-08-18 17:54:40'),
(645, 27, 21, '', '', '42', '2023-08-18 17:54:40', '42', '2023-08-18 17:54:40'),
(646, 27, 24, '', '', '42', '2023-08-18 17:54:40', '42', '2023-08-18 17:54:40'),
(647, 27, 22, '', '', '42', '2023-08-18 17:54:40', '42', '2023-08-18 17:54:40'),
(648, 27, 23, '', '', '42', '2023-08-18 17:54:40', '42', '2023-08-18 17:54:40'),
(649, 28, 1, '127', '', '42', '2023-08-18 17:58:53', '42', '2023-08-18 17:58:53');
INSERT INTO `tbl_inspection_dtl` (`InspectionDtlID`, `InspectionHdrID`, `CheckListParamID`, `CheckListParamValue`, `Remarks`, `CreatedBy`, `CreatedOn`, `ModifiedBy`, `ModifiedOn`) VALUES
(650, 28, 2, '1', '', '42', '2023-08-18 17:58:53', '42', '2023-08-18 17:58:53'),
(651, 28, 3, '1', '', '42', '2023-08-18 17:58:53', '42', '2023-08-18 17:58:53'),
(652, 28, 4, '1', '', '42', '2023-08-18 17:58:53', '42', '2023-08-18 17:58:53'),
(653, 28, 5, '0', 'wiper broken', '42', '2023-08-18 17:58:53', '42', '2023-08-18 17:58:53'),
(654, 28, 6, '1', '', '42', '2023-08-18 17:58:53', '42', '2023-08-18 17:58:53'),
(655, 28, 7, '1', '', '42', '2023-08-18 17:58:53', '42', '2023-08-18 17:58:53'),
(656, 28, 8, '1', '', '42', '2023-08-18 17:58:53', '42', '2023-08-18 17:58:53'),
(657, 28, 9, '1', '', '42', '2023-08-18 17:58:53', '42', '2023-08-18 17:58:53'),
(658, 28, 10, '1', '', '42', '2023-08-18 17:58:53', '42', '2023-08-18 17:58:53'),
(659, 28, 11, '1', '', '42', '2023-08-18 17:58:53', '42', '2023-08-18 17:58:53'),
(660, 28, 12, '1', '', '42', '2023-08-18 17:58:53', '42', '2023-08-18 17:58:53'),
(661, 28, 13, '1', '', '42', '2023-08-18 17:58:53', '42', '2023-08-18 17:58:53'),
(662, 28, 14, '1', '', '42', '2023-08-18 17:58:53', '42', '2023-08-18 17:58:53'),
(663, 28, 15, '1', '', '42', '2023-08-18 17:58:53', '42', '2023-08-18 17:58:53'),
(664, 28, 16, '1', '', '42', '2023-08-18 17:58:53', '42', '2023-08-18 17:58:53'),
(665, 28, 17, '1', '', '42', '2023-08-18 17:58:53', '42', '2023-08-18 17:58:53'),
(666, 28, 18, '1', '', '42', '2023-08-18 17:58:53', '42', '2023-08-18 17:58:53'),
(667, 28, 19, '1', '', '42', '2023-08-18 17:58:53', '42', '2023-08-18 17:58:53'),
(668, 28, 20, '1', '', '42', '2023-08-18 17:58:53', '42', '2023-08-18 17:58:53'),
(669, 28, 21, '', '', '42', '2023-08-18 17:58:53', '42', '2023-08-18 17:58:53'),
(670, 28, 24, '', '', '42', '2023-08-18 17:58:53', '42', '2023-08-18 17:58:53'),
(671, 28, 22, '', '', '42', '2023-08-18 17:58:53', '42', '2023-08-18 17:58:53'),
(672, 28, 23, '', '', '42', '2023-08-18 17:58:53', '42', '2023-08-18 17:58:53'),
(673, 29, 1, '10000', 'a', '39', '2023-08-19 21:57:23', '39', '2023-08-19 21:57:23'),
(674, 29, 2, '1', '', '39', '2023-08-19 21:57:23', '39', '2023-08-19 21:57:23'),
(675, 29, 3, '1', '', '39', '2023-08-19 21:57:23', '39', '2023-08-19 21:57:23'),
(676, 29, 4, '1', '', '39', '2023-08-19 21:57:23', '39', '2023-08-19 21:57:23'),
(677, 29, 5, '1', '', '39', '2023-08-19 21:57:23', '39', '2023-08-19 21:57:23'),
(678, 29, 6, '1', '', '39', '2023-08-19 21:57:23', '39', '2023-08-19 21:57:23'),
(679, 29, 7, '1', '', '39', '2023-08-19 21:57:23', '39', '2023-08-19 21:57:23'),
(680, 29, 8, '1', '', '39', '2023-08-19 21:57:23', '39', '2023-08-19 21:57:23'),
(681, 29, 9, '1', '', '39', '2023-08-19 21:57:23', '39', '2023-08-19 21:57:23'),
(682, 29, 10, '1', '', '39', '2023-08-19 21:57:23', '39', '2023-08-19 21:57:23'),
(683, 29, 11, '1', '', '39', '2023-08-19 21:57:23', '39', '2023-08-19 21:57:23'),
(684, 29, 12, '1', '', '39', '2023-08-19 21:57:23', '39', '2023-08-19 21:57:23'),
(685, 29, 13, '1', '', '39', '2023-08-19 21:57:23', '39', '2023-08-19 21:57:23'),
(686, 29, 14, '1', '', '39', '2023-08-19 21:57:23', '39', '2023-08-19 21:57:23'),
(687, 29, 15, '1', '', '39', '2023-08-19 21:57:23', '39', '2023-08-19 21:57:23'),
(688, 29, 16, '1', '', '39', '2023-08-19 21:57:23', '39', '2023-08-19 21:57:23'),
(689, 29, 17, '1', '', '39', '2023-08-19 21:57:23', '39', '2023-08-19 21:57:23'),
(690, 29, 18, '1', '', '39', '2023-08-19 21:57:23', '39', '2023-08-19 21:57:23'),
(691, 29, 19, '1', '', '39', '2023-08-19 21:57:23', '39', '2023-08-19 21:57:23'),
(692, 29, 20, '1', '', '39', '2023-08-19 21:57:23', '39', '2023-08-19 21:57:23'),
(693, 29, 21, '1', '', '39', '2023-08-19 21:57:23', '39', '2023-08-19 21:57:23'),
(694, 29, 24, '2', '', '39', '2023-08-19 21:57:23', '39', '2023-08-19 21:57:23'),
(695, 29, 22, '27', '', '39', '2023-08-19 21:57:23', '39', '2023-08-19 21:57:23'),
(696, 29, 23, '47', '', '39', '2023-08-19 21:57:23', '39', '2023-08-19 21:57:23'),
(697, 30, 1, '1254', '', '46', '2023-08-19 22:11:02', '46', '2023-08-19 22:11:02'),
(698, 30, 2, '1', '', '46', '2023-08-19 22:11:02', '46', '2023-08-19 22:11:02'),
(699, 30, 3, '1', '', '46', '2023-08-19 22:11:02', '46', '2023-08-19 22:11:02'),
(700, 30, 4, '1', '', '46', '2023-08-19 22:11:02', '46', '2023-08-19 22:11:02'),
(701, 30, 5, '1', '', '46', '2023-08-19 22:11:02', '46', '2023-08-19 22:11:02'),
(702, 30, 6, '1', '', '46', '2023-08-19 22:11:02', '46', '2023-08-19 22:11:02'),
(703, 30, 7, '1', '', '46', '2023-08-19 22:11:02', '46', '2023-08-19 22:11:02'),
(704, 30, 8, '1', '', '46', '2023-08-19 22:11:02', '46', '2023-08-19 22:11:02'),
(705, 30, 9, '1', '', '46', '2023-08-19 22:11:02', '46', '2023-08-19 22:11:02'),
(706, 30, 10, '1', '', '46', '2023-08-19 22:11:02', '46', '2023-08-19 22:11:02'),
(707, 30, 11, '1', '', '46', '2023-08-19 22:11:02', '46', '2023-08-19 22:11:02'),
(708, 30, 12, '1', '', '46', '2023-08-19 22:11:02', '46', '2023-08-19 22:11:02'),
(709, 30, 13, '1', '', '46', '2023-08-19 22:11:02', '46', '2023-08-19 22:11:02'),
(710, 30, 14, '1', '', '46', '2023-08-19 22:11:02', '46', '2023-08-19 22:11:02'),
(711, 30, 15, '1', '', '46', '2023-08-19 22:11:02', '46', '2023-08-19 22:11:02'),
(712, 30, 16, '1', '', '46', '2023-08-19 22:11:02', '46', '2023-08-19 22:11:02'),
(713, 30, 17, '1', '', '46', '2023-08-19 22:11:02', '46', '2023-08-19 22:11:02'),
(714, 30, 18, '1', '', '46', '2023-08-19 22:11:02', '46', '2023-08-19 22:11:02'),
(715, 30, 19, '1', '', '46', '2023-08-19 22:11:02', '46', '2023-08-19 22:11:02'),
(716, 30, 20, '1', '', '46', '2023-08-19 22:11:02', '46', '2023-08-19 22:11:02'),
(717, 30, 21, '2', '', '46', '2023-08-19 22:11:02', '46', '2023-08-19 22:11:02'),
(718, 30, 24, '1', '', '46', '2023-08-19 22:11:02', '46', '2023-08-19 22:11:02'),
(719, 30, 22, '28', '', '46', '2023-08-19 22:11:02', '46', '2023-08-19 22:11:02'),
(720, 30, 23, '52', '', '46', '2023-08-19 22:11:02', '46', '2023-08-19 22:11:02'),
(721, 31, 1, '3456', '', '46', '2023-08-19 22:12:48', '46', '2023-08-19 22:12:48'),
(722, 31, 2, '1', '', '46', '2023-08-19 22:12:48', '46', '2023-08-19 22:12:48'),
(723, 31, 3, '1', '', '46', '2023-08-19 22:12:48', '46', '2023-08-19 22:12:48'),
(724, 31, 4, '1', '', '46', '2023-08-19 22:12:48', '46', '2023-08-19 22:12:48'),
(725, 31, 5, '1', '', '46', '2023-08-19 22:12:48', '46', '2023-08-19 22:12:48'),
(726, 31, 6, '1', '', '46', '2023-08-19 22:12:48', '46', '2023-08-19 22:12:48'),
(727, 31, 7, '1', '', '46', '2023-08-19 22:12:48', '46', '2023-08-19 22:12:48'),
(728, 31, 8, '1', '', '46', '2023-08-19 22:12:48', '46', '2023-08-19 22:12:48'),
(729, 31, 9, '1', '', '46', '2023-08-19 22:12:48', '46', '2023-08-19 22:12:48'),
(730, 31, 10, '1', '', '46', '2023-08-19 22:12:48', '46', '2023-08-19 22:12:48'),
(731, 31, 11, '1', '', '46', '2023-08-19 22:12:48', '46', '2023-08-19 22:12:48'),
(732, 31, 12, '1', '', '46', '2023-08-19 22:12:48', '46', '2023-08-19 22:12:48'),
(733, 31, 13, '1', '', '46', '2023-08-19 22:12:48', '46', '2023-08-19 22:12:48'),
(734, 31, 14, '1', '', '46', '2023-08-19 22:12:48', '46', '2023-08-19 22:12:48'),
(735, 31, 15, '1', '', '46', '2023-08-19 22:12:48', '46', '2023-08-19 22:12:48'),
(736, 31, 16, '1', '', '46', '2023-08-19 22:12:48', '46', '2023-08-19 22:12:48'),
(737, 31, 17, '1', '', '46', '2023-08-19 22:12:48', '46', '2023-08-19 22:12:48'),
(738, 31, 18, '1', '', '46', '2023-08-19 22:12:48', '46', '2023-08-19 22:12:48'),
(739, 31, 19, '1', '', '46', '2023-08-19 22:12:48', '46', '2023-08-19 22:12:48'),
(740, 31, 20, '1', '', '46', '2023-08-19 22:12:48', '46', '2023-08-19 22:12:48'),
(741, 31, 21, '1', '', '46', '2023-08-19 22:12:48', '46', '2023-08-19 22:12:48'),
(742, 31, 24, '2', '', '46', '2023-08-19 22:12:48', '46', '2023-08-19 22:12:48'),
(743, 31, 22, '33', '', '46', '2023-08-19 22:12:48', '46', '2023-08-19 22:12:48'),
(744, 31, 23, '52', '', '46', '2023-08-19 22:12:48', '46', '2023-08-19 22:12:48'),
(745, 32, 1, '3456', '', '46', '2023-08-19 22:13:05', '46', '2023-08-19 22:13:05'),
(746, 32, 2, '1', '', '46', '2023-08-19 22:13:05', '46', '2023-08-19 22:13:05'),
(747, 32, 3, '1', '', '46', '2023-08-19 22:13:05', '46', '2023-08-19 22:13:05'),
(748, 32, 4, '1', '', '46', '2023-08-19 22:13:05', '46', '2023-08-19 22:13:05'),
(749, 32, 5, '1', '', '46', '2023-08-19 22:13:05', '46', '2023-08-19 22:13:05'),
(750, 32, 6, '1', '', '46', '2023-08-19 22:13:05', '46', '2023-08-19 22:13:05'),
(751, 32, 7, '1', '', '46', '2023-08-19 22:13:05', '46', '2023-08-19 22:13:05'),
(752, 32, 8, '1', '', '46', '2023-08-19 22:13:05', '46', '2023-08-19 22:13:05'),
(753, 32, 9, '1', '', '46', '2023-08-19 22:13:05', '46', '2023-08-19 22:13:05'),
(754, 32, 10, '1', '', '46', '2023-08-19 22:13:05', '46', '2023-08-19 22:13:05'),
(755, 32, 11, '1', '', '46', '2023-08-19 22:13:05', '46', '2023-08-19 22:13:05'),
(756, 32, 12, '1', '', '46', '2023-08-19 22:13:05', '46', '2023-08-19 22:13:05'),
(757, 32, 13, '1', '', '46', '2023-08-19 22:13:05', '46', '2023-08-19 22:13:05'),
(758, 32, 14, '1', '', '46', '2023-08-19 22:13:05', '46', '2023-08-19 22:13:05'),
(759, 32, 15, '1', '', '46', '2023-08-19 22:13:05', '46', '2023-08-19 22:13:05'),
(760, 32, 16, '1', '', '46', '2023-08-19 22:13:05', '46', '2023-08-19 22:13:05'),
(761, 32, 17, '1', '', '46', '2023-08-19 22:13:05', '46', '2023-08-19 22:13:05'),
(762, 32, 18, '1', '', '46', '2023-08-19 22:13:05', '46', '2023-08-19 22:13:05'),
(763, 32, 19, '1', '', '46', '2023-08-19 22:13:05', '46', '2023-08-19 22:13:05'),
(764, 32, 20, '1', '', '46', '2023-08-19 22:13:05', '46', '2023-08-19 22:13:05'),
(765, 32, 21, '1', '', '46', '2023-08-19 22:13:05', '46', '2023-08-19 22:13:05'),
(766, 32, 24, '2', '', '46', '2023-08-19 22:13:05', '46', '2023-08-19 22:13:05'),
(767, 32, 22, '33', '', '46', '2023-08-19 22:13:05', '46', '2023-08-19 22:13:05'),
(768, 32, 23, '52', '', '46', '2023-08-19 22:13:05', '46', '2023-08-19 22:13:05'),
(769, 33, 1, '12123', '', '39', '2023-08-20 10:49:15', '39', '2023-08-20 10:49:15'),
(770, 33, 2, '1', '', '39', '2023-08-20 10:49:15', '39', '2023-08-20 10:49:15'),
(771, 33, 3, '1', '', '39', '2023-08-20 10:49:15', '39', '2023-08-20 10:49:15'),
(772, 33, 4, '1', '', '39', '2023-08-20 10:49:15', '39', '2023-08-20 10:49:15'),
(773, 33, 5, '1', '', '39', '2023-08-20 10:49:15', '39', '2023-08-20 10:49:15'),
(774, 33, 6, '0', 'seta bely not proper', '39', '2023-08-20 10:49:15', '39', '2023-08-20 10:49:15'),
(775, 33, 7, '1', '', '39', '2023-08-20 10:49:15', '39', '2023-08-20 10:49:15'),
(776, 33, 8, '1', '', '39', '2023-08-20 10:49:15', '39', '2023-08-20 10:49:15'),
(777, 33, 9, '1', '', '39', '2023-08-20 10:49:15', '39', '2023-08-20 10:49:15'),
(778, 33, 10, '1', '', '39', '2023-08-20 10:49:15', '39', '2023-08-20 10:49:15'),
(779, 33, 11, '1', '', '39', '2023-08-20 10:49:15', '39', '2023-08-20 10:49:15'),
(780, 33, 12, '1', '', '39', '2023-08-20 10:49:15', '39', '2023-08-20 10:49:15'),
(781, 33, 13, '0', 'mirir not working', '39', '2023-08-20 10:49:15', '39', '2023-08-20 10:49:15'),
(782, 33, 14, '1', '', '39', '2023-08-20 10:49:15', '39', '2023-08-20 10:49:15'),
(783, 33, 15, '1', '', '39', '2023-08-20 10:49:15', '39', '2023-08-20 10:49:15'),
(784, 33, 16, '1', '', '39', '2023-08-20 10:49:15', '39', '2023-08-20 10:49:15'),
(785, 33, 17, '1', '', '39', '2023-08-20 10:49:15', '39', '2023-08-20 10:49:15'),
(786, 33, 18, '1', '', '39', '2023-08-20 10:49:15', '39', '2023-08-20 10:49:15'),
(787, 33, 19, '1', '', '39', '2023-08-20 10:49:15', '39', '2023-08-20 10:49:15'),
(788, 33, 20, '1', '', '39', '2023-08-20 10:49:15', '39', '2023-08-20 10:49:15'),
(789, 33, 21, '', '', '39', '2023-08-20 10:49:15', '39', '2023-08-20 10:49:15'),
(790, 33, 24, '', '', '39', '2023-08-20 10:49:15', '39', '2023-08-20 10:49:15'),
(791, 33, 22, '', '', '39', '2023-08-20 10:49:15', '39', '2023-08-20 10:49:15'),
(792, 33, 23, '', '', '39', '2023-08-20 10:49:15', '39', '2023-08-20 10:49:15'),
(793, 34, 1, '76565', '', '39', '2023-08-20 11:27:40', '39', '2023-08-20 11:27:40'),
(794, 34, 2, '1', '', '39', '2023-08-20 11:27:40', '39', '2023-08-20 11:27:40'),
(795, 34, 3, '1', '', '39', '2023-08-20 11:27:40', '39', '2023-08-20 11:27:40'),
(796, 34, 4, '1', '', '39', '2023-08-20 11:27:40', '39', '2023-08-20 11:27:40'),
(797, 34, 5, '0', 'wiper not pripoer', '39', '2023-08-20 11:27:40', '39', '2023-08-20 11:27:40'),
(798, 34, 6, '1', '', '39', '2023-08-20 11:27:40', '39', '2023-08-20 11:27:40'),
(799, 34, 7, '1', '', '39', '2023-08-20 11:27:40', '39', '2023-08-20 11:27:40'),
(800, 34, 8, '1', '', '39', '2023-08-20 11:27:40', '39', '2023-08-20 11:27:40'),
(801, 34, 9, '1', '', '39', '2023-08-20 11:27:40', '39', '2023-08-20 11:27:40'),
(802, 34, 10, '1', '', '39', '2023-08-20 11:27:40', '39', '2023-08-20 11:27:40'),
(803, 34, 11, '1', '', '39', '2023-08-20 11:27:40', '39', '2023-08-20 11:27:40'),
(804, 34, 12, '1', '', '39', '2023-08-20 11:27:40', '39', '2023-08-20 11:27:40'),
(805, 34, 13, '1', '', '39', '2023-08-20 11:27:40', '39', '2023-08-20 11:27:40'),
(806, 34, 14, '1', '', '39', '2023-08-20 11:27:40', '39', '2023-08-20 11:27:40'),
(807, 34, 15, '1', '', '39', '2023-08-20 11:27:40', '39', '2023-08-20 11:27:40'),
(808, 34, 16, '1', '', '39', '2023-08-20 11:27:40', '39', '2023-08-20 11:27:40'),
(809, 34, 17, '1', '', '39', '2023-08-20 11:27:40', '39', '2023-08-20 11:27:40'),
(810, 34, 18, '1', '', '39', '2023-08-20 11:27:40', '39', '2023-08-20 11:27:40'),
(811, 34, 19, '1', '', '39', '2023-08-20 11:27:40', '39', '2023-08-20 11:27:40'),
(812, 34, 20, '1', '', '39', '2023-08-20 11:27:40', '39', '2023-08-20 11:27:40'),
(813, 34, 21, '', '', '39', '2023-08-20 11:27:40', '39', '2023-08-20 11:27:40'),
(814, 34, 24, '11', '', '39', '2023-08-20 11:27:40', '39', '2023-08-20 11:27:40'),
(815, 34, 22, '', '', '39', '2023-08-20 11:27:40', '39', '2023-08-20 11:27:40'),
(816, 34, 23, '', '', '39', '2023-08-20 11:27:40', '39', '2023-08-20 11:27:40'),
(817, 35, 1, '10100', '', '39', '2023-08-21 12:54:13', '39', '2023-08-21 12:54:13'),
(818, 35, 2, '1', '', '39', '2023-08-21 12:54:13', '39', '2023-08-21 12:54:13'),
(819, 35, 3, '1', '', '39', '2023-08-21 12:54:13', '39', '2023-08-21 12:54:13'),
(820, 35, 4, '1', '', '39', '2023-08-21 12:54:13', '39', '2023-08-21 12:54:13'),
(821, 35, 5, '1', '', '39', '2023-08-21 12:54:13', '39', '2023-08-21 12:54:13'),
(822, 35, 6, '1', '', '39', '2023-08-21 12:54:13', '39', '2023-08-21 12:54:13'),
(823, 35, 7, '1', '', '39', '2023-08-21 12:54:13', '39', '2023-08-21 12:54:13'),
(824, 35, 8, '1', '', '39', '2023-08-21 12:54:13', '39', '2023-08-21 12:54:13'),
(825, 35, 9, '1', '', '39', '2023-08-21 12:54:13', '39', '2023-08-21 12:54:13'),
(826, 35, 10, '1', '', '39', '2023-08-21 12:54:13', '39', '2023-08-21 12:54:13'),
(827, 35, 11, '1', '', '39', '2023-08-21 12:54:14', '39', '2023-08-21 12:54:14'),
(828, 35, 12, '1', '', '39', '2023-08-21 12:54:14', '39', '2023-08-21 12:54:14'),
(829, 35, 13, '1', '', '39', '2023-08-21 12:54:14', '39', '2023-08-21 12:54:14'),
(830, 35, 14, '1', '', '39', '2023-08-21 12:54:14', '39', '2023-08-21 12:54:14'),
(831, 35, 15, '1', '', '39', '2023-08-21 12:54:14', '39', '2023-08-21 12:54:14'),
(832, 35, 16, '1', '', '39', '2023-08-21 12:54:14', '39', '2023-08-21 12:54:14'),
(833, 35, 17, '1', '', '39', '2023-08-21 12:54:14', '39', '2023-08-21 12:54:14'),
(834, 35, 18, '1', '', '39', '2023-08-21 12:54:14', '39', '2023-08-21 12:54:14'),
(835, 35, 19, '1', '', '39', '2023-08-21 12:54:14', '39', '2023-08-21 12:54:14'),
(836, 35, 20, '1', '', '39', '2023-08-21 12:54:14', '39', '2023-08-21 12:54:14'),
(837, 35, 21, '2', '', '39', '2023-08-21 12:54:14', '39', '2023-08-21 12:54:14'),
(838, 35, 24, '', '', '39', '2023-08-21 12:54:14', '39', '2023-08-21 12:54:14'),
(839, 35, 22, '30', '', '39', '2023-08-21 12:54:14', '39', '2023-08-21 12:54:14'),
(840, 35, 23, '48', '', '39', '2023-08-21 12:54:14', '39', '2023-08-21 12:54:14'),
(841, 36, 1, '', '', '46', '2023-08-21 15:51:57', '46', '2023-08-21 15:51:57'),
(842, 36, 2, '1', '', '46', '2023-08-21 15:51:57', '46', '2023-08-21 15:51:57'),
(843, 36, 3, '1', '', '46', '2023-08-21 15:51:57', '46', '2023-08-21 15:51:57'),
(844, 36, 4, '1', '', '46', '2023-08-21 15:51:57', '46', '2023-08-21 15:51:57'),
(845, 36, 5, '1', '', '46', '2023-08-21 15:51:57', '46', '2023-08-21 15:51:57'),
(846, 36, 6, '1', '', '46', '2023-08-21 15:51:57', '46', '2023-08-21 15:51:57'),
(847, 36, 7, '1', '', '46', '2023-08-21 15:51:57', '46', '2023-08-21 15:51:57'),
(848, 36, 8, '1', '', '46', '2023-08-21 15:51:57', '46', '2023-08-21 15:51:57'),
(849, 36, 9, '1', '', '46', '2023-08-21 15:51:57', '46', '2023-08-21 15:51:57'),
(850, 36, 10, '1', '', '46', '2023-08-21 15:51:57', '46', '2023-08-21 15:51:57'),
(851, 36, 11, '1', '', '46', '2023-08-21 15:51:57', '46', '2023-08-21 15:51:57'),
(852, 36, 12, '1', '', '46', '2023-08-21 15:51:57', '46', '2023-08-21 15:51:57'),
(853, 36, 13, '1', '', '46', '2023-08-21 15:51:57', '46', '2023-08-21 15:51:57'),
(854, 36, 14, '1', '', '46', '2023-08-21 15:51:57', '46', '2023-08-21 15:51:57'),
(855, 36, 15, '1', '', '46', '2023-08-21 15:51:57', '46', '2023-08-21 15:51:57'),
(856, 36, 16, '1', '', '46', '2023-08-21 15:51:57', '46', '2023-08-21 15:51:57'),
(857, 36, 17, '1', '', '46', '2023-08-21 15:51:57', '46', '2023-08-21 15:51:57'),
(858, 36, 18, '1', '', '46', '2023-08-21 15:51:57', '46', '2023-08-21 15:51:57'),
(859, 36, 19, '1', '', '46', '2023-08-21 15:51:57', '46', '2023-08-21 15:51:57'),
(860, 36, 20, '1', '', '46', '2023-08-21 15:51:57', '46', '2023-08-21 15:51:57'),
(861, 36, 21, '1', '', '46', '2023-08-21 15:51:57', '46', '2023-08-21 15:51:57'),
(862, 36, 24, '13', '', '46', '2023-08-21 15:51:57', '46', '2023-08-21 15:51:57'),
(863, 36, 22, '38', '', '46', '2023-08-21 15:51:57', '46', '2023-08-21 15:51:57'),
(864, 36, 23, '52', '', '46', '2023-08-21 15:51:57', '46', '2023-08-21 15:51:57'),
(865, 37, 1, '250', '', '2', '2023-08-21 19:04:11', '2', '2023-08-21 19:04:11'),
(866, 37, 2, '1', '', '2', '2023-08-21 19:04:11', '2', '2023-08-21 19:04:11'),
(867, 37, 3, '1', '', '2', '2023-08-21 19:04:11', '2', '2023-08-21 19:04:11'),
(868, 37, 4, '1', '', '2', '2023-08-21 19:04:11', '2', '2023-08-21 19:04:11'),
(869, 37, 5, '1', '', '2', '2023-08-21 19:04:11', '2', '2023-08-21 19:04:11'),
(870, 37, 6, '1', '', '2', '2023-08-21 19:04:11', '2', '2023-08-21 19:04:11'),
(871, 37, 7, '1', '', '2', '2023-08-21 19:04:11', '2', '2023-08-21 19:04:11'),
(872, 37, 8, '1', '', '2', '2023-08-21 19:04:11', '2', '2023-08-21 19:04:11'),
(873, 37, 9, '1', '', '2', '2023-08-21 19:04:11', '2', '2023-08-21 19:04:11'),
(874, 37, 10, '1', '', '2', '2023-08-21 19:04:11', '2', '2023-08-21 19:04:11'),
(875, 37, 11, '1', '', '2', '2023-08-21 19:04:11', '2', '2023-08-21 19:04:11'),
(876, 37, 12, '1', '', '2', '2023-08-21 19:04:11', '2', '2023-08-21 19:04:11'),
(877, 37, 13, '1', '', '2', '2023-08-21 19:04:11', '2', '2023-08-21 19:04:11'),
(878, 37, 14, '1', '', '2', '2023-08-21 19:04:11', '2', '2023-08-21 19:04:11'),
(879, 37, 15, '1', '', '2', '2023-08-21 19:04:11', '2', '2023-08-21 19:04:11'),
(880, 37, 16, '1', '', '2', '2023-08-21 19:04:11', '2', '2023-08-21 19:04:11'),
(881, 37, 17, '1', '', '2', '2023-08-21 19:04:11', '2', '2023-08-21 19:04:11'),
(882, 37, 18, '1', '', '2', '2023-08-21 19:04:11', '2', '2023-08-21 19:04:11'),
(883, 37, 19, '1', '', '2', '2023-08-21 19:04:11', '2', '2023-08-21 19:04:11'),
(884, 37, 20, '1', '', '2', '2023-08-21 19:04:11', '2', '2023-08-21 19:04:11'),
(885, 37, 21, '', '', '2', '2023-08-21 19:04:11', '2', '2023-08-21 19:04:11'),
(886, 37, 24, '', '', '2', '2023-08-21 19:04:11', '2', '2023-08-21 19:04:11'),
(887, 37, 22, '', '', '2', '2023-08-21 19:04:11', '2', '2023-08-21 19:04:11'),
(888, 37, 23, '', '', '2', '2023-08-21 19:04:11', '2', '2023-08-21 19:04:11'),
(889, 38, 1, '34123', '', '39', '2023-08-22 15:52:15', '39', '2023-08-22 15:52:15'),
(890, 38, 2, '1', '', '39', '2023-08-22 15:52:15', '39', '2023-08-22 15:52:15'),
(891, 38, 3, '1', '', '39', '2023-08-22 15:52:15', '39', '2023-08-22 15:52:15'),
(892, 38, 4, '1', '', '39', '2023-08-22 15:52:15', '39', '2023-08-22 15:52:15'),
(893, 38, 5, '1', '', '39', '2023-08-22 15:52:15', '39', '2023-08-22 15:52:15'),
(894, 38, 6, '1', '', '39', '2023-08-22 15:52:15', '39', '2023-08-22 15:52:15'),
(895, 38, 7, '1', '', '39', '2023-08-22 15:52:15', '39', '2023-08-22 15:52:15'),
(896, 38, 8, '1', '', '39', '2023-08-22 15:52:15', '39', '2023-08-22 15:52:15'),
(897, 38, 9, '1', '', '39', '2023-08-22 15:52:15', '39', '2023-08-22 15:52:15'),
(898, 38, 10, '1', '', '39', '2023-08-22 15:52:15', '39', '2023-08-22 15:52:15'),
(899, 38, 11, '1', '', '39', '2023-08-22 15:52:15', '39', '2023-08-22 15:52:15'),
(900, 38, 12, '0', 'not proper', '39', '2023-08-22 15:52:15', '39', '2023-08-22 15:52:15'),
(901, 38, 13, '1', '', '39', '2023-08-22 15:52:15', '39', '2023-08-22 15:52:15'),
(902, 38, 14, '1', '', '39', '2023-08-22 15:52:15', '39', '2023-08-22 15:52:15'),
(903, 38, 15, '1', '', '39', '2023-08-22 15:52:15', '39', '2023-08-22 15:52:15'),
(904, 38, 16, '1', '', '39', '2023-08-22 15:52:15', '39', '2023-08-22 15:52:15'),
(905, 38, 17, '1', '', '39', '2023-08-22 15:52:15', '39', '2023-08-22 15:52:15'),
(906, 38, 18, '1', '', '39', '2023-08-22 15:52:15', '39', '2023-08-22 15:52:15'),
(907, 38, 19, '1', '', '39', '2023-08-22 15:52:15', '39', '2023-08-22 15:52:15'),
(908, 38, 20, '1', '', '39', '2023-08-22 15:52:15', '39', '2023-08-22 15:52:15'),
(909, 38, 21, '', '', '39', '2023-08-22 15:52:15', '39', '2023-08-22 15:52:15'),
(910, 38, 24, '4', 'not good', '39', '2023-08-22 15:52:15', '39', '2023-08-22 15:52:15'),
(911, 38, 22, '', '', '39', '2023-08-22 15:52:15', '39', '2023-08-22 15:52:15'),
(912, 38, 23, '', '', '39', '2023-08-22 15:52:15', '39', '2023-08-22 15:52:15'),
(913, 39, 1, '35000', '', '39', '2023-08-22 17:05:13', '39', '2023-08-22 17:05:13'),
(914, 39, 2, '1', '', '39', '2023-08-22 17:05:13', '39', '2023-08-22 17:05:13'),
(915, 39, 3, '1', '', '39', '2023-08-22 17:05:13', '39', '2023-08-22 17:05:13'),
(916, 39, 4, '1', '', '39', '2023-08-22 17:05:13', '39', '2023-08-22 17:05:13'),
(917, 39, 5, '1', '', '39', '2023-08-22 17:05:13', '39', '2023-08-22 17:05:13'),
(918, 39, 6, '1', '', '39', '2023-08-22 17:05:13', '39', '2023-08-22 17:05:13'),
(919, 39, 7, '1', '', '39', '2023-08-22 17:05:13', '39', '2023-08-22 17:05:13'),
(920, 39, 8, '1', '', '39', '2023-08-22 17:05:13', '39', '2023-08-22 17:05:13'),
(921, 39, 9, '1', '', '39', '2023-08-22 17:05:13', '39', '2023-08-22 17:05:13'),
(922, 39, 10, '1', '', '39', '2023-08-22 17:05:13', '39', '2023-08-22 17:05:13'),
(923, 39, 11, '1', '', '39', '2023-08-22 17:05:13', '39', '2023-08-22 17:05:13'),
(924, 39, 12, '1', '', '39', '2023-08-22 17:05:13', '39', '2023-08-22 17:05:13'),
(925, 39, 13, '1', '', '39', '2023-08-22 17:05:13', '39', '2023-08-22 17:05:13'),
(926, 39, 14, '1', '', '39', '2023-08-22 17:05:13', '39', '2023-08-22 17:05:13'),
(927, 39, 15, '1', '', '39', '2023-08-22 17:05:13', '39', '2023-08-22 17:05:13'),
(928, 39, 16, '1', '', '39', '2023-08-22 17:05:13', '39', '2023-08-22 17:05:13'),
(929, 39, 17, '1', '', '39', '2023-08-22 17:05:13', '39', '2023-08-22 17:05:13'),
(930, 39, 18, '1', '', '39', '2023-08-22 17:05:13', '39', '2023-08-22 17:05:13'),
(931, 39, 19, '1', '', '39', '2023-08-22 17:05:13', '39', '2023-08-22 17:05:13'),
(932, 39, 20, '1', '', '39', '2023-08-22 17:05:13', '39', '2023-08-22 17:05:13'),
(933, 39, 21, '11', '', '39', '2023-08-22 17:05:13', '39', '2023-08-22 17:05:13'),
(934, 39, 24, '1', '', '39', '2023-08-22 17:05:13', '39', '2023-08-22 17:05:13'),
(935, 39, 22, '29', '', '39', '2023-08-22 17:05:13', '39', '2023-08-22 17:05:13'),
(936, 39, 23, '48', '', '39', '2023-08-22 17:05:13', '39', '2023-08-22 17:05:13'),
(937, 40, 1, '35000', '', '48', '2023-08-22 17:11:48', '48', '2023-08-22 17:11:48'),
(938, 40, 2, '1', '', '48', '2023-08-22 17:11:48', '48', '2023-08-22 17:11:48'),
(939, 40, 3, '1', '', '48', '2023-08-22 17:11:48', '48', '2023-08-22 17:11:48'),
(940, 40, 4, '1', '', '48', '2023-08-22 17:11:48', '48', '2023-08-22 17:11:48'),
(941, 40, 5, '1', '', '48', '2023-08-22 17:11:48', '48', '2023-08-22 17:11:48'),
(942, 40, 6, '1', '', '48', '2023-08-22 17:11:48', '48', '2023-08-22 17:11:48'),
(943, 40, 7, '1', '', '48', '2023-08-22 17:11:48', '48', '2023-08-22 17:11:48'),
(944, 40, 8, '1', '', '48', '2023-08-22 17:11:48', '48', '2023-08-22 17:11:48'),
(945, 40, 9, '1', '', '48', '2023-08-22 17:11:48', '48', '2023-08-22 17:11:48'),
(946, 40, 10, '1', '', '48', '2023-08-22 17:11:48', '48', '2023-08-22 17:11:48'),
(947, 40, 11, '1', '', '48', '2023-08-22 17:11:48', '48', '2023-08-22 17:11:48'),
(948, 40, 12, '1', '', '48', '2023-08-22 17:11:48', '48', '2023-08-22 17:11:48'),
(949, 40, 13, '1', '', '48', '2023-08-22 17:11:48', '48', '2023-08-22 17:11:48'),
(950, 40, 14, '1', '', '48', '2023-08-22 17:11:48', '48', '2023-08-22 17:11:48'),
(951, 40, 15, '1', '', '48', '2023-08-22 17:11:48', '48', '2023-08-22 17:11:48'),
(952, 40, 16, '1', '', '48', '2023-08-22 17:11:48', '48', '2023-08-22 17:11:48'),
(953, 40, 17, '1', '', '48', '2023-08-22 17:11:48', '48', '2023-08-22 17:11:48'),
(954, 40, 18, '1', '', '48', '2023-08-22 17:11:48', '48', '2023-08-22 17:11:48'),
(955, 40, 19, '1', '', '48', '2023-08-22 17:11:48', '48', '2023-08-22 17:11:48'),
(956, 40, 20, '1', '', '48', '2023-08-22 17:11:48', '48', '2023-08-22 17:11:48'),
(957, 40, 21, '64', '', '48', '2023-08-22 17:11:48', '48', '2023-08-22 17:11:48'),
(958, 40, 24, '64', '', '48', '2023-08-22 17:11:48', '48', '2023-08-22 17:11:48'),
(959, 40, 22, '65', '', '48', '2023-08-22 17:11:48', '48', '2023-08-22 17:11:48'),
(960, 40, 23, '66', '', '48', '2023-08-22 17:11:48', '48', '2023-08-22 17:11:48'),
(961, 41, 1, '25', '', '50', '2023-08-26 16:58:16', '50', '2023-08-26 16:58:16'),
(962, 41, 2, '1', '', '50', '2023-08-26 16:58:16', '50', '2023-08-26 16:58:16'),
(963, 41, 3, '1', '', '50', '2023-08-26 16:58:16', '50', '2023-08-26 16:58:16'),
(964, 41, 4, '1', '', '50', '2023-08-26 16:58:16', '50', '2023-08-26 16:58:16'),
(965, 41, 5, '1', '', '50', '2023-08-26 16:58:16', '50', '2023-08-26 16:58:16'),
(966, 41, 6, '1', '', '50', '2023-08-26 16:58:16', '50', '2023-08-26 16:58:16'),
(967, 41, 7, '1', '', '50', '2023-08-26 16:58:16', '50', '2023-08-26 16:58:16'),
(968, 41, 8, '1', '', '50', '2023-08-26 16:58:16', '50', '2023-08-26 16:58:16'),
(969, 41, 9, '1', '', '50', '2023-08-26 16:58:16', '50', '2023-08-26 16:58:16'),
(970, 41, 10, '1', '', '50', '2023-08-26 16:58:16', '50', '2023-08-26 16:58:16'),
(971, 41, 11, '1', '', '50', '2023-08-26 16:58:16', '50', '2023-08-26 16:58:16'),
(972, 41, 12, '1', '', '50', '2023-08-26 16:58:16', '50', '2023-08-26 16:58:16'),
(973, 41, 13, '1', '', '50', '2023-08-26 16:58:16', '50', '2023-08-26 16:58:16'),
(974, 41, 14, '1', '', '50', '2023-08-26 16:58:16', '50', '2023-08-26 16:58:16'),
(975, 41, 15, '1', '', '50', '2023-08-26 16:58:16', '50', '2023-08-26 16:58:16'),
(976, 41, 16, '1', '', '50', '2023-08-26 16:58:16', '50', '2023-08-26 16:58:16'),
(977, 41, 17, '1', '', '50', '2023-08-26 16:58:16', '50', '2023-08-26 16:58:16'),
(978, 41, 18, '1', '', '50', '2023-08-26 16:58:16', '50', '2023-08-26 16:58:16'),
(979, 41, 19, '1', '', '50', '2023-08-26 16:58:16', '50', '2023-08-26 16:58:16'),
(980, 41, 20, '1', '', '50', '2023-08-26 16:58:16', '50', '2023-08-26 16:58:16'),
(981, 41, 21, '1', '', '50', '2023-08-26 16:58:16', '50', '2023-08-26 16:58:16'),
(982, 41, 24, '2', '', '50', '2023-08-26 16:58:16', '50', '2023-08-26 16:58:16'),
(983, 41, 22, '33', '', '50', '2023-08-26 16:58:16', '50', '2023-08-26 16:58:16'),
(984, 41, 23, '53', '', '50', '2023-08-26 16:58:16', '50', '2023-08-26 16:58:16'),
(985, 42, 1, '126780', '', '50', '2023-08-27 21:57:06', '50', '2023-08-27 21:57:06'),
(986, 42, 2, '1', '', '50', '2023-08-27 21:57:06', '50', '2023-08-27 21:57:06'),
(987, 42, 3, '1', 'Yes', '50', '2023-08-27 21:57:06', '50', '2023-08-27 21:57:06'),
(988, 42, 4, '1', 'Yes', '50', '2023-08-27 21:57:06', '50', '2023-08-27 21:57:06'),
(989, 42, 5, '1', '', '50', '2023-08-27 21:57:06', '50', '2023-08-27 21:57:06'),
(990, 42, 6, '1', '', '50', '2023-08-27 21:57:06', '50', '2023-08-27 21:57:06'),
(991, 42, 7, '1', '', '50', '2023-08-27 21:57:06', '50', '2023-08-27 21:57:06'),
(992, 42, 8, '1', '', '50', '2023-08-27 21:57:06', '50', '2023-08-27 21:57:06'),
(993, 42, 9, '1', '', '50', '2023-08-27 21:57:06', '50', '2023-08-27 21:57:06'),
(994, 42, 10, '1', '', '50', '2023-08-27 21:57:06', '50', '2023-08-27 21:57:06'),
(995, 42, 11, '1', '', '50', '2023-08-27 21:57:06', '50', '2023-08-27 21:57:06'),
(996, 42, 12, '1', '', '50', '2023-08-27 21:57:06', '50', '2023-08-27 21:57:06'),
(997, 42, 13, '1', '', '50', '2023-08-27 21:57:06', '50', '2023-08-27 21:57:06'),
(998, 42, 14, '1', '', '50', '2023-08-27 21:57:06', '50', '2023-08-27 21:57:06'),
(999, 42, 15, '1', '', '50', '2023-08-27 21:57:06', '50', '2023-08-27 21:57:06'),
(1000, 42, 16, '1', '', '50', '2023-08-27 21:57:06', '50', '2023-08-27 21:57:06'),
(1001, 42, 17, '1', '', '50', '2023-08-27 21:57:06', '50', '2023-08-27 21:57:06'),
(1002, 42, 18, '0', 'Empty', '50', '2023-08-27 21:57:06', '50', '2023-08-27 21:57:06'),
(1003, 42, 19, '1', '', '50', '2023-08-27 21:57:06', '50', '2023-08-27 21:57:06'),
(1004, 42, 20, '1', '', '50', '2023-08-27 21:57:06', '50', '2023-08-27 21:57:06'),
(1005, 42, 21, '', '', '50', '2023-08-27 21:57:06', '50', '2023-08-27 21:57:06'),
(1006, 42, 24, '', '', '50', '2023-08-27 21:57:06', '50', '2023-08-27 21:57:06'),
(1007, 42, 22, '', '', '50', '2023-08-27 21:57:06', '50', '2023-08-27 21:57:06'),
(1008, 42, 23, '', '', '50', '2023-08-27 21:57:06', '50', '2023-08-27 21:57:06'),
(1009, 43, 1, '510896', '', '50', '2023-09-04 00:53:46', '50', '2023-09-04 00:53:46'),
(1010, 43, 2, '1', '', '50', '2023-09-04 00:53:46', '50', '2023-09-04 00:53:46'),
(1011, 43, 3, '1', '', '50', '2023-09-04 00:53:46', '50', '2023-09-04 00:53:46'),
(1012, 43, 4, '1', '', '50', '2023-09-04 00:53:46', '50', '2023-09-04 00:53:46'),
(1013, 43, 5, '1', '', '50', '2023-09-04 00:53:46', '50', '2023-09-04 00:53:46'),
(1014, 43, 6, '0', '', '50', '2023-09-04 00:53:46', '50', '2023-09-04 00:53:46'),
(1015, 43, 7, '1', '', '50', '2023-09-04 00:53:46', '50', '2023-09-04 00:53:46'),
(1016, 43, 8, '0', '', '50', '2023-09-04 00:53:46', '50', '2023-09-04 00:53:46'),
(1017, 43, 9, '1', '', '50', '2023-09-04 00:53:46', '50', '2023-09-04 00:53:46'),
(1018, 43, 10, '0', '', '50', '2023-09-04 00:53:46', '50', '2023-09-04 00:53:46'),
(1019, 43, 11, '1', '', '50', '2023-09-04 00:53:46', '50', '2023-09-04 00:53:46'),
(1020, 43, 12, '1', '', '50', '2023-09-04 00:53:46', '50', '2023-09-04 00:53:46'),
(1021, 43, 13, '1', '', '50', '2023-09-04 00:53:46', '50', '2023-09-04 00:53:46'),
(1022, 43, 14, '1', '', '50', '2023-09-04 00:53:46', '50', '2023-09-04 00:53:46'),
(1023, 43, 15, '0', '', '50', '2023-09-04 00:53:46', '50', '2023-09-04 00:53:46'),
(1024, 43, 16, '1', '', '50', '2023-09-04 00:53:46', '50', '2023-09-04 00:53:46'),
(1025, 43, 17, '1', '', '50', '2023-09-04 00:53:46', '50', '2023-09-04 00:53:46'),
(1026, 43, 18, '0', '', '50', '2023-09-04 00:53:46', '50', '2023-09-04 00:53:46'),
(1027, 43, 19, '1', '', '50', '2023-09-04 00:53:46', '50', '2023-09-04 00:53:46'),
(1028, 43, 20, '1', 'Rear view mirror was broken ', '50', '2023-09-04 00:53:46', '50', '2023-09-04 00:53:46'),
(1029, 43, 21, '', '', '50', '2023-09-04 00:53:46', '50', '2023-09-04 00:53:46'),
(1030, 43, 24, '', '', '50', '2023-09-04 00:53:46', '50', '2023-09-04 00:53:46'),
(1031, 43, 22, '', '', '50', '2023-09-04 00:53:46', '50', '2023-09-04 00:53:46'),
(1032, 43, 23, '', '', '50', '2023-09-04 00:53:46', '50', '2023-09-04 00:53:46'),
(1033, 44, 1, '11111', '', '3', '2023-09-05 14:55:08', '3', '2023-09-05 14:55:08'),
(1034, 44, 2, '1', '', '3', '2023-09-05 14:55:08', '3', '2023-09-05 14:55:08'),
(1035, 44, 3, '1', '', '3', '2023-09-05 14:55:08', '3', '2023-09-05 14:55:08'),
(1036, 44, 4, '1', '', '3', '2023-09-05 14:55:08', '3', '2023-09-05 14:55:08'),
(1037, 44, 5, '1', '', '3', '2023-09-05 14:55:08', '3', '2023-09-05 14:55:08'),
(1038, 44, 6, '1', '', '3', '2023-09-05 14:55:08', '3', '2023-09-05 14:55:08'),
(1039, 44, 7, '1', '', '3', '2023-09-05 14:55:08', '3', '2023-09-05 14:55:08'),
(1040, 44, 8, '1', '', '3', '2023-09-05 14:55:08', '3', '2023-09-05 14:55:08'),
(1041, 44, 9, '1', '', '3', '2023-09-05 14:55:08', '3', '2023-09-05 14:55:08'),
(1042, 44, 10, '1', '', '3', '2023-09-05 14:55:08', '3', '2023-09-05 14:55:08'),
(1043, 44, 11, '1', '', '3', '2023-09-05 14:55:08', '3', '2023-09-05 14:55:08'),
(1044, 44, 12, '1', '', '3', '2023-09-05 14:55:08', '3', '2023-09-05 14:55:08'),
(1045, 44, 13, '1', '', '3', '2023-09-05 14:55:08', '3', '2023-09-05 14:55:08'),
(1046, 44, 14, '1', '', '3', '2023-09-05 14:55:08', '3', '2023-09-05 14:55:08'),
(1047, 44, 15, '1', '', '3', '2023-09-05 14:55:08', '3', '2023-09-05 14:55:08'),
(1048, 44, 16, '1', '', '3', '2023-09-05 14:55:08', '3', '2023-09-05 14:55:08'),
(1049, 44, 17, '1', '', '3', '2023-09-05 14:55:08', '3', '2023-09-05 14:55:08'),
(1050, 44, 18, '1', '', '3', '2023-09-05 14:55:08', '3', '2023-09-05 14:55:08'),
(1051, 44, 19, '1', '', '3', '2023-09-05 14:55:08', '3', '2023-09-05 14:55:08'),
(1052, 44, 20, '1', '', '3', '2023-09-05 14:55:08', '3', '2023-09-05 14:55:08'),
(1053, 44, 21, '6', '', '3', '2023-09-05 14:55:08', '3', '2023-09-05 14:55:08'),
(1054, 44, 24, '', '', '3', '2023-09-05 14:55:08', '3', '2023-09-05 14:55:08'),
(1055, 44, 22, '27', '', '3', '2023-09-05 14:55:08', '3', '2023-09-05 14:55:08'),
(1056, 44, 23, '', '', '3', '2023-09-05 14:55:08', '3', '2023-09-05 14:55:08'),
(1057, 45, 1, '23456', '', '39', '2023-09-11 16:21:21', '39', '2023-09-11 16:21:21'),
(1058, 45, 2, '1', '', '39', '2023-09-11 16:21:21', '39', '2023-09-11 16:21:21'),
(1059, 45, 3, '1', '', '39', '2023-09-11 16:21:21', '39', '2023-09-11 16:21:21'),
(1060, 45, 4, '1', '', '39', '2023-09-11 16:21:21', '39', '2023-09-11 16:21:21'),
(1061, 45, 5, '1', '', '39', '2023-09-11 16:21:21', '39', '2023-09-11 16:21:21'),
(1062, 45, 6, '1', '', '39', '2023-09-11 16:21:21', '39', '2023-09-11 16:21:21'),
(1063, 45, 7, '1', '', '39', '2023-09-11 16:21:21', '39', '2023-09-11 16:21:21'),
(1064, 45, 8, '1', '', '39', '2023-09-11 16:21:21', '39', '2023-09-11 16:21:21'),
(1065, 45, 9, '1', '', '39', '2023-09-11 16:21:21', '39', '2023-09-11 16:21:21'),
(1066, 45, 10, '1', '', '39', '2023-09-11 16:21:21', '39', '2023-09-11 16:21:21'),
(1067, 45, 11, '1', '', '39', '2023-09-11 16:21:21', '39', '2023-09-11 16:21:21'),
(1068, 45, 12, '1', '', '39', '2023-09-11 16:21:21', '39', '2023-09-11 16:21:21'),
(1069, 45, 13, '1', '', '39', '2023-09-11 16:21:21', '39', '2023-09-11 16:21:21'),
(1070, 45, 14, '1', '', '39', '2023-09-11 16:21:21', '39', '2023-09-11 16:21:21'),
(1071, 45, 15, '1', '', '39', '2023-09-11 16:21:21', '39', '2023-09-11 16:21:21'),
(1072, 45, 16, '1', '', '39', '2023-09-11 16:21:21', '39', '2023-09-11 16:21:21'),
(1073, 45, 17, '1', '', '39', '2023-09-11 16:21:21', '39', '2023-09-11 16:21:21'),
(1074, 45, 18, '1', '', '39', '2023-09-11 16:21:21', '39', '2023-09-11 16:21:21'),
(1075, 45, 19, '1', '', '39', '2023-09-11 16:21:21', '39', '2023-09-11 16:21:21'),
(1076, 45, 20, '1', '', '39', '2023-09-11 16:21:21', '39', '2023-09-11 16:21:21'),
(1077, 45, 21, '', '', '39', '2023-09-11 16:21:21', '39', '2023-09-11 16:21:21'),
(1078, 45, 24, '', '', '39', '2023-09-11 16:21:21', '39', '2023-09-11 16:21:21'),
(1079, 45, 22, '', '', '39', '2023-09-11 16:21:21', '39', '2023-09-11 16:21:21'),
(1080, 45, 23, '', '', '39', '2023-09-11 16:21:21', '39', '2023-09-11 16:21:21'),
(1081, 46, 1, '284022', '', '9', '2023-09-13 12:59:46', '9', '2023-09-13 12:59:46'),
(1082, 46, 2, '1', '', '9', '2023-09-13 12:59:46', '9', '2023-09-13 12:59:46'),
(1083, 46, 3, '1', '', '9', '2023-09-13 12:59:46', '9', '2023-09-13 12:59:46'),
(1084, 46, 4, '1', '', '9', '2023-09-13 12:59:46', '9', '2023-09-13 12:59:46'),
(1085, 46, 5, '1', '', '9', '2023-09-13 12:59:46', '9', '2023-09-13 12:59:46'),
(1086, 46, 6, '1', '', '9', '2023-09-13 12:59:46', '9', '2023-09-13 12:59:46'),
(1087, 46, 7, '1', '', '9', '2023-09-13 12:59:46', '9', '2023-09-13 12:59:46'),
(1088, 46, 8, '1', '', '9', '2023-09-13 12:59:46', '9', '2023-09-13 12:59:46'),
(1089, 46, 9, '1', '', '9', '2023-09-13 12:59:46', '9', '2023-09-13 12:59:46'),
(1090, 46, 10, '1', '', '9', '2023-09-13 12:59:46', '9', '2023-09-13 12:59:46'),
(1091, 46, 11, '1', '', '9', '2023-09-13 12:59:46', '9', '2023-09-13 12:59:46'),
(1092, 46, 12, '1', '', '9', '2023-09-13 12:59:46', '9', '2023-09-13 12:59:46'),
(1093, 46, 13, '1', '', '9', '2023-09-13 12:59:46', '9', '2023-09-13 12:59:46'),
(1094, 46, 14, '1', '', '9', '2023-09-13 12:59:46', '9', '2023-09-13 12:59:46'),
(1095, 46, 15, '1', '', '9', '2023-09-13 12:59:46', '9', '2023-09-13 12:59:46'),
(1096, 46, 16, '1', '', '9', '2023-09-13 12:59:46', '9', '2023-09-13 12:59:46'),
(1097, 46, 17, '1', '', '9', '2023-09-13 12:59:46', '9', '2023-09-13 12:59:46'),
(1098, 46, 18, '1', '', '9', '2023-09-13 12:59:46', '9', '2023-09-13 12:59:46'),
(1099, 46, 19, '1', '', '9', '2023-09-13 12:59:46', '9', '2023-09-13 12:59:46'),
(1100, 46, 20, '1', '', '9', '2023-09-13 12:59:46', '9', '2023-09-13 12:59:46'),
(1101, 46, 21, '18', '', '9', '2023-09-13 12:59:46', '9', '2023-09-13 12:59:46'),
(1102, 46, 24, '', '', '9', '2023-09-13 12:59:46', '9', '2023-09-13 12:59:46'),
(1103, 46, 22, '', '', '9', '2023-09-13 12:59:46', '9', '2023-09-13 12:59:46'),
(1104, 46, 23, '49', '', '9', '2023-09-13 12:59:46', '9', '2023-09-13 12:59:46'),
(1105, 47, 1, '284022', '', '9', '2023-09-13 13:00:06', '9', '2023-09-13 13:00:06'),
(1106, 47, 2, '1', '', '9', '2023-09-13 13:00:06', '9', '2023-09-13 13:00:06'),
(1107, 47, 3, '1', '', '9', '2023-09-13 13:00:06', '9', '2023-09-13 13:00:06'),
(1108, 47, 4, '1', '', '9', '2023-09-13 13:00:06', '9', '2023-09-13 13:00:06'),
(1109, 47, 5, '1', '', '9', '2023-09-13 13:00:06', '9', '2023-09-13 13:00:06'),
(1110, 47, 6, '1', '', '9', '2023-09-13 13:00:06', '9', '2023-09-13 13:00:06'),
(1111, 47, 7, '1', '', '9', '2023-09-13 13:00:06', '9', '2023-09-13 13:00:06'),
(1112, 47, 8, '1', '', '9', '2023-09-13 13:00:06', '9', '2023-09-13 13:00:06'),
(1113, 47, 9, '1', '', '9', '2023-09-13 13:00:06', '9', '2023-09-13 13:00:06'),
(1114, 47, 10, '1', '', '9', '2023-09-13 13:00:06', '9', '2023-09-13 13:00:06'),
(1115, 47, 11, '1', '', '9', '2023-09-13 13:00:06', '9', '2023-09-13 13:00:06'),
(1116, 47, 12, '1', '', '9', '2023-09-13 13:00:06', '9', '2023-09-13 13:00:06'),
(1117, 47, 13, '1', '', '9', '2023-09-13 13:00:06', '9', '2023-09-13 13:00:06'),
(1118, 47, 14, '1', '', '9', '2023-09-13 13:00:06', '9', '2023-09-13 13:00:06'),
(1119, 47, 15, '1', '', '9', '2023-09-13 13:00:06', '9', '2023-09-13 13:00:06'),
(1120, 47, 16, '1', '', '9', '2023-09-13 13:00:06', '9', '2023-09-13 13:00:06'),
(1121, 47, 17, '1', '', '9', '2023-09-13 13:00:06', '9', '2023-09-13 13:00:06'),
(1122, 47, 18, '1', '', '9', '2023-09-13 13:00:06', '9', '2023-09-13 13:00:06'),
(1123, 47, 19, '1', '', '9', '2023-09-13 13:00:06', '9', '2023-09-13 13:00:06'),
(1124, 47, 20, '1', '', '9', '2023-09-13 13:00:06', '9', '2023-09-13 13:00:06'),
(1125, 47, 21, '18', '', '9', '2023-09-13 13:00:06', '9', '2023-09-13 13:00:06'),
(1126, 47, 24, '', '', '9', '2023-09-13 13:00:06', '9', '2023-09-13 13:00:06'),
(1127, 47, 22, '', '', '9', '2023-09-13 13:00:06', '9', '2023-09-13 13:00:06'),
(1128, 47, 23, '49', '', '9', '2023-09-13 13:00:06', '9', '2023-09-13 13:00:06'),
(1129, 48, 1, '1671', '', '53', '2023-12-17 18:50:42', '53', '2023-12-17 18:50:42'),
(1130, 48, 2, '0', '', '53', '2023-12-17 18:50:42', '53', '2023-12-17 18:50:42'),
(1131, 48, 3, '1', '', '53', '2023-12-17 18:50:42', '53', '2023-12-17 18:50:42'),
(1132, 48, 4, '1', '', '53', '2023-12-17 18:50:42', '53', '2023-12-17 18:50:42'),
(1133, 48, 5, '1', '', '53', '2023-12-17 18:50:42', '53', '2023-12-17 18:50:42'),
(1134, 48, 6, '1', '', '53', '2023-12-17 18:50:42', '53', '2023-12-17 18:50:42'),
(1135, 48, 7, '1', '', '53', '2023-12-17 18:50:42', '53', '2023-12-17 18:50:42'),
(1136, 48, 8, '1', '', '53', '2023-12-17 18:50:42', '53', '2023-12-17 18:50:42'),
(1137, 48, 9, '1', '', '53', '2023-12-17 18:50:42', '53', '2023-12-17 18:50:42'),
(1138, 48, 10, '1', '', '53', '2023-12-17 18:50:42', '53', '2023-12-17 18:50:42'),
(1139, 48, 11, '1', '', '53', '2023-12-17 18:50:42', '53', '2023-12-17 18:50:42'),
(1140, 48, 12, '1', '', '53', '2023-12-17 18:50:42', '53', '2023-12-17 18:50:42'),
(1141, 48, 13, '1', '', '53', '2023-12-17 18:50:42', '53', '2023-12-17 18:50:42'),
(1142, 48, 14, '1', '', '53', '2023-12-17 18:50:42', '53', '2023-12-17 18:50:42'),
(1143, 48, 15, '1', '', '53', '2023-12-17 18:50:42', '53', '2023-12-17 18:50:42'),
(1144, 48, 16, '1', '', '53', '2023-12-17 18:50:42', '53', '2023-12-17 18:50:42'),
(1145, 48, 17, '1', '', '53', '2023-12-17 18:50:42', '53', '2023-12-17 18:50:42'),
(1146, 48, 18, '1', '59%', '53', '2023-12-17 18:50:42', '53', '2023-12-17 18:50:42'),
(1147, 48, 19, '1', '', '53', '2023-12-17 18:50:42', '53', '2023-12-17 18:50:42'),
(1148, 48, 20, '1', '', '53', '2023-12-17 18:50:42', '53', '2023-12-17 18:50:42'),
(1149, 48, 21, '3', '', '53', '2023-12-17 18:50:42', '53', '2023-12-17 18:50:42'),
(1150, 48, 24, '', '', '53', '2023-12-17 18:50:42', '53', '2023-12-17 18:50:42'),
(1151, 48, 22, '31', '', '53', '2023-12-17 18:50:42', '53', '2023-12-17 18:50:42'),
(1152, 48, 23, '48', '', '53', '2023-12-17 18:50:42', '53', '2023-12-17 18:50:42'),
(1153, 49, 1, '1671', '', '53', '2023-12-17 18:51:02', '53', '2023-12-17 18:51:02'),
(1154, 49, 2, '0', '', '53', '2023-12-17 18:51:03', '53', '2023-12-17 18:51:03'),
(1155, 49, 3, '1', '', '53', '2023-12-17 18:51:03', '53', '2023-12-17 18:51:03'),
(1156, 49, 4, '1', '', '53', '2023-12-17 18:51:03', '53', '2023-12-17 18:51:03'),
(1157, 49, 5, '1', '', '53', '2023-12-17 18:51:03', '53', '2023-12-17 18:51:03'),
(1158, 49, 6, '1', '', '53', '2023-12-17 18:51:03', '53', '2023-12-17 18:51:03'),
(1159, 49, 7, '1', '', '53', '2023-12-17 18:51:03', '53', '2023-12-17 18:51:03'),
(1160, 49, 8, '1', '', '53', '2023-12-17 18:51:03', '53', '2023-12-17 18:51:03'),
(1161, 49, 9, '1', '', '53', '2023-12-17 18:51:03', '53', '2023-12-17 18:51:03'),
(1162, 49, 10, '1', '', '53', '2023-12-17 18:51:03', '53', '2023-12-17 18:51:03'),
(1163, 49, 11, '1', '', '53', '2023-12-17 18:51:03', '53', '2023-12-17 18:51:03'),
(1164, 49, 12, '1', '', '53', '2023-12-17 18:51:03', '53', '2023-12-17 18:51:03'),
(1165, 49, 13, '1', '', '53', '2023-12-17 18:51:03', '53', '2023-12-17 18:51:03'),
(1166, 49, 14, '1', '', '53', '2023-12-17 18:51:03', '53', '2023-12-17 18:51:03'),
(1167, 49, 15, '1', '', '53', '2023-12-17 18:51:03', '53', '2023-12-17 18:51:03'),
(1168, 49, 16, '1', '', '53', '2023-12-17 18:51:03', '53', '2023-12-17 18:51:03'),
(1169, 49, 17, '1', '', '53', '2023-12-17 18:51:03', '53', '2023-12-17 18:51:03'),
(1170, 49, 18, '1', '59%', '53', '2023-12-17 18:51:03', '53', '2023-12-17 18:51:03'),
(1171, 49, 19, '1', '', '53', '2023-12-17 18:51:03', '53', '2023-12-17 18:51:03'),
(1172, 49, 20, '1', '', '53', '2023-12-17 18:51:03', '53', '2023-12-17 18:51:03'),
(1173, 49, 21, '3', '', '53', '2023-12-17 18:51:03', '53', '2023-12-17 18:51:03'),
(1174, 49, 24, '', '', '53', '2023-12-17 18:51:03', '53', '2023-12-17 18:51:03'),
(1175, 49, 22, '31', '', '53', '2023-12-17 18:51:03', '53', '2023-12-17 18:51:03'),
(1176, 49, 23, '48', '', '53', '2023-12-17 18:51:03', '53', '2023-12-17 18:51:03'),
(1177, 50, 1, '1671', '', '53', '2023-12-17 18:51:21', '53', '2023-12-17 18:51:21'),
(1178, 50, 2, '1', '', '53', '2023-12-17 18:51:21', '53', '2023-12-17 18:51:21'),
(1179, 50, 3, '1', '', '53', '2023-12-17 18:51:21', '53', '2023-12-17 18:51:21'),
(1180, 50, 4, '1', '', '53', '2023-12-17 18:51:21', '53', '2023-12-17 18:51:21'),
(1181, 50, 5, '1', '', '53', '2023-12-17 18:51:21', '53', '2023-12-17 18:51:21'),
(1182, 50, 6, '1', '', '53', '2023-12-17 18:51:21', '53', '2023-12-17 18:51:21'),
(1183, 50, 7, '1', '', '53', '2023-12-17 18:51:21', '53', '2023-12-17 18:51:21'),
(1184, 50, 8, '1', '', '53', '2023-12-17 18:51:21', '53', '2023-12-17 18:51:21'),
(1185, 50, 9, '1', '', '53', '2023-12-17 18:51:21', '53', '2023-12-17 18:51:21'),
(1186, 50, 10, '1', '', '53', '2023-12-17 18:51:21', '53', '2023-12-17 18:51:21'),
(1187, 50, 11, '1', '', '53', '2023-12-17 18:51:21', '53', '2023-12-17 18:51:21'),
(1188, 50, 12, '1', '', '53', '2023-12-17 18:51:21', '53', '2023-12-17 18:51:21'),
(1189, 50, 13, '1', '', '53', '2023-12-17 18:51:21', '53', '2023-12-17 18:51:21'),
(1190, 50, 14, '1', '', '53', '2023-12-17 18:51:21', '53', '2023-12-17 18:51:21'),
(1191, 50, 15, '1', '', '53', '2023-12-17 18:51:21', '53', '2023-12-17 18:51:21'),
(1192, 50, 16, '1', '', '53', '2023-12-17 18:51:21', '53', '2023-12-17 18:51:21'),
(1193, 50, 17, '1', '', '53', '2023-12-17 18:51:21', '53', '2023-12-17 18:51:21'),
(1194, 50, 18, '1', '59%', '53', '2023-12-17 18:51:21', '53', '2023-12-17 18:51:21'),
(1195, 50, 19, '1', '', '53', '2023-12-17 18:51:21', '53', '2023-12-17 18:51:21'),
(1196, 50, 20, '1', '', '53', '2023-12-17 18:51:21', '53', '2023-12-17 18:51:21'),
(1197, 50, 21, '3', '', '53', '2023-12-17 18:51:21', '53', '2023-12-17 18:51:21'),
(1198, 50, 24, '', '', '53', '2023-12-17 18:51:21', '53', '2023-12-17 18:51:21'),
(1199, 50, 22, '31', '', '53', '2023-12-17 18:51:21', '53', '2023-12-17 18:51:21'),
(1200, 50, 23, '48', '', '53', '2023-12-17 18:51:21', '53', '2023-12-17 18:51:21'),
(1201, 51, 1, '1671', '', '53', '2023-12-17 18:51:47', '53', '2023-12-17 18:51:47'),
(1202, 51, 2, '1', '', '53', '2023-12-17 18:51:47', '53', '2023-12-17 18:51:47'),
(1203, 51, 3, '1', '', '53', '2023-12-17 18:51:47', '53', '2023-12-17 18:51:47'),
(1204, 51, 4, '1', '', '53', '2023-12-17 18:51:47', '53', '2023-12-17 18:51:47'),
(1205, 51, 5, '1', '', '53', '2023-12-17 18:51:47', '53', '2023-12-17 18:51:47'),
(1206, 51, 6, '1', '', '53', '2023-12-17 18:51:47', '53', '2023-12-17 18:51:47'),
(1207, 51, 7, '1', '', '53', '2023-12-17 18:51:47', '53', '2023-12-17 18:51:47'),
(1208, 51, 8, '1', '', '53', '2023-12-17 18:51:47', '53', '2023-12-17 18:51:47'),
(1209, 51, 9, '1', '', '53', '2023-12-17 18:51:47', '53', '2023-12-17 18:51:47'),
(1210, 51, 10, '1', '', '53', '2023-12-17 18:51:47', '53', '2023-12-17 18:51:47'),
(1211, 51, 11, '1', '', '53', '2023-12-17 18:51:47', '53', '2023-12-17 18:51:47'),
(1212, 51, 12, '1', '', '53', '2023-12-17 18:51:47', '53', '2023-12-17 18:51:47'),
(1213, 51, 13, '1', '', '53', '2023-12-17 18:51:47', '53', '2023-12-17 18:51:47'),
(1214, 51, 14, '1', '', '53', '2023-12-17 18:51:47', '53', '2023-12-17 18:51:47'),
(1215, 51, 15, '1', '', '53', '2023-12-17 18:51:47', '53', '2023-12-17 18:51:47'),
(1216, 51, 16, '1', '', '53', '2023-12-17 18:51:47', '53', '2023-12-17 18:51:47'),
(1217, 51, 17, '1', '', '53', '2023-12-17 18:51:47', '53', '2023-12-17 18:51:47'),
(1218, 51, 18, '1', '59%', '53', '2023-12-17 18:51:47', '53', '2023-12-17 18:51:47'),
(1219, 51, 19, '1', '', '53', '2023-12-17 18:51:47', '53', '2023-12-17 18:51:47'),
(1220, 51, 20, '1', '', '53', '2023-12-17 18:51:47', '53', '2023-12-17 18:51:47'),
(1221, 51, 21, '3', '', '53', '2023-12-17 18:51:47', '53', '2023-12-17 18:51:47'),
(1222, 51, 24, '', '', '53', '2023-12-17 18:51:47', '53', '2023-12-17 18:51:47'),
(1223, 51, 22, '31', '', '53', '2023-12-17 18:51:47', '53', '2023-12-17 18:51:47'),
(1224, 51, 23, '48', '', '53', '2023-12-17 18:51:47', '53', '2023-12-17 18:51:47'),
(1225, 52, 1, '1671', '', '53', '2023-12-17 18:52:01', '53', '2023-12-17 18:52:01'),
(1226, 52, 2, '1', '', '53', '2023-12-17 18:52:01', '53', '2023-12-17 18:52:01'),
(1227, 52, 3, '1', '', '53', '2023-12-17 18:52:01', '53', '2023-12-17 18:52:01'),
(1228, 52, 4, '1', '', '53', '2023-12-17 18:52:01', '53', '2023-12-17 18:52:01'),
(1229, 52, 5, '1', '', '53', '2023-12-17 18:52:01', '53', '2023-12-17 18:52:01'),
(1230, 52, 6, '1', '', '53', '2023-12-17 18:52:01', '53', '2023-12-17 18:52:01'),
(1231, 52, 7, '1', '', '53', '2023-12-17 18:52:01', '53', '2023-12-17 18:52:01'),
(1232, 52, 8, '1', '', '53', '2023-12-17 18:52:01', '53', '2023-12-17 18:52:01'),
(1233, 52, 9, '1', '', '53', '2023-12-17 18:52:01', '53', '2023-12-17 18:52:01'),
(1234, 52, 10, '1', '', '53', '2023-12-17 18:52:01', '53', '2023-12-17 18:52:01'),
(1235, 52, 11, '1', '', '53', '2023-12-17 18:52:01', '53', '2023-12-17 18:52:01'),
(1236, 52, 12, '1', '', '53', '2023-12-17 18:52:01', '53', '2023-12-17 18:52:01'),
(1237, 52, 13, '1', '', '53', '2023-12-17 18:52:01', '53', '2023-12-17 18:52:01'),
(1238, 52, 14, '1', '', '53', '2023-12-17 18:52:01', '53', '2023-12-17 18:52:01'),
(1239, 52, 15, '1', '', '53', '2023-12-17 18:52:01', '53', '2023-12-17 18:52:01'),
(1240, 52, 16, '1', '', '53', '2023-12-17 18:52:01', '53', '2023-12-17 18:52:01'),
(1241, 52, 17, '1', '', '53', '2023-12-17 18:52:01', '53', '2023-12-17 18:52:01'),
(1242, 52, 18, '1', '59%', '53', '2023-12-17 18:52:01', '53', '2023-12-17 18:52:01'),
(1243, 52, 19, '1', '', '53', '2023-12-17 18:52:01', '53', '2023-12-17 18:52:01'),
(1244, 52, 20, '0', '', '53', '2023-12-17 18:52:01', '53', '2023-12-17 18:52:01'),
(1245, 52, 21, '3', '', '53', '2023-12-17 18:52:01', '53', '2023-12-17 18:52:01'),
(1246, 52, 24, '', '', '53', '2023-12-17 18:52:01', '53', '2023-12-17 18:52:01'),
(1247, 52, 22, '31', '', '53', '2023-12-17 18:52:01', '53', '2023-12-17 18:52:01'),
(1248, 52, 23, '48', '', '53', '2023-12-17 18:52:01', '53', '2023-12-17 18:52:01'),
(1249, 53, 1, '125', 'tack over 247', '55', '2024-01-11 19:14:30', '55', '2024-01-11 19:14:30'),
(1250, 53, 2, '0', 'not working indicator warning', '55', '2024-01-11 19:14:30', '55', '2024-01-11 19:14:30'),
(1251, 53, 3, '0', '', '55', '2024-01-11 19:14:30', '55', '2024-01-11 19:14:30'),
(1252, 53, 4, '0', '', '55', '2024-01-11 19:14:30', '55', '2024-01-11 19:14:30'),
(1253, 53, 5, '1', '', '55', '2024-01-11 19:14:30', '55', '2024-01-11 19:14:30'),
(1254, 53, 6, '0', 'not working', '55', '2024-01-11 19:14:30', '55', '2024-01-11 19:14:30'),
(1255, 53, 7, '1', '', '55', '2024-01-11 19:14:30', '55', '2024-01-11 19:14:30'),
(1256, 53, 8, '0', 'headlight is deam', '55', '2024-01-11 19:14:30', '55', '2024-01-11 19:14:30'),
(1257, 53, 9, '1', '', '55', '2024-01-11 19:14:30', '55', '2024-01-11 19:14:30'),
(1258, 53, 10, '1', '', '55', '2024-01-11 19:14:30', '55', '2024-01-11 19:14:30'),
(1259, 53, 11, '0', 'not overed', '55', '2024-01-11 19:14:30', '55', '2024-01-11 19:14:30'),
(1260, 53, 12, '1', '', '55', '2024-01-11 19:14:30', '55', '2024-01-11 19:14:30'),
(1261, 53, 13, '1', '', '55', '2024-01-11 19:14:30', '55', '2024-01-11 19:14:30'),
(1262, 53, 14, '0', 'not work', '55', '2024-01-11 19:14:30', '55', '2024-01-11 19:14:30'),
(1263, 53, 15, '1', '', '55', '2024-01-11 19:14:30', '55', '2024-01-11 19:14:30'),
(1264, 53, 16, '1', '', '55', '2024-01-11 19:14:30', '55', '2024-01-11 19:14:30'),
(1265, 53, 17, '1', '', '55', '2024-01-11 19:14:30', '55', '2024-01-11 19:14:30'),
(1266, 53, 18, '1', '', '55', '2024-01-11 19:14:30', '55', '2024-01-11 19:14:30'),
(1267, 53, 19, '1', '', '55', '2024-01-11 19:14:30', '55', '2024-01-11 19:14:30'),
(1268, 53, 20, '1', '', '55', '2024-01-11 19:14:30', '55', '2024-01-11 19:14:30'),
(1269, 53, 21, '70', 'testing', '55', '2024-01-11 19:14:30', '55', '2024-01-11 19:14:30');
INSERT INTO `tbl_inspection_dtl` (`InspectionDtlID`, `InspectionHdrID`, `CheckListParamID`, `CheckListParamValue`, `Remarks`, `CreatedBy`, `CreatedOn`, `ModifiedBy`, `ModifiedOn`) VALUES
(1270, 53, 24, '70', 'tetra number testing', '55', '2024-01-11 19:14:30', '55', '2024-01-11 19:14:30'),
(1271, 53, 22, '', '', '55', '2024-01-11 19:14:30', '55', '2024-01-11 19:14:30'),
(1272, 53, 23, '', '', '55', '2024-01-11 19:14:30', '55', '2024-01-11 19:14:30'),
(1273, 54, 1, '256', 'tack over 247', '57', '2024-01-11 20:11:58', '57', '2024-01-11 20:11:58'),
(1274, 54, 2, '0', 'not working indicator warning', '57', '2024-01-11 20:11:58', '57', '2024-01-11 20:11:58'),
(1275, 54, 3, '1', '', '57', '2024-01-11 20:11:58', '57', '2024-01-11 20:11:58'),
(1276, 54, 4, '1', '', '57', '2024-01-11 20:11:58', '57', '2024-01-11 20:11:58'),
(1277, 54, 5, '0', 'wiper broken', '57', '2024-01-11 20:11:58', '57', '2024-01-11 20:11:58'),
(1278, 54, 6, '1', '', '57', '2024-01-11 20:11:58', '57', '2024-01-11 20:11:58'),
(1279, 54, 7, '0', 'not work', '57', '2024-01-11 20:11:58', '57', '2024-01-11 20:11:58'),
(1280, 54, 8, '0', 'headlight is deam', '57', '2024-01-11 20:11:58', '57', '2024-01-11 20:11:58'),
(1281, 54, 9, '1', '', '57', '2024-01-11 20:11:58', '57', '2024-01-11 20:11:58'),
(1282, 54, 10, '1', '', '57', '2024-01-11 20:11:58', '57', '2024-01-11 20:11:58'),
(1283, 54, 11, '0', 'not overed', '57', '2024-01-11 20:11:58', '57', '2024-01-11 20:11:58'),
(1284, 54, 12, '1', '', '57', '2024-01-11 20:11:58', '57', '2024-01-11 20:11:58'),
(1285, 54, 13, '1', '', '57', '2024-01-11 20:11:58', '57', '2024-01-11 20:11:58'),
(1286, 54, 14, '0', 'not show light', '57', '2024-01-11 20:11:58', '57', '2024-01-11 20:11:58'),
(1287, 54, 15, '1', '', '57', '2024-01-11 20:11:58', '57', '2024-01-11 20:11:58'),
(1288, 54, 16, '1', '', '57', '2024-01-11 20:11:58', '57', '2024-01-11 20:11:58'),
(1289, 54, 17, '1', '', '57', '2024-01-11 20:11:58', '57', '2024-01-11 20:11:58'),
(1290, 54, 18, '1', '', '57', '2024-01-11 20:11:58', '57', '2024-01-11 20:11:58'),
(1291, 54, 19, '1', '', '57', '2024-01-11 20:11:58', '57', '2024-01-11 20:11:58'),
(1292, 54, 20, '1', '', '57', '2024-01-11 20:11:58', '57', '2024-01-11 20:11:58'),
(1293, 54, 21, '71', 'Test', '57', '2024-01-11 20:11:58', '57', '2024-01-11 20:11:58'),
(1294, 54, 24, '71', 'Test', '57', '2024-01-11 20:11:58', '57', '2024-01-11 20:11:58'),
(1295, 54, 22, '', '', '57', '2024-01-11 20:11:58', '57', '2024-01-11 20:11:58'),
(1296, 54, 23, '', '', '57', '2024-01-11 20:11:58', '57', '2024-01-11 20:11:58'),
(1297, 55, 1, '10000', '', '39', '2024-02-04 01:46:14', '39', '2024-02-04 01:46:14'),
(1298, 55, 25, '10050', '', '39', '2024-02-04 01:46:14', '39', '2024-02-04 01:46:14'),
(1299, 55, 2, '0', '', '39', '2024-02-04 01:46:14', '39', '2024-02-04 01:46:14'),
(1300, 55, 3, '1', '', '39', '2024-02-04 01:46:14', '39', '2024-02-04 01:46:14'),
(1301, 55, 4, '1', '', '39', '2024-02-04 01:46:14', '39', '2024-02-04 01:46:14'),
(1302, 55, 5, '1', '', '39', '2024-02-04 01:46:14', '39', '2024-02-04 01:46:14'),
(1303, 55, 6, '1', '', '39', '2024-02-04 01:46:14', '39', '2024-02-04 01:46:14'),
(1304, 55, 7, '1', '', '39', '2024-02-04 01:46:14', '39', '2024-02-04 01:46:14'),
(1305, 55, 8, '1', '', '39', '2024-02-04 01:46:14', '39', '2024-02-04 01:46:14'),
(1306, 55, 9, '1', '', '39', '2024-02-04 01:46:14', '39', '2024-02-04 01:46:14'),
(1307, 55, 10, '1', '', '39', '2024-02-04 01:46:14', '39', '2024-02-04 01:46:14'),
(1308, 55, 11, '1', '', '39', '2024-02-04 01:46:14', '39', '2024-02-04 01:46:14'),
(1309, 55, 12, '1', '', '39', '2024-02-04 01:46:14', '39', '2024-02-04 01:46:14'),
(1310, 55, 13, '1', '', '39', '2024-02-04 01:46:14', '39', '2024-02-04 01:46:14'),
(1311, 55, 14, '1', '', '39', '2024-02-04 01:46:14', '39', '2024-02-04 01:46:14'),
(1312, 55, 15, '1', '', '39', '2024-02-04 01:46:14', '39', '2024-02-04 01:46:14'),
(1313, 55, 16, '1', '', '39', '2024-02-04 01:46:14', '39', '2024-02-04 01:46:14'),
(1314, 55, 17, '1', '', '39', '2024-02-04 01:46:14', '39', '2024-02-04 01:46:14'),
(1315, 55, 18, '1', '', '39', '2024-02-04 01:46:14', '39', '2024-02-04 01:46:14'),
(1316, 55, 19, '1', '', '39', '2024-02-04 01:46:14', '39', '2024-02-04 01:46:14'),
(1317, 55, 20, '1', '', '39', '2024-02-04 01:46:14', '39', '2024-02-04 01:46:14'),
(1318, 55, 21, '1', '', '39', '2024-02-04 01:46:14', '39', '2024-02-04 01:46:14'),
(1319, 55, 24, '2', '', '39', '2024-02-04 01:46:14', '39', '2024-02-04 01:46:14'),
(1320, 55, 22, '36', '', '39', '2024-02-04 01:46:14', '39', '2024-02-04 01:46:14'),
(1321, 55, 23, '51', '', '39', '2024-02-04 01:46:14', '39', '2024-02-04 01:46:14'),
(1322, 56, 1, '1000', '', '60', '2024-02-15 01:12:31', '60', '2024-02-15 01:12:31'),
(1323, 56, 25, '1050', '', '60', '2024-02-15 01:12:31', '60', '2024-02-15 01:12:31'),
(1324, 56, 2, '0', '', '60', '2024-02-15 01:12:31', '60', '2024-02-15 01:12:31'),
(1325, 56, 3, '1', '', '60', '2024-02-15 01:12:31', '60', '2024-02-15 01:12:31'),
(1326, 56, 4, '1', '', '60', '2024-02-15 01:12:31', '60', '2024-02-15 01:12:31'),
(1327, 56, 5, '1', '', '60', '2024-02-15 01:12:31', '60', '2024-02-15 01:12:31'),
(1328, 56, 6, '1', '', '60', '2024-02-15 01:12:31', '60', '2024-02-15 01:12:31'),
(1329, 56, 7, '1', '', '60', '2024-02-15 01:12:31', '60', '2024-02-15 01:12:31'),
(1330, 56, 8, '1', '', '60', '2024-02-15 01:12:31', '60', '2024-02-15 01:12:31'),
(1331, 56, 9, '1', '', '60', '2024-02-15 01:12:31', '60', '2024-02-15 01:12:31'),
(1332, 56, 10, '1', '', '60', '2024-02-15 01:12:31', '60', '2024-02-15 01:12:31'),
(1333, 56, 11, '1', '', '60', '2024-02-15 01:12:31', '60', '2024-02-15 01:12:31'),
(1334, 56, 12, '1', '', '60', '2024-02-15 01:12:31', '60', '2024-02-15 01:12:31'),
(1335, 56, 13, '1', '', '60', '2024-02-15 01:12:31', '60', '2024-02-15 01:12:31'),
(1336, 56, 14, '1', '', '60', '2024-02-15 01:12:31', '60', '2024-02-15 01:12:31'),
(1337, 56, 15, '1', '', '60', '2024-02-15 01:12:31', '60', '2024-02-15 01:12:31'),
(1338, 56, 16, '1', '', '60', '2024-02-15 01:12:31', '60', '2024-02-15 01:12:31'),
(1339, 56, 17, '1', '', '60', '2024-02-15 01:12:31', '60', '2024-02-15 01:12:31'),
(1340, 56, 18, '1', '', '60', '2024-02-15 01:12:31', '60', '2024-02-15 01:12:31'),
(1341, 56, 19, '1', '', '60', '2024-02-15 01:12:31', '60', '2024-02-15 01:12:31'),
(1342, 56, 20, '0', '', '60', '2024-02-15 01:12:31', '60', '2024-02-15 01:12:31'),
(1343, 56, 21, '', '', '60', '2024-02-15 01:12:31', '60', '2024-02-15 01:12:31'),
(1344, 56, 24, '', '', '60', '2024-02-15 01:12:31', '60', '2024-02-15 01:12:31'),
(1345, 56, 22, '', '', '60', '2024-02-15 01:12:31', '60', '2024-02-15 01:12:31'),
(1346, 56, 23, '', '', '60', '2024-02-15 01:12:31', '60', '2024-02-15 01:12:31'),
(1347, 57, 1, '125', '', '4', '2024-02-23 10:51:04', '4', '2024-02-23 10:51:04'),
(1348, 57, 25, '245', '', '4', '2024-02-23 10:51:04', '4', '2024-02-23 10:51:04'),
(1349, 57, 2, '1', '', '4', '2024-02-23 10:51:04', '4', '2024-02-23 10:51:04'),
(1350, 57, 3, '1', '', '4', '2024-02-23 10:51:04', '4', '2024-02-23 10:51:04'),
(1351, 57, 4, '1', '', '4', '2024-02-23 10:51:04', '4', '2024-02-23 10:51:04'),
(1352, 57, 5, '1', '', '4', '2024-02-23 10:51:04', '4', '2024-02-23 10:51:04'),
(1353, 57, 6, '1', '', '4', '2024-02-23 10:51:04', '4', '2024-02-23 10:51:04'),
(1354, 57, 7, '1', '', '4', '2024-02-23 10:51:04', '4', '2024-02-23 10:51:04'),
(1355, 57, 8, '1', '', '4', '2024-02-23 10:51:04', '4', '2024-02-23 10:51:04'),
(1356, 57, 9, '1', '', '4', '2024-02-23 10:51:04', '4', '2024-02-23 10:51:04'),
(1357, 57, 10, '1', '', '4', '2024-02-23 10:51:04', '4', '2024-02-23 10:51:04'),
(1358, 57, 11, '1', '', '4', '2024-02-23 10:51:04', '4', '2024-02-23 10:51:04'),
(1359, 57, 12, '1', '', '4', '2024-02-23 10:51:04', '4', '2024-02-23 10:51:04'),
(1360, 57, 13, '1', '', '4', '2024-02-23 10:51:04', '4', '2024-02-23 10:51:04'),
(1361, 57, 14, '1', '', '4', '2024-02-23 10:51:04', '4', '2024-02-23 10:51:04'),
(1362, 57, 15, '1', '', '4', '2024-02-23 10:51:04', '4', '2024-02-23 10:51:04'),
(1363, 57, 16, '1', '', '4', '2024-02-23 10:51:04', '4', '2024-02-23 10:51:04'),
(1364, 57, 17, '1', '', '4', '2024-02-23 10:51:04', '4', '2024-02-23 10:51:04'),
(1365, 57, 18, '1', '', '4', '2024-02-23 10:51:04', '4', '2024-02-23 10:51:04'),
(1366, 57, 19, '1', '', '4', '2024-02-23 10:51:04', '4', '2024-02-23 10:51:04'),
(1367, 57, 20, '1', '', '4', '2024-02-23 10:51:04', '4', '2024-02-23 10:51:04'),
(1368, 57, 21, '15', '', '4', '2024-02-23 10:51:04', '4', '2024-02-23 10:51:04'),
(1369, 57, 24, '15', '', '4', '2024-02-23 10:51:04', '4', '2024-02-23 10:51:04'),
(1370, 57, 22, '44', '', '4', '2024-02-23 10:51:04', '4', '2024-02-23 10:51:04'),
(1371, 57, 23, '54', '', '4', '2024-02-23 10:51:04', '4', '2024-02-23 10:51:04'),
(1372, 58, 1, '125', '', '4', '2024-02-23 10:51:45', '4', '2024-02-23 10:51:45'),
(1373, 58, 25, '245', '', '4', '2024-02-23 10:51:45', '4', '2024-02-23 10:51:45'),
(1374, 58, 2, '1', '', '4', '2024-02-23 10:51:45', '4', '2024-02-23 10:51:45'),
(1375, 58, 3, '1', '', '4', '2024-02-23 10:51:45', '4', '2024-02-23 10:51:45'),
(1376, 58, 4, '1', '', '4', '2024-02-23 10:51:45', '4', '2024-02-23 10:51:45'),
(1377, 58, 5, '1', '', '4', '2024-02-23 10:51:45', '4', '2024-02-23 10:51:45'),
(1378, 58, 6, '1', '', '4', '2024-02-23 10:51:45', '4', '2024-02-23 10:51:45'),
(1379, 58, 7, '1', '', '4', '2024-02-23 10:51:45', '4', '2024-02-23 10:51:45'),
(1380, 58, 8, '1', '', '4', '2024-02-23 10:51:45', '4', '2024-02-23 10:51:45'),
(1381, 58, 9, '1', '', '4', '2024-02-23 10:51:45', '4', '2024-02-23 10:51:45'),
(1382, 58, 10, '1', '', '4', '2024-02-23 10:51:45', '4', '2024-02-23 10:51:45'),
(1383, 58, 11, '1', '', '4', '2024-02-23 10:51:45', '4', '2024-02-23 10:51:45'),
(1384, 58, 12, '1', '', '4', '2024-02-23 10:51:45', '4', '2024-02-23 10:51:45'),
(1385, 58, 13, '1', '', '4', '2024-02-23 10:51:45', '4', '2024-02-23 10:51:45'),
(1386, 58, 14, '1', '', '4', '2024-02-23 10:51:45', '4', '2024-02-23 10:51:45'),
(1387, 58, 15, '1', '', '4', '2024-02-23 10:51:45', '4', '2024-02-23 10:51:45'),
(1388, 58, 16, '1', '', '4', '2024-02-23 10:51:45', '4', '2024-02-23 10:51:45'),
(1389, 58, 17, '1', '', '4', '2024-02-23 10:51:45', '4', '2024-02-23 10:51:45'),
(1390, 58, 18, '1', '', '4', '2024-02-23 10:51:45', '4', '2024-02-23 10:51:45'),
(1391, 58, 19, '1', '', '4', '2024-02-23 10:51:45', '4', '2024-02-23 10:51:45'),
(1392, 58, 20, '1', '', '4', '2024-02-23 10:51:45', '4', '2024-02-23 10:51:45'),
(1393, 58, 21, '15', '', '4', '2024-02-23 10:51:45', '4', '2024-02-23 10:51:45'),
(1394, 58, 24, '15', '', '4', '2024-02-23 10:51:45', '4', '2024-02-23 10:51:45'),
(1395, 58, 22, '44', '', '4', '2024-02-23 10:51:45', '4', '2024-02-23 10:51:45'),
(1396, 58, 23, '54', '', '4', '2024-02-23 10:51:45', '4', '2024-02-23 10:51:45'),
(1397, 59, 1, '125', '', '4', '2024-02-23 11:21:54', '4', '2024-02-23 11:21:54'),
(1398, 59, 25, '245', '', '4', '2024-02-23 11:21:54', '4', '2024-02-23 11:21:54'),
(1399, 59, 2, '1', '', '4', '2024-02-23 11:21:54', '4', '2024-02-23 11:21:54'),
(1400, 59, 3, '1', '', '4', '2024-02-23 11:21:54', '4', '2024-02-23 11:21:54'),
(1401, 59, 4, '1', '', '4', '2024-02-23 11:21:54', '4', '2024-02-23 11:21:54'),
(1402, 59, 5, '1', '', '4', '2024-02-23 11:21:54', '4', '2024-02-23 11:21:54'),
(1403, 59, 6, '1', '', '4', '2024-02-23 11:21:54', '4', '2024-02-23 11:21:54'),
(1404, 59, 7, '1', '', '4', '2024-02-23 11:21:54', '4', '2024-02-23 11:21:54'),
(1405, 59, 8, '1', '', '4', '2024-02-23 11:21:54', '4', '2024-02-23 11:21:54'),
(1406, 59, 9, '1', '', '4', '2024-02-23 11:21:54', '4', '2024-02-23 11:21:54'),
(1407, 59, 10, '1', '', '4', '2024-02-23 11:21:54', '4', '2024-02-23 11:21:54'),
(1408, 59, 11, '1', '', '4', '2024-02-23 11:21:54', '4', '2024-02-23 11:21:54'),
(1409, 59, 12, '1', '', '4', '2024-02-23 11:21:54', '4', '2024-02-23 11:21:54'),
(1410, 59, 13, '1', '', '4', '2024-02-23 11:21:54', '4', '2024-02-23 11:21:54'),
(1411, 59, 14, '1', '', '4', '2024-02-23 11:21:54', '4', '2024-02-23 11:21:54'),
(1412, 59, 15, '1', '', '4', '2024-02-23 11:21:54', '4', '2024-02-23 11:21:54'),
(1413, 59, 16, '1', '', '4', '2024-02-23 11:21:54', '4', '2024-02-23 11:21:54'),
(1414, 59, 17, '1', '', '4', '2024-02-23 11:21:54', '4', '2024-02-23 11:21:54'),
(1415, 59, 18, '1', '', '4', '2024-02-23 11:21:54', '4', '2024-02-23 11:21:54'),
(1416, 59, 19, '1', '', '4', '2024-02-23 11:21:54', '4', '2024-02-23 11:21:54'),
(1417, 59, 20, '1', '', '4', '2024-02-23 11:21:54', '4', '2024-02-23 11:21:54'),
(1418, 59, 21, '2', '', '4', '2024-02-23 11:21:54', '4', '2024-02-23 11:21:54'),
(1419, 59, 24, '13', '', '4', '2024-02-23 11:21:54', '4', '2024-02-23 11:21:54'),
(1420, 59, 22, '41', '', '4', '2024-02-23 11:21:54', '4', '2024-02-23 11:21:54'),
(1421, 59, 23, '53', '', '4', '2024-02-23 11:21:54', '4', '2024-02-23 11:21:54'),
(1422, 60, 1, '255', '', '4', '2024-02-23 11:25:22', '4', '2024-02-23 11:25:22'),
(1423, 60, 25, '245', '', '4', '2024-02-23 11:25:22', '4', '2024-02-23 11:25:22'),
(1424, 60, 2, '1', '', '4', '2024-02-23 11:25:22', '4', '2024-02-23 11:25:22'),
(1425, 60, 3, '1', '', '4', '2024-02-23 11:25:22', '4', '2024-02-23 11:25:22'),
(1426, 60, 4, '1', '', '4', '2024-02-23 11:25:22', '4', '2024-02-23 11:25:22'),
(1427, 60, 5, '1', '', '4', '2024-02-23 11:25:22', '4', '2024-02-23 11:25:22'),
(1428, 60, 6, '1', '', '4', '2024-02-23 11:25:22', '4', '2024-02-23 11:25:22'),
(1429, 60, 7, '1', '', '4', '2024-02-23 11:25:22', '4', '2024-02-23 11:25:22'),
(1430, 60, 8, '1', '', '4', '2024-02-23 11:25:22', '4', '2024-02-23 11:25:22'),
(1431, 60, 9, '1', '', '4', '2024-02-23 11:25:22', '4', '2024-02-23 11:25:22'),
(1432, 60, 10, '1', '', '4', '2024-02-23 11:25:22', '4', '2024-02-23 11:25:22'),
(1433, 60, 11, '1', '', '4', '2024-02-23 11:25:22', '4', '2024-02-23 11:25:22'),
(1434, 60, 12, '1', '', '4', '2024-02-23 11:25:22', '4', '2024-02-23 11:25:22'),
(1435, 60, 13, '1', '', '4', '2024-02-23 11:25:22', '4', '2024-02-23 11:25:22'),
(1436, 60, 14, '1', '', '4', '2024-02-23 11:25:22', '4', '2024-02-23 11:25:22'),
(1437, 60, 15, '1', '', '4', '2024-02-23 11:25:22', '4', '2024-02-23 11:25:22'),
(1438, 60, 16, '1', '', '4', '2024-02-23 11:25:22', '4', '2024-02-23 11:25:22'),
(1439, 60, 17, '1', '', '4', '2024-02-23 11:25:22', '4', '2024-02-23 11:25:22'),
(1440, 60, 18, '1', '', '4', '2024-02-23 11:25:22', '4', '2024-02-23 11:25:22'),
(1441, 60, 19, '1', '', '4', '2024-02-23 11:25:22', '4', '2024-02-23 11:25:22'),
(1442, 60, 20, '1', '', '4', '2024-02-23 11:25:22', '4', '2024-02-23 11:25:22'),
(1443, 60, 21, '18', '', '4', '2024-02-23 11:25:22', '4', '2024-02-23 11:25:22'),
(1444, 60, 24, '19', '', '4', '2024-02-23 11:25:22', '4', '2024-02-23 11:25:22'),
(1445, 60, 22, '44', '', '4', '2024-02-23 11:25:22', '4', '2024-02-23 11:25:22'),
(1446, 60, 23, '52', '', '4', '2024-02-23 11:25:22', '4', '2024-02-23 11:25:22'),
(1447, 61, 1, '125', '', '4', '2024-02-23 11:26:16', '4', '2024-02-23 11:26:16'),
(1448, 61, 25, '245', '', '4', '2024-02-23 11:26:16', '4', '2024-02-23 11:26:16'),
(1449, 61, 2, '1', '', '4', '2024-02-23 11:26:16', '4', '2024-02-23 11:26:16'),
(1450, 61, 3, '1', '', '4', '2024-02-23 11:26:16', '4', '2024-02-23 11:26:16'),
(1451, 61, 4, '1', '', '4', '2024-02-23 11:26:16', '4', '2024-02-23 11:26:16'),
(1452, 61, 5, '1', '', '4', '2024-02-23 11:26:16', '4', '2024-02-23 11:26:16'),
(1453, 61, 6, '1', '', '4', '2024-02-23 11:26:16', '4', '2024-02-23 11:26:16'),
(1454, 61, 7, '1', '', '4', '2024-02-23 11:26:16', '4', '2024-02-23 11:26:16'),
(1455, 61, 8, '1', '', '4', '2024-02-23 11:26:16', '4', '2024-02-23 11:26:16'),
(1456, 61, 9, '1', '', '4', '2024-02-23 11:26:16', '4', '2024-02-23 11:26:16'),
(1457, 61, 10, '1', '', '4', '2024-02-23 11:26:16', '4', '2024-02-23 11:26:16'),
(1458, 61, 11, '1', '', '4', '2024-02-23 11:26:16', '4', '2024-02-23 11:26:16'),
(1459, 61, 12, '1', '', '4', '2024-02-23 11:26:16', '4', '2024-02-23 11:26:16'),
(1460, 61, 13, '1', '', '4', '2024-02-23 11:26:16', '4', '2024-02-23 11:26:16'),
(1461, 61, 14, '1', '', '4', '2024-02-23 11:26:16', '4', '2024-02-23 11:26:16'),
(1462, 61, 15, '1', '', '4', '2024-02-23 11:26:16', '4', '2024-02-23 11:26:16'),
(1463, 61, 16, '1', '', '4', '2024-02-23 11:26:16', '4', '2024-02-23 11:26:16'),
(1464, 61, 17, '1', '', '4', '2024-02-23 11:26:16', '4', '2024-02-23 11:26:16'),
(1465, 61, 18, '1', '', '4', '2024-02-23 11:26:16', '4', '2024-02-23 11:26:16'),
(1466, 61, 19, '1', '', '4', '2024-02-23 11:26:16', '4', '2024-02-23 11:26:16'),
(1467, 61, 20, '1', '', '4', '2024-02-23 11:26:16', '4', '2024-02-23 11:26:16'),
(1468, 61, 21, '2', '', '4', '2024-02-23 11:26:16', '4', '2024-02-23 11:26:16'),
(1469, 61, 24, '2', '', '4', '2024-02-23 11:26:16', '4', '2024-02-23 11:26:16'),
(1470, 61, 22, '28', '', '4', '2024-02-23 11:26:16', '4', '2024-02-23 11:26:16'),
(1471, 61, 23, '47', '', '4', '2024-02-23 11:26:16', '4', '2024-02-23 11:26:16');

-- --------------------------------------------------------

--
-- Table structure for table `tbl_inspection_hdr`
--

CREATE TABLE `tbl_inspection_hdr` (
  `InspectionHdrID` bigint NOT NULL,
  `InspectionNo` varchar(15) CHARACTER SET utf8mb3 COLLATE utf8mb3_unicode_ci NOT NULL,
  `InspectionDate` date NOT NULL,
  `UserID` int NOT NULL,
  `VehicleID` int NOT NULL,
  `CompanyShiftID` int NOT NULL,
  `UserRemarks` varchar(2000) CHARACTER SET utf8mb3 COLLATE utf8mb3_unicode_ci NOT NULL,
  `AdminRemark` varchar(2000) CHARACTER SET utf8mb3 COLLATE utf8mb3_unicode_ci NOT NULL,
  `CreatedBy` varchar(30) CHARACTER SET utf8mb3 COLLATE utf8mb3_unicode_ci NOT NULL DEFAULT 'Admin',
  `CreatedOn` datetime NOT NULL DEFAULT CURRENT_TIMESTAMP,
  `ModifiedBy` varchar(30) CHARACTER SET utf8mb3 COLLATE utf8mb3_unicode_ci NOT NULL DEFAULT 'Admin',
  `ModifiedOn` datetime NOT NULL DEFAULT CURRENT_TIMESTAMP
) ENGINE=InnoDB DEFAULT CHARSET=utf8mb3 COLLATE=utf8mb3_unicode_ci;

--
-- Dumping data for table `tbl_inspection_hdr`
--

INSERT INTO `tbl_inspection_hdr` (`InspectionHdrID`, `InspectionNo`, `InspectionDate`, `UserID`, `VehicleID`, `CompanyShiftID`, `UserRemarks`, `AdminRemark`, `CreatedBy`, `CreatedOn`, `ModifiedBy`, `ModifiedOn`) VALUES
(1, '', '2023-08-14', 42, 32, 7, 'over all looks good', '', '42', '2023-08-14 22:49:41', 'Admin', '2023-08-14 19:19:41'),
(2, '', '2023-08-14', 42, 32, 7, 'over all looks good', '', '42', '2023-08-14 22:50:22', 'Admin', '2023-08-14 19:20:22'),
(3, 'INS003', '2023-08-15', 39, 3, 6, 'test', '', '39', '2023-08-15 12:18:15', 'Admin', '2023-08-15 08:48:15'),
(4, '', '2023-08-15', 39, 4, 6, '', '', '39', '2023-08-15 12:19:12', 'Admin', '2023-08-15 08:49:12'),
(5, '', '2023-08-15', 39, 4, 6, '', '', '39', '2023-08-15 12:23:11', 'Admin', '2023-08-15 08:53:11'),
(6, '', '2023-08-15', 39, 4, 6, '', '', '39', '2023-08-15 12:23:28', 'Admin', '2023-08-15 08:53:28'),
(7, '', '2023-08-15', 39, 4, 6, '', '', '39', '2023-08-15 12:23:38', 'Admin', '2023-08-15 08:53:38'),
(8, '', '2023-08-15', 39, 4, 6, '', '', '39', '2023-08-15 12:23:49', 'Admin', '2023-08-15 08:53:49'),
(9, '', '2023-08-15', 39, 4, 6, '', '', '39', '2023-08-15 12:24:03', 'Admin', '2023-08-15 08:54:03'),
(10, 'INS010', '2023-08-15', 39, 4, 6, '', '', '39', '2023-08-15 12:24:21', 'Admin', '2023-08-15 08:54:21'),
(11, 'INS011', '2023-08-15', 42, 32, 7, 'NMULTIL EISSUE', '', '42', '2023-08-15 12:30:07', 'Admin', '2023-08-15 09:00:07'),
(12, 'INS012', '2023-08-15', 39, 6, 6, '', '', '39', '2023-08-15 12:33:28', 'Admin', '2023-08-15 09:03:28'),
(13, 'INS013', '2023-08-15', 43, 2, 5, '', '', '43', '2023-08-15 21:46:47', 'Admin', '2023-08-15 18:16:47'),
(14, 'INS014', '2023-08-15', 39, 6, 5, '', '', '39', '2023-08-15 23:46:47', 'Admin', '2023-08-15 20:16:47'),
(16, 'INS016', '2023-08-16', 39, 13, 5, '', '', '39', '2023-08-16 15:30:18', 'Admin', '2023-08-16 12:00:18'),
(17, 'INS017', '2023-08-16', 39, 8, 5, '', '', '39', '2023-08-16 19:15:10', 'Admin', '2023-08-16 15:45:10'),
(18, 'INS018', '2023-08-16', 44, 35, 5, '', '', '44', '2023-08-16 19:26:23', 'Admin', '2023-08-16 15:56:23'),
(19, 'INS019', '2023-08-18', 42, 32, 7, 'uplaoed my remark', '', '42', '2023-08-18 17:31:17', 'Admin', '2023-08-18 14:01:17'),
(20, 'INS020', '2023-08-18', 42, 32, 7, '', '', '42', '2023-08-18 17:42:54', 'Admin', '2023-08-18 14:12:54'),
(21, 'INS021', '2023-08-18', 42, 32, 7, '', '', '42', '2023-08-18 17:46:15', 'Admin', '2023-08-18 14:16:15'),
(22, 'INS022', '2023-08-18', 42, 32, 7, '', '', '42', '2023-08-18 17:49:04', 'Admin', '2023-08-18 14:19:04'),
(23, 'INS023', '2023-08-18', 42, 32, 7, '', '', '42', '2023-08-18 17:52:06', 'Admin', '2023-08-18 14:22:06'),
(24, 'INS024', '2023-08-18', 42, 32, 7, '', '', '42', '2023-08-18 17:52:27', 'Admin', '2023-08-18 14:22:27'),
(25, 'INS025', '2023-08-18', 42, 32, 7, '', '', '42', '2023-08-18 17:53:25', 'Admin', '2023-08-18 14:23:25'),
(26, 'INS026', '2023-08-18', 42, 32, 7, '', '', '42', '2023-08-18 17:53:51', 'Admin', '2023-08-18 14:23:51'),
(27, 'INS027', '2023-08-18', 42, 32, 7, '', '', '42', '2023-08-18 17:54:40', 'Admin', '2023-08-18 14:24:40'),
(28, 'INS028', '2023-08-18', 42, 32, 7, '', '', '42', '2023-08-18 17:58:53', 'Admin', '2023-08-18 14:28:53'),
(29, 'INS029', '2023-08-19', 39, 2, 5, 'a', '', '39', '2023-08-19 21:57:23', 'Admin', '2023-08-19 18:27:23'),
(30, 'INS030', '2023-08-19', 46, 3, 5, '', '', '46', '2023-08-19 22:11:02', 'Admin', '2023-08-19 18:41:02'),
(31, 'INS031', '2023-08-19', 46, 5, 5, '', '', '46', '2023-08-19 22:12:48', 'Admin', '2023-08-19 18:42:48'),
(32, 'INS032', '2023-08-19', 46, 5, 5, '', '', '46', '2023-08-19 22:13:05', 'Admin', '2023-08-19 18:43:05'),
(33, 'INS033', '2023-08-20', 39, 5, 5, '', '', '39', '2023-08-20 10:49:15', 'Admin', '2023-08-20 07:19:15'),
(34, 'INS034', '2023-08-20', 39, 4, 6, 'remark', '', '39', '2023-08-20 11:27:40', 'Admin', '2023-08-20 07:57:40'),
(35, 'INS035', '2023-08-21', 39, 6, 5, 'Small debt at door', '', '39', '2023-08-21 12:54:13', 'Admin', '2023-08-21 09:24:13'),
(36, 'INS036', '2023-08-21', 46, 14, 5, '', '', '46', '2023-08-21 15:51:57', 'Admin', '2023-08-21 12:21:57'),
(37, 'INS037', '2023-08-21', 2, 12, 5, '', '', '2', '2023-08-21 19:04:11', 'Admin', '2023-08-21 15:34:11'),
(38, 'INS038', '2023-08-22', 39, 5, 5, 'horn was not proper', '', '39', '2023-08-22 15:52:15', 'Admin', '2023-08-22 12:22:15'),
(39, 'INS039', '2023-08-22', 39, 6, 5, 'scratch', '', '39', '2023-08-22 17:05:13', 'Admin', '2023-08-22 13:35:13'),
(40, 'INS040', '2023-08-22', 48, 32, 8, 'test', '', '48', '2023-08-22 17:11:48', 'Admin', '2023-08-22 13:41:48'),
(41, 'INS041', '2023-08-26', 50, 2, 5, 'Test by Osama\r\n26-08-2023', '', '50', '2023-08-26 16:58:16', 'Admin', '2023-08-26 13:28:16'),
(42, 'INS042', '2023-08-27', 50, 11, 5, '', '', '50', '2023-08-27 21:57:06', 'Admin', '2023-08-27 18:27:06'),
(43, 'INS043', '2023-09-04', 50, 5, 5, '', '', '50', '2023-09-04 00:53:46', 'Admin', '2023-09-03 21:23:46'),
(44, 'INS044', '2023-09-05', 3, 2, 6, '', '', '3', '2023-09-05 14:55:08', 'Admin', '2023-09-05 11:25:08'),
(45, 'INS045', '2023-09-11', 39, 4, 5, '', '', '39', '2023-09-11 16:21:21', 'Admin', '2023-09-11 12:51:21'),
(46, 'INS046', '2023-09-13', 9, 11, 5, '', '', '9', '2023-09-13 12:59:46', 'Admin', '2023-09-13 09:29:46'),
(47, 'INS047', '2023-09-13', 9, 11, 5, '', '', '9', '2023-09-13 13:00:06', 'Admin', '2023-09-13 09:30:06'),
(48, '', '2023-12-17', 53, 5, 6, '', '', '53', '2023-12-17 18:50:42', 'Admin', '2023-12-17 13:20:42'),
(49, '', '2023-12-17', 53, 5, 6, '', '', '53', '2023-12-17 18:51:02', 'Admin', '2023-12-17 13:21:02'),
(50, '', '2023-12-17', 53, 5, 6, '', '', '53', '2023-12-17 18:51:21', 'Admin', '2023-12-17 13:21:21'),
(51, '', '2023-12-17', 53, 5, 6, 'All ok', '', '53', '2023-12-17 18:51:47', 'Admin', '2023-12-17 13:21:47'),
(52, '', '2023-12-17', 53, 5, 6, 'All ok', '', '53', '2023-12-17 18:52:01', 'Admin', '2023-12-17 13:22:01'),
(53, 'INS053', '2024-01-11', 55, 36, 10, 'Testing', '', '55', '2024-01-11 19:14:30', 'Admin', '2024-01-11 13:44:30'),
(54, 'INS054', '2024-01-11', 57, 37, 11, 'Testing', '', '57', '2024-01-11 20:11:58', 'Admin', '2024-01-11 14:41:58'),
(55, 'INS055', '2024-02-04', 39, 2, 5, 'verified successfully. ', '', '39', '2024-02-04 01:46:14', 'Admin', '2024-02-03 20:16:14'),
(56, 'INS056', '2024-02-15', 60, 38, 12, 'Done', '', '60', '2024-02-15 01:12:31', 'Admin', '2024-02-14 19:42:31'),
(57, 'INS057', '2024-02-23', 4, 12, 5, 'et', '', '4', '2024-02-23 10:51:04', 'Admin', '2024-02-23 05:21:04'),
(58, 'INS058', '2024-02-23', 4, 12, 5, 'et', '', '4', '2024-02-23 10:51:45', 'Admin', '2024-02-23 05:21:45'),
(59, 'INS059', '2024-02-23', 4, 14, 6, '', '', '4', '2024-02-23 11:21:54', 'Admin', '2024-02-23 05:51:54'),
(60, 'INS060', '2024-02-23', 4, 13, 5, '', '', '4', '2024-02-23 11:25:22', 'Admin', '2024-02-23 05:55:22'),
(61, 'INS061', '2024-02-23', 4, 14, 5, '', '', '4', '2024-02-23 11:26:16', 'Admin', '2024-02-23 05:56:16');

-- --------------------------------------------------------

--
-- Table structure for table `tbl_inspection_image`
--

CREATE TABLE `tbl_inspection_image` (
  `InspectionImageiD` bigint NOT NULL,
  `InspectionHdrID` int NOT NULL,
  `ImageURL` varchar(2000) CHARACTER SET utf8mb3 COLLATE utf8mb3_unicode_ci NOT NULL,
  `CreatedBy` varchar(30) CHARACTER SET utf8mb3 COLLATE utf8mb3_unicode_ci NOT NULL DEFAULT 'Admin',
  `CreatedOn` datetime NOT NULL DEFAULT CURRENT_TIMESTAMP,
  `ModifiedBy` varchar(30) CHARACTER SET utf8mb3 COLLATE utf8mb3_unicode_ci NOT NULL DEFAULT 'Admin',
  `ModifiedOn` datetime NOT NULL DEFAULT CURRENT_TIMESTAMP
) ENGINE=InnoDB DEFAULT CHARSET=utf8mb3 COLLATE=utf8mb3_unicode_ci;

--
-- Dumping data for table `tbl_inspection_image`
--

INSERT INTO `tbl_inspection_image` (`InspectionImageiD`, `InspectionHdrID`, `ImageURL`, `CreatedBy`, `CreatedOn`, `ModifiedBy`, `ModifiedOn`) VALUES
(1, 1, 'issue_image_3055.png', '42', '2023-08-14 22:49:41', 'Admin', '2023-08-14 19:19:41'),
(2, 2, 'issue_image_3083.png', '42', '2023-08-14 22:50:22', 'Admin', '2023-08-14 19:20:22'),
(3, 3, 'issue_image_1502.png', '39', '2023-08-15 12:18:15', 'Admin', '2023-08-15 08:48:15'),
(4, 3, '342b1b2874137b0cff59e76dd5d069e1.png', '39', '2023-08-15 12:18:15', 'Admin', '2023-08-15 08:48:15'),
(5, 4, 'issue_image_1429.png', '39', '2023-08-15 12:19:12', 'Admin', '2023-08-15 08:49:12'),
(6, 5, 'issue_image_3302.png', '39', '2023-08-15 12:23:11', 'Admin', '2023-08-15 08:53:11'),
(7, 6, 'issue_image_2699.png', '39', '2023-08-15 12:23:28', 'Admin', '2023-08-15 08:53:28'),
(8, 7, 'issue_image_2620.png', '39', '2023-08-15 12:23:38', 'Admin', '2023-08-15 08:53:38'),
(9, 8, 'issue_image_1570.png', '39', '2023-08-15 12:23:49', 'Admin', '2023-08-15 08:53:49'),
(10, 9, 'issue_image_3283.png', '39', '2023-08-15 12:24:03', 'Admin', '2023-08-15 08:54:03'),
(11, 10, 'issue_image_1954.png', '39', '2023-08-15 12:24:21', 'Admin', '2023-08-15 08:54:21'),
(12, 11, 'issue_image_1809.png', '42', '2023-08-15 12:30:07', 'Admin', '2023-08-15 09:00:07'),
(13, 11, '62d5853be792860a674dd8e459649f31.png', '42', '2023-08-15 12:30:07', 'Admin', '2023-08-15 09:00:07'),
(14, 12, 'issue_image_3254.png', '39', '2023-08-15 12:33:28', 'Admin', '2023-08-15 09:03:28'),
(15, 13, 'issue_image_4244.png', '43', '2023-08-15 21:46:47', 'Admin', '2023-08-15 18:16:47'),
(16, 14, 'issue_image_3888.png', '39', '2023-08-15 23:46:47', 'Admin', '2023-08-15 20:16:47'),
(17, 15, 'issue_image_1686.png', '2', '2023-08-16 14:46:30', 'Admin', '2023-08-16 11:16:30'),
(18, 16, 'issue_image_4368.png', '39', '2023-08-16 15:30:18', 'Admin', '2023-08-16 12:00:18'),
(19, 16, '445b7a89e205c62aa3542f0d7cef14b5.jpg', '39', '2023-08-16 15:30:19', 'Admin', '2023-08-16 12:00:19'),
(20, 17, 'issue_image_2463.png', '39', '2023-08-16 19:15:10', 'Admin', '2023-08-16 15:45:10'),
(21, 18, 'issue_image_1693.png', '44', '2023-08-16 19:26:23', 'Admin', '2023-08-16 15:56:23'),
(22, 19, 'issue_image_3172.png', '42', '2023-08-18 17:31:17', 'Admin', '2023-08-18 14:01:17'),
(23, 19, '90b91afd01422e2c312fd28803cb7904.png', '42', '2023-08-18 17:31:17', 'Admin', '2023-08-18 14:01:17'),
(24, 20, 'issue_image_3715.png', '42', '2023-08-18 17:42:54', 'Admin', '2023-08-18 14:12:54'),
(25, 21, 'issue_image_2916.png', '42', '2023-08-18 17:46:15', 'Admin', '2023-08-18 14:16:15'),
(26, 22, 'issue_image_2495.png', '42', '2023-08-18 17:49:04', 'Admin', '2023-08-18 14:19:04'),
(27, 23, 'issue_image_1727.png', '42', '2023-08-18 17:52:06', 'Admin', '2023-08-18 14:22:06'),
(28, 24, 'issue_image_3585.png', '42', '2023-08-18 17:52:27', 'Admin', '2023-08-18 14:22:27'),
(29, 25, 'issue_image_2818.png', '42', '2023-08-18 17:53:25', 'Admin', '2023-08-18 14:23:25'),
(30, 26, 'issue_image_1760.png', '42', '2023-08-18 17:53:51', 'Admin', '2023-08-18 14:23:51'),
(31, 27, 'issue_image_1249.png', '42', '2023-08-18 17:54:40', 'Admin', '2023-08-18 14:24:40'),
(32, 28, 'issue_image_2927.png', '42', '2023-08-18 17:58:53', 'Admin', '2023-08-18 14:28:53'),
(33, 29, 'issue_image_1150.png', '39', '2023-08-19 21:57:23', 'Admin', '2023-08-19 18:27:23'),
(34, 30, 'issue_image_4333.png', '46', '2023-08-19 22:11:02', 'Admin', '2023-08-19 18:41:02'),
(35, 31, 'issue_image_1778.png', '46', '2023-08-19 22:12:48', 'Admin', '2023-08-19 18:42:48'),
(36, 32, 'issue_image_2623.png', '46', '2023-08-19 22:13:05', 'Admin', '2023-08-19 18:43:05'),
(37, 33, 'issue_image_3671.png', '39', '2023-08-20 10:49:15', 'Admin', '2023-08-20 07:19:15'),
(38, 34, 'issue_image_3864.png', '39', '2023-08-20 11:27:40', 'Admin', '2023-08-20 07:57:40'),
(39, 34, '69558d54bf3c6e0e33a4283ca91e244b.png', '39', '2023-08-20 11:27:40', 'Admin', '2023-08-20 07:57:40'),
(40, 35, 'issue_image_1805.png', '39', '2023-08-21 12:54:14', 'Admin', '2023-08-21 09:24:14'),
(41, 36, 'issue_image_1193.png', '46', '2023-08-21 15:51:57', 'Admin', '2023-08-21 12:21:57'),
(42, 37, 'issue_image_3499.png', '2', '2023-08-21 19:04:11', 'Admin', '2023-08-21 15:34:11'),
(43, 38, 'issue_image_2802.png', '39', '2023-08-22 15:52:15', 'Admin', '2023-08-22 12:22:15'),
(44, 39, 'issue_image_3860.png', '39', '2023-08-22 17:05:13', 'Admin', '2023-08-22 13:35:13'),
(45, 40, 'issue_image_2934.png', '48', '2023-08-22 17:11:48', 'Admin', '2023-08-22 13:41:48'),
(46, 41, 'issue_image_2919.png', '50', '2023-08-26 16:58:16', 'Admin', '2023-08-26 13:28:16'),
(47, 42, 'issue_image_3822.png', '50', '2023-08-27 21:57:06', 'Admin', '2023-08-27 18:27:06'),
(48, 43, 'issue_image_1789.png', '50', '2023-09-04 00:53:46', 'Admin', '2023-09-03 21:23:46'),
(49, 44, 'issue_image_3561.png', '3', '2023-09-05 14:55:08', 'Admin', '2023-09-05 11:25:08'),
(50, 45, 'issue_image_1404.png', '39', '2023-09-11 16:21:21', 'Admin', '2023-09-11 12:51:21'),
(51, 46, 'issue_image_2410.png', '9', '2023-09-13 12:59:46', 'Admin', '2023-09-13 09:29:46'),
(52, 46, '2cab99ea0799efc9bec1405381585192.jpeg', '9', '2023-09-13 12:59:46', 'Admin', '2023-09-13 09:29:46'),
(53, 47, 'issue_image_1474.png', '9', '2023-09-13 13:00:06', 'Admin', '2023-09-13 09:30:06'),
(54, 47, '358b29c5b3ef7a6a243818897df5680f.jpeg', '9', '2023-09-13 13:00:06', 'Admin', '2023-09-13 09:30:06'),
(55, 48, 'issue_image_3011.png', '53', '2023-12-17 18:50:42', 'Admin', '2023-12-17 13:20:42'),
(56, 49, 'issue_image_3481.png', '53', '2023-12-17 18:51:03', 'Admin', '2023-12-17 13:21:03'),
(57, 50, 'issue_image_2817.png', '53', '2023-12-17 18:51:21', 'Admin', '2023-12-17 13:21:21'),
(58, 51, 'issue_image_3310.png', '53', '2023-12-17 18:51:47', 'Admin', '2023-12-17 13:21:47'),
(59, 52, 'issue_image_4206.png', '53', '2023-12-17 18:52:01', 'Admin', '2023-12-17 13:22:01'),
(60, 53, 'issue_image_2347.png', '55', '2024-01-11 19:14:30', 'Admin', '2024-01-11 13:44:30'),
(61, 53, '57f7d5364db57e481187d70170a2c9ce.png', '55', '2024-01-11 19:14:30', 'Admin', '2024-01-11 13:44:30'),
(62, 54, 'issue_image_1197.png', '57', '2024-01-11 20:11:58', 'Admin', '2024-01-11 14:41:58'),
(63, 54, 'e85194a0d30ba17b6b45420c16538623.png', '57', '2024-01-11 20:11:58', 'Admin', '2024-01-11 14:41:58'),
(64, 55, 'issue_image_2406.png', '39', '2024-02-04 01:46:14', 'Admin', '2024-02-03 20:16:14'),
(65, 56, 'issue_image_1556.png', '60', '2024-02-15 01:12:31', 'Admin', '2024-02-14 19:42:31'),
(66, 57, 'issue_image_2840.png', '4', '2024-02-23 10:51:04', 'Admin', '2024-02-23 05:21:04'),
(67, 58, 'issue_image_2857.png', '4', '2024-02-23 10:51:45', 'Admin', '2024-02-23 05:21:45'),
(68, 59, 'issue_image_3857.png', '4', '2024-02-23 11:21:54', 'Admin', '2024-02-23 05:51:54'),
(69, 60, 'issue_image_3111.png', '4', '2024-02-23 11:25:22', 'Admin', '2024-02-23 05:55:22'),
(70, 61, 'issue_image_3602.png', '4', '2024-02-23 11:26:16', 'Admin', '2024-02-23 05:56:16');

-- --------------------------------------------------------

--
-- Table structure for table `tbl_location_code`
--

CREATE TABLE `tbl_location_code` (
  `LocationID` int NOT NULL,
  `LocationName` varchar(255) COLLATE utf8mb4_general_ci NOT NULL,
  `CompanyID` int NOT NULL,
  `activated` int NOT NULL,
  `CreatedBy` varchar(30) COLLATE utf8mb4_general_ci NOT NULL,
  `CreatedOn` datetime NOT NULL DEFAULT CURRENT_TIMESTAMP,
  `ModifiedBy` varchar(30) COLLATE utf8mb4_general_ci NOT NULL,
  `ModifiedOn` datetime NOT NULL DEFAULT CURRENT_TIMESTAMP
) ENGINE=InnoDB DEFAULT CHARSET=utf8mb4 COLLATE=utf8mb4_general_ci;

--
-- Dumping data for table `tbl_location_code`
--

INSERT INTO `tbl_location_code` (`LocationID`, `LocationName`, `CompanyID`, `activated`, `CreatedBy`, `CreatedOn`, `ModifiedBy`, `ModifiedOn`) VALUES
(13, 'DXB Rack1', 1, 1, '29', '2023-08-22 20:59:23', '', '2023-08-22 17:29:23'),
(14, 'DXB Rack2', 1, 1, '1', '2023-08-22 21:00:07', '', '2023-08-22 17:30:07'),
(15, 'DWC Rack1', 2, 1, '32', '2023-08-22 21:01:20', '', '2023-08-22 17:31:20'),
(16, 'DWC Rack2', 2, 1, '32', '2023-08-22 21:01:36', '32', '2023-08-22 21:02:19'),
(18, 'Testing', 11, 1, '56', '2024-01-11 20:02:17', '', '2024-01-11 14:32:17');

-- --------------------------------------------------------

--
-- Table structure for table `tbl_role`
--

CREATE TABLE `tbl_role` (
  `role_id` int NOT NULL,
  `name` varchar(255) NOT NULL,
  `department` varchar(255) NOT NULL,
  `role_no` varchar(255) CHARACTER SET utf8mb4 COLLATE utf8mb4_0900_ai_ci NOT NULL
) ENGINE=InnoDB DEFAULT CHARSET=utf8mb4 COLLATE=utf8mb4_0900_ai_ci;

--
-- Dumping data for table `tbl_role`
--

INSERT INTO `tbl_role` (`role_id`, `name`, `department`, `role_no`) VALUES
(1, 'admin', '', ''),
(2, 'user', '', ''),
(3, 'company admin', '', '');

-- --------------------------------------------------------

--
-- Table structure for table `tbl_service`
--

CREATE TABLE `tbl_service` (
  `ServiceID` int NOT NULL,
  `ServiceTitle` varchar(255) CHARACTER SET utf8mb4 COLLATE utf8mb4_general_ci NOT NULL,
  `ServiceParaImage` varchar(255) CHARACTER SET utf8mb4 COLLATE utf8mb4_general_ci NOT NULL,
  `ServiceParaTitle` varchar(100) CHARACTER SET utf8mb4 COLLATE utf8mb4_general_ci NOT NULL,
  `ServiceParaText` text CHARACTER SET utf8mb4 COLLATE utf8mb4_general_ci NOT NULL,
  `CreatedBy` varchar(30) CHARACTER SET utf8mb4 COLLATE utf8mb4_general_ci NOT NULL,
  `CreatedOn` datetime NOT NULL DEFAULT CURRENT_TIMESTAMP,
  `ModifiedBy` varchar(30) CHARACTER SET utf8mb4 COLLATE utf8mb4_general_ci NOT NULL,
  `ModifiedOn` datetime NOT NULL DEFAULT CURRENT_TIMESTAMP
) ENGINE=InnoDB DEFAULT CHARSET=utf8mb3;

--
-- Dumping data for table `tbl_service`
--

INSERT INTO `tbl_service` (`ServiceID`, `ServiceTitle`, `ServiceParaImage`, `ServiceParaTitle`, `ServiceParaText`, `CreatedBy`, `CreatedOn`, `ModifiedBy`, `ModifiedOn`) VALUES
(1, '', 's11.jpg', 'Airport Operations and Crisis Center (AOCC)', '<p>- Streamlines AOCC functions, reducing manual intervention.</p>\r\n\r\n<p>- Ensures agility and responsiveness in operational dynamics, facilitating timely resource allocation for aircraft operations.</p>\r\n', '29', '2024-12-16 15:40:02', '29', '2024-12-16 15:51:56'),
(2, '', 's41.jpg', 'Airside Operations', '<p>&nbsp;- Introduces automation in airside operations reporting.</p>\r\n\r\n<p>&nbsp;- Key features include maintenance schedule reporting, rework audits, fault geolocation, and streamlined vehicle inspections.</p>\r\n', '29', '2024-12-16 15:40:56', '', '2024-12-16 15:40:56'),
(3, '', 's31.jpg', 'Terminal Operations', '<p>&nbsp;- Manages permits for terminal, engineering, and airside operations.</p>\r\n\r\n<p>&nbsp;- Incorporates passenger satisfaction surveys to enhance service quality.</p>\r\n', '29', '2024-12-16 15:42:29', '', '2024-12-16 15:42:29'),
(4, '', 's611.jpg', 'Engineering', '<p>- Optimizes fault reporting and maintenance scheduling in accordance with ICAO and ACI standards.</p>\r\n\r\n<p>- Provides robust tools for rework audits and confirmations.</p>\r\n', '29', '2024-12-16 15:43:23', '', '2024-12-16 15:43:23'),
(5, '', 's21.jpg', 'Landside Operations', '<p>- Features dedicated modules for airside and landside inspections.</p>\r\n\r\n<p>- Ensures effective stakeholder communication through a comprehensive contact distribution list.</p>\r\n', '29', '2024-12-16 15:44:13', '', '2024-12-16 15:44:13');

-- --------------------------------------------------------

--
-- Table structure for table `tbl_user_acitivity_log`
--

CREATE TABLE `tbl_user_acitivity_log` (
  `UserActivityLogID` int NOT NULL,
  `UserID` int NOT NULL,
  `ActivityDate` date NOT NULL,
  `ActicvityID` int NOT NULL,
  `CreatedOn` datetime NOT NULL DEFAULT CURRENT_TIMESTAMP,
  `CreatedBy` varchar(55) COLLATE utf8mb4_general_ci NOT NULL,
  `ModifiedOn` datetime NOT NULL DEFAULT CURRENT_TIMESTAMP,
  `ModifiedBy` varchar(55) COLLATE utf8mb4_general_ci NOT NULL
) ENGINE=InnoDB DEFAULT CHARSET=utf8mb4 COLLATE=utf8mb4_general_ci;

--
-- Dumping data for table `tbl_user_acitivity_log`
--

INSERT INTO `tbl_user_acitivity_log` (`UserActivityLogID`, `UserID`, `ActivityDate`, `ActicvityID`, `CreatedOn`, `CreatedBy`, `ModifiedOn`, `ModifiedBy`) VALUES
(1, 29, '2024-02-21', 1, '2024-02-21 09:39:15', '', '2024-02-21 09:39:15', ''),
(2, 32, '2024-02-21', 1, '2024-02-21 09:40:05', '', '2024-02-21 09:40:05', ''),
(3, 32, '2024-02-21', 3, '2024-02-21 09:42:50', '', '2024-02-21 09:42:50', ''),
(4, 29, '2024-02-21', 3, '2024-02-21 09:43:14', '', '2024-02-21 09:43:14', ''),
(5, 29, '2024-02-21', 1, '2024-02-21 09:45:21', '', '2024-02-21 09:45:21', ''),
(6, 32, '2024-02-21', 1, '2024-02-21 09:45:45', '', '2024-02-21 09:45:45', ''),
(7, 29, '2024-02-21', 4, '2024-02-21 09:49:24', '', '2024-02-21 09:49:24', ''),
(8, 29, '2024-02-21', 3, '2024-02-21 09:55:02', '', '2024-02-21 09:55:02', ''),
(9, 29, '2024-02-21', 1, '2024-02-21 12:23:02', '', '2024-02-21 12:23:02', ''),
(10, 29, '2024-02-21', 3, '2024-02-21 12:23:21', '', '2024-02-21 12:23:21', ''),
(11, 4, '2024-02-21', 1, '2024-02-21 12:23:26', '', '2024-02-21 12:23:26', ''),
(12, 4, '2024-02-21', 3, '2024-02-21 12:23:29', '', '2024-02-21 12:23:29', ''),
(13, 29, '2024-02-21', 1, '2024-02-21 12:23:36', '', '2024-02-21 12:23:36', ''),
(14, 29, '2024-02-21', 3, '2024-02-21 12:24:12', '', '2024-02-21 12:24:12', ''),
(15, 29, '2024-02-23', 1, '2024-02-23 04:59:23', '', '2024-02-23 04:59:23', ''),
(16, 29, '2024-02-23', 1, '2024-02-23 04:59:41', '', '2024-02-23 04:59:41', ''),
(17, 29, '2024-02-23', 3, '2024-02-23 05:01:16', '', '2024-02-23 05:01:16', ''),
(18, 4, '2024-02-23', 1, '2024-02-23 05:01:22', '', '2024-02-23 05:01:22', ''),
(19, 29, '2024-02-23', 1, '2024-02-23 05:02:16', '', '2024-02-23 05:02:16', ''),
(20, 29, '2024-02-23', 3, '2024-02-23 05:04:02', '', '2024-02-23 05:04:02', ''),
(21, 32, '2024-02-23', 1, '2024-02-23 05:04:37', '', '2024-02-23 05:04:37', ''),
(22, 29, '2024-02-23', 3, '2024-02-23 05:06:00', '', '2024-02-23 05:06:00', ''),
(23, 32, '2024-02-23', 1, '2024-02-23 05:06:05', '', '2024-02-23 05:06:05', ''),
(24, 32, '2024-02-23', 13, '2024-02-23 05:06:14', '', '2024-02-23 05:06:14', ''),
(25, 32, '2024-02-23', 10, '2024-02-23 05:06:19', '', '2024-02-23 05:06:19', ''),
(26, 32, '2024-02-23', 3, '2024-02-23 05:06:22', '', '2024-02-23 05:06:22', ''),
(27, 29, '2024-02-23', 1, '2024-02-23 05:06:33', '', '2024-02-23 05:06:33', ''),
(28, 29, '2024-02-23', 3, '2024-02-23 05:07:28', '', '2024-02-23 05:07:28', ''),
(29, 32, '2024-02-23', 1, '2024-02-23 05:07:38', '', '2024-02-23 05:07:38', ''),
(30, 32, '2024-02-23', 10, '2024-02-23 05:08:26', '', '2024-02-23 05:08:26', ''),
(31, 32, '2024-02-23', 10, '2024-02-23 05:08:27', '', '2024-02-23 05:08:27', ''),
(32, 32, '2024-02-23', 10, '2024-02-23 05:08:36', '', '2024-02-23 05:08:36', ''),
(33, 32, '2024-02-23', 3, '2024-02-23 05:08:47', '', '2024-02-23 05:08:47', ''),
(34, 32, '2024-02-23', 3, '2024-02-23 05:09:00', '', '2024-02-23 05:09:00', ''),
(35, 29, '2024-02-23', 1, '2024-02-23 05:09:07', '', '2024-02-23 05:09:07', ''),
(36, 29, '2024-02-23', 10, '2024-02-23 05:14:24', '', '2024-02-23 05:14:24', ''),
(37, 29, '2024-02-23', 10, '2024-02-23 05:16:35', '', '2024-02-23 05:16:35', ''),
(38, 29, '2024-02-23', 10, '2024-02-23 05:20:36', '', '2024-02-23 05:20:36', ''),
(39, 4, '2024-02-23', 2, '2024-02-23 05:21:04', '', '2024-02-23 05:21:04', ''),
(40, 29, '2024-02-23', 10, '2024-02-23 05:21:41', '', '2024-02-23 05:21:41', ''),
(41, 4, '2024-02-23', 2, '2024-02-23 05:21:45', '', '2024-02-23 05:21:45', ''),
(42, 4, '2024-02-23', 6, '2024-02-23 05:21:46', '', '2024-02-23 05:21:46', ''),
(43, 29, '2024-02-23', 10, '2024-02-23 05:47:49', '', '2024-02-23 05:47:49', ''),
(44, 29, '2024-02-23', 10, '2024-02-23 05:49:42', '', '2024-02-23 05:49:42', ''),
(45, 29, '2024-02-23', 10, '2024-02-23 05:50:04', '', '2024-02-23 05:50:04', ''),
(46, 29, '2024-02-23', 10, '2024-02-23 05:51:29', '', '2024-02-23 05:51:29', ''),
(47, 4, '2024-02-23', 2, '2024-02-23 05:51:54', '', '2024-02-23 05:51:54', ''),
(48, 4, '2024-02-23', 6, '2024-02-23 05:51:55', '', '2024-02-23 05:51:55', ''),
(49, 29, '2024-02-23', 10, '2024-02-23 05:55:00', '', '2024-02-23 05:55:00', ''),
(50, 4, '2024-02-23', 2, '2024-02-23 05:55:22', '', '2024-02-23 05:55:22', ''),
(51, 4, '2024-02-23', 6, '2024-02-23 05:55:23', '', '2024-02-23 05:55:23', ''),
(52, 4, '2024-02-23', 2, '2024-02-23 05:56:16', '', '2024-02-23 05:56:16', ''),
(53, 4, '2024-02-23', 6, '2024-02-23 05:56:17', '', '2024-02-23 05:56:17', ''),
(54, 29, '2024-02-23', 3, '2024-02-23 05:59:53', '', '2024-02-23 05:59:53', ''),
(55, 4, '2024-02-23', 3, '2024-02-23 06:00:07', '', '2024-02-23 06:00:07', ''),
(56, 29, '2024-02-23', 1, '2024-02-23 06:00:18', '', '2024-02-23 06:00:18', ''),
(57, 32, '2024-02-23', 1, '2024-02-23 06:11:34', '', '2024-02-23 06:11:34', ''),
(58, 32, '2024-02-23', 10, '2024-02-23 06:11:45', '', '2024-02-23 06:11:45', ''),
(59, 32, '2024-02-23', 10, '2024-02-23 12:01:35', '', '2024-02-23 06:31:35', ''),
(60, 29, '2024-02-23', 10, '2024-02-23 12:03:33', '', '2024-02-23 06:33:33', ''),
(61, 29, '2024-02-23', 10, '2024-02-23 12:04:21', '', '2024-02-23 06:34:21', ''),
(62, 29, '2024-02-23', 10, '2024-02-23 12:05:05', '', '2024-02-23 06:35:05', ''),
(63, 29, '2024-02-23', 3, '2024-02-23 12:05:18', '', '2024-02-23 06:35:18', ''),
(64, 32, '2024-02-23', 3, '2024-02-23 12:05:24', '', '2024-02-23 06:35:24', ''),
(65, 29, '2024-04-10', 1, '2024-04-10 15:28:54', '', '2024-04-10 09:58:54', ''),
(66, 29, '2024-04-10', 3, '2024-04-10 15:29:24', '', '2024-04-10 09:59:24', ''),
(67, 29, '2024-04-13', 1, '2024-04-13 12:57:21', '', '2024-04-13 07:27:21', ''),
(68, 29, '2024-04-13', 3, '2024-04-13 12:57:41', '', '2024-04-13 07:27:41', ''),
(69, 29, '2024-04-22', 1, '2024-04-22 10:52:33', '', '2024-04-22 05:22:33', ''),
(70, 29, '2024-04-22', 3, '2024-04-22 10:52:49', '', '2024-04-22 05:22:49', ''),
(71, 29, '2024-04-25', 1, '2024-04-25 11:10:15', '', '2024-04-25 05:40:15', ''),
(72, 29, '2024-04-25', 3, '2024-04-25 11:10:29', '', '2024-04-25 05:40:29', ''),
(73, 29, '2024-06-14', 1, '2024-06-14 11:42:15', '', '2024-06-14 06:12:15', ''),
(74, 29, '2024-06-14', 3, '2024-06-14 11:43:09', '', '2024-06-14 06:13:09', ''),
(75, 29, '2024-06-24', 1, '2024-06-24 23:07:24', '', '2024-06-24 17:37:24', ''),
(76, 29, '2024-12-16', 1, '2024-12-16 11:22:13', '', '2024-12-16 05:52:13', ''),
(77, 29, '2024-12-16', 3, '2024-12-16 11:26:56', '', '2024-12-16 05:56:56', ''),
(78, 50, '2024-12-16', 1, '2024-12-16 05:58:21', '', '2024-12-16 05:58:21', ''),
(79, 50, '2024-12-16', 3, '2024-12-16 05:58:35', '', '2024-12-16 05:58:35', ''),
(80, 50, '2024-12-16', 1, '2024-12-16 05:59:18', '', '2024-12-16 05:59:18', ''),
(81, 50, '2024-12-16', 3, '2024-12-16 05:59:24', '', '2024-12-16 05:59:24', ''),
(82, 39, '2024-12-16', 1, '2024-12-16 06:15:22', '', '2024-12-16 06:15:22', ''),
(83, 39, '2024-12-16', 3, '2024-12-16 06:15:25', '', '2024-12-16 06:15:25', ''),
(84, 1, '2024-12-16', 1, '2024-12-16 11:45:49', '', '2024-12-16 06:15:49', ''),
(85, 1, '2024-12-16', 3, '2024-12-16 11:45:57', '', '2024-12-16 06:15:57', ''),
(86, 29, '2024-12-17', 1, '2024-12-17 14:49:25', '', '2024-12-17 09:19:25', ''),
(87, 29, '2025-01-16', 1, '2025-01-16 12:31:55', '', '2025-01-16 07:01:55', ''),
(88, 29, '2025-01-16', 5, '2025-01-16 12:32:10', '', '2025-01-16 07:02:10', ''),
(89, 29, '2025-01-16', 3, '2025-01-16 12:32:18', '', '2025-01-16 07:02:18', '');

-- --------------------------------------------------------

--
-- Table structure for table `tbl_vehicleinfo`
--

CREATE TABLE `tbl_vehicleinfo` (
  `VehicleID` int NOT NULL,
  `CompanyID` int NOT NULL,
  `VehicleCode` varchar(30) CHARACTER SET utf8mb3 COLLATE utf8mb3_unicode_ci NOT NULL,
  `VehicleNo` varchar(20) CHARACTER SET utf8mb3 COLLATE utf8mb3_unicode_ci NOT NULL,
  `Year` int NOT NULL,
  `Make` varchar(50) CHARACTER SET utf8mb3 COLLATE utf8mb3_unicode_ci NOT NULL,
  `Model` varchar(50) CHARACTER SET utf8mb3 COLLATE utf8mb3_unicode_ci NOT NULL,
  `CreatedBy` varchar(30) CHARACTER SET utf8mb3 COLLATE utf8mb3_unicode_ci NOT NULL DEFAULT 'Admin',
  `CreatedOn` datetime NOT NULL DEFAULT CURRENT_TIMESTAMP,
  `ModifiedBy` varchar(30) CHARACTER SET utf8mb3 COLLATE utf8mb3_unicode_ci NOT NULL DEFAULT 'Admin',
  `ModifiedOn` datetime NOT NULL DEFAULT CURRENT_TIMESTAMP
) ENGINE=InnoDB DEFAULT CHARSET=utf8mb3 COLLATE=utf8mb3_unicode_ci;

--
-- Dumping data for table `tbl_vehicleinfo`
--

INSERT INTO `tbl_vehicleinfo` (`VehicleID`, `CompanyID`, `VehicleCode`, `VehicleNo`, `Year`, `Make`, `Model`, `CreatedBy`, `CreatedOn`, `ModifiedBy`, `ModifiedOn`) VALUES
(2, 1, 'GO TEAM 1', 'DA-109', 0, '', 'Fortuner', 'Admin', '2023-07-26 00:14:41', '1', '2023-08-14 19:43:26'),
(3, 1, 'GO TEAM 2', 'DA-108', 0, '', 'Fortuner', 'Admin', '2023-07-26 00:14:41', 'Admin', '2023-07-26 00:14:41'),
(4, 1, 'GO TEAM 3', 'DA-184', 0, '', 'Fortuner', 'Admin', '2023-07-26 00:14:41', 'Admin', '2023-07-26 00:14:41'),
(5, 1, 'GO TEAM 4', 'DA 220', 0, '', 'Fortuner', 'Admin', '2023-07-26 00:14:41', 'Admin', '2023-07-26 00:14:41'),
(6, 1, 'GO TEAM 5', 'DA-250', 0, '', 'Fortuner', 'Admin', '2023-07-26 00:14:41', 'Admin', '2023-07-26 00:14:41'),
(7, 1, 'OPS 01', 'DA-260', 0, '', 'Fortuner', 'Admin', '2023-07-26 00:14:41', 'Admin', '2023-07-26 00:14:41'),
(8, 1, 'OPS 02', 'DA-261', 0, '', 'Fortuner', 'Admin', '2023-07-26 00:14:41', 'Admin', '2023-07-26 00:14:41'),
(9, 1, 'OPS 03', 'DA-267', 0, '', 'Fortuner', 'Admin', '2023-07-26 00:14:41', 'Admin', '2023-07-26 00:14:41'),
(10, 1, 'OPS 04', 'DA-254', 0, '', 'Fortuner', 'Admin', '2023-07-26 00:14:41', 'Admin', '2023-07-26 00:14:41'),
(11, 1, 'OPS 05', 'DA-183', 0, '', 'Fortuner', 'Admin', '2023-07-26 00:14:41', 'Admin', '2023-07-26 00:14:41'),
(12, 1, 'OPS 06', 'DA-246', 0, '', 'Fortuner', 'Admin', '2023-07-26 00:14:41', 'Admin', '2023-07-26 00:14:41'),
(13, 1, 'OPS 07', 'DA-107', 0, '', 'Fortuner', 'Admin', '2023-07-26 00:14:41', 'Admin', '2023-07-26 00:14:41'),
(14, 1, 'OPS 08', 'DA-101', 0, '', 'Fortuner', 'Admin', '2023-07-26 00:14:41', 'Admin', '2023-07-26 00:14:41'),
(15, 1, 'OPS 10', 'DA-247', 0, '', 'Fortuner', 'Admin', '2023-07-26 00:14:41', 'Admin', '2023-07-26 00:14:41'),
(16, 1, 'OPS 11', 'DA-186', 0, '', 'Fortuner', 'Admin', '2023-07-26 00:14:41', 'Admin', '2023-07-26 00:14:41'),
(17, 1, 'OPS 13', 'DA-255', 0, '', 'Hilux', 'Admin', '2023-07-26 00:14:41', 'Admin', '2023-07-26 00:14:41'),
(18, 1, 'OPS 14', 'DA-256', 0, '', 'Hilux', 'Admin', '2023-07-26 00:14:41', 'Admin', '2023-07-26 00:14:41'),
(19, 1, 'OPS 15', 'DA-251', 0, '', 'Hilux', 'Admin', '2023-07-26 00:14:41', 'Admin', '2023-07-26 00:14:41'),
(20, 1, 'OPS 16', 'DA-248', 0, '', 'Yaris', 'Admin', '2023-07-26 00:14:41', 'Admin', '2023-07-26 00:14:41'),
(21, 1, 'OPS 17', 'DA-249', 0, '', 'Yaris', 'Admin', '2023-07-26 00:14:41', 'Admin', '2023-07-26 00:14:41'),
(22, 1, 'OPS 18', 'DA-257', 0, '', 'Yaris', 'Admin', '2023-07-26 00:14:41', 'Admin', '2023-07-26 00:14:41'),
(23, 1, 'OPS 19', 'DA-187', 0, '', 'Yaris', 'Admin', '2023-07-26 00:14:41', 'Admin', '2023-07-26 00:14:41'),
(24, 1, 'OPS 23', 'DA-103', 0, '', 'Yaris', 'Admin', '2023-07-26 00:14:41', 'Admin', '2023-07-26 00:14:41'),
(25, 1, 'OPS 24', 'DA-131', 0, '', 'Yaris', 'Admin', '2023-07-26 00:14:41', 'Admin', '2023-07-26 00:14:41'),
(26, 1, 'OPS 25', 'DA-135', 0, '', 'Yaris', 'Admin', '2023-07-26 00:14:41', 'Admin', '2023-07-26 00:14:41'),
(27, 1, 'OPS 26', 'DA-252', 0, '', 'Fortuner', 'Admin', '2023-07-26 00:14:41', 'Admin', '2023-07-26 00:14:41'),
(28, 1, 'OPS 27', 'DA-126', 0, '', 'Yaris', 'Admin', '2023-07-26 00:14:41', 'Admin', '2023-07-26 00:14:41'),
(29, 1, 'OPS 28', 'DA-129', 0, '', 'Yaris', 'Admin', '2023-07-26 00:14:41', 'Admin', '2023-07-26 00:14:41'),
(30, 1, 'OPS 29', 'DA-104', 0, '', 'Yaris', 'Admin', '2023-07-26 00:14:41', 'Admin', '2023-07-26 00:14:41'),
(31, 1, 'OPS 31', 'DA-253', 0, '', 'Fortuner', 'Admin', '2023-07-26 00:14:41', 'Admin', '2023-07-26 00:14:41'),
(32, 2, 'DWC1', 'DWC1', 1950, 'Make1', 'Top Model', '29', '2023-08-10 00:07:10', '32', '2023-08-14 20:25:08'),
(33, 2, 'DWC2', 'DWC-3', 2000, 'PREMIERE', 'PREMIERE', '29', '2023-08-10 00:08:17', '29', '2023-08-14 20:23:09'),
(35, 1, 'RIS', '411', 2015, 'Toyota', 'Coaster', '1', '2023-08-16 19:18:54', 'Admin', '2023-08-16 15:48:54'),
(36, 10, 'TEST1', '4758', 2023, 'Test1', 'Top Model', '54', '2024-01-11 18:35:09', 'Admin', '2024-01-11 13:05:09'),
(37, 11, 'TEST4758', '4757', 2023, 'Test', 'Top Model', '56', '2024-01-11 20:01:20', 'Admin', '2024-01-11 14:31:20'),
(38, 12, 'vh1', '1234', 2022, 'Tesla', '2022', '59', '2024-02-15 01:10:41', 'Admin', '2024-02-14 19:40:41');

-- --------------------------------------------------------

--
-- Table structure for table `users`
--

CREATE TABLE `users` (
  `id` int NOT NULL,
  `role_id` int NOT NULL,
  `CompanyID` int NOT NULL,
  `username` varchar(50) CHARACTER SET utf8mb3 COLLATE utf8mb3_bin DEFAULT NULL,
  `first_name` varchar(255) CHARACTER SET utf8mb3 COLLATE utf8mb3_bin DEFAULT NULL,
  `last_name` varchar(255) CHARACTER SET utf8mb3 COLLATE utf8mb3_bin NOT NULL,
  `password` varchar(255) CHARACTER SET utf8mb3 COLLATE utf8mb3_bin DEFAULT NULL,
  `confirm_password` varchar(255) CHARACTER SET utf8mb3 COLLATE utf8mb3_bin DEFAULT NULL,
  `email` varchar(100) CHARACTER SET utf8mb3 COLLATE utf8mb3_bin DEFAULT NULL,
  `mobile_no` varchar(255) CHARACTER SET utf8mb3 COLLATE utf8mb3_bin DEFAULT NULL,
  `user_rights` varchar(255) CHARACTER SET utf8mb3 COLLATE utf8mb3_bin DEFAULT NULL,
  `isChangePassword` int NOT NULL,
  `activated` tinyint(1) NOT NULL DEFAULT '1',
  `isActive` int NOT NULL,
  `banned` tinyint(1) NOT NULL DEFAULT '0',
  `ban_reason` varchar(255) CHARACTER SET utf8mb3 COLLATE utf8mb3_bin DEFAULT NULL,
  `new_password_key` varchar(50) CHARACTER SET utf8mb3 COLLATE utf8mb3_bin DEFAULT NULL,
  `new_password_requested` datetime DEFAULT NULL,
  `new_email` varchar(100) CHARACTER SET utf8mb3 COLLATE utf8mb3_bin DEFAULT NULL,
  `new_email_key` varchar(50) CHARACTER SET utf8mb3 COLLATE utf8mb3_bin DEFAULT NULL,
  `last_ip` varchar(40) CHARACTER SET utf8mb3 COLLATE utf8mb3_bin DEFAULT NULL,
  `isLogin` int DEFAULT '0',
  `last_login` datetime DEFAULT NULL,
  `created` datetime DEFAULT NULL,
  `modified` timestamp NOT NULL DEFAULT CURRENT_TIMESTAMP ON UPDATE CURRENT_TIMESTAMP,
  `InactivedDate` datetime DEFAULT NULL
) ENGINE=InnoDB DEFAULT CHARSET=utf8mb3 COLLATE=utf8mb3_bin;

--
-- Dumping data for table `users`
--

INSERT INTO `users` (`id`, `role_id`, `CompanyID`, `username`, `first_name`, `last_name`, `password`, `confirm_password`, `email`, `mobile_no`, `user_rights`, `isChangePassword`, `activated`, `isActive`, `banned`, `ban_reason`, `new_password_key`, `new_password_requested`, `new_email`, `new_email_key`, `last_ip`, `isLogin`, `last_login`, `created`, `InactivedDate`) VALUES
(1, 3, 1, 'DXBAdmin', 'Admin', 'DXB', '$2a$08$15u7preTet1hNBfCtv2YjOet/dqYYh0jEn4ZrG8lKNy3S5EbNUila', NULL, 'niitguy@gmail.com', '9624049054', NULL, 0, 1, 1, 0, NULL, NULL, NULL, NULL, NULL, '43.241.145.68', 0, '2024-12-16 11:45:49', NULL, NULL),
(2, 2, 1, '2298', 'Salem Anwar Naim', '', '$2a$08$15u7preTet1hNBfCtv2YjOet/dqYYh0jEn4ZrG8lKNy3S5EbNUila', '$2a$08$YBjVglXry187VO0Ba144.OZD6ISDzkDuwkyN4dTODfoudg6og.bSC', 'raghud.aipl@gmail.com', NULL, NULL, 1, 1, 1, 0, '', NULL, NULL, NULL, NULL, '43.241.145.118', 0, '2023-09-28 18:37:30', NULL, NULL),
(3, 2, 1, '4152', 'Fadhil Abdulla Mohammed AL Balushi', '', '$2a$08$15u7preTet1hNBfCtv2YjOet/dqYYh0jEn4ZrG8lKNy3S5EbNUila', '$2a$08$zYOheBAenWMB0r5J0SqomOMDiHv81EJHbR0zZnqzKqTMbq6eDsNMi', NULL, NULL, NULL, 1, 1, 1, 0, NULL, NULL, NULL, NULL, NULL, '5.195.38.4', 1, '2023-09-05 14:54:06', NULL, NULL),
(4, 2, 1, '1505', 'Firoskhan Padanna Parambu', '', '$2a$08$QIdrZoRdE73GBs1U27wfmuRT6J/qm.o1Uy4UxrVv.oyohgxFlvp8y', '$2a$08$zYOheBAenWMB0r5J0SqomOMDiHv81EJHbR0zZnqzKqTMbq6eDsNMi', 'kevinv.aipl@gmail.com', '', NULL, 1, 1, 1, 0, NULL, NULL, NULL, NULL, NULL, '43.241.146.74', 0, '2024-02-23 10:31:22', NULL, NULL),
(5, 2, 1, '5383', 'Aneesh Azeez Abdul', '', '$2a$08$15u7preTet1hNBfCtv2YjOet/dqYYh0jEn4ZrG8lKNy3S5EbNUila', '$2a$08$zYOheBAenWMB0r5J0SqomOMDiHv81EJHbR0zZnqzKqTMbq6eDsNMi', NULL, NULL, NULL, 0, 1, 1, 0, NULL, NULL, NULL, NULL, NULL, NULL, 0, NULL, NULL, NULL),
(6, 2, 1, '4454', 'Ahmed Mohammed Iqbal ', '', '$2a$08$15u7preTet1hNBfCtv2YjOet/dqYYh0jEn4ZrG8lKNy3S5EbNUila', '$2a$08$zYOheBAenWMB0r5J0SqomOMDiHv81EJHbR0zZnqzKqTMbq6eDsNMi', NULL, NULL, NULL, 0, 1, 1, 0, NULL, NULL, NULL, NULL, NULL, NULL, 0, NULL, NULL, NULL),
(8, 2, 1, '5375', 'Mahmoud Mohamed Mahmoud Zourob', '', '$2a$08$15u7preTet1hNBfCtv2YjOet/dqYYh0jEn4ZrG8lKNy3S5EbNUila', '$2a$08$zYOheBAenWMB0r5J0SqomOMDiHv81EJHbR0zZnqzKqTMbq6eDsNMi', NULL, NULL, NULL, 0, 1, 1, 0, NULL, NULL, NULL, NULL, NULL, NULL, 0, NULL, NULL, NULL),
(9, 2, 1, '2773', 'Muhammad Ali Abdul Kadeer', '', '$2a$08$Pj3J9j9P.dJ3f5P8Pnbd.u.xOSByB8J4pZogpEF0DqD0TzDjg51ee', '$2a$08$zYOheBAenWMB0r5J0SqomOMDiHv81EJHbR0zZnqzKqTMbq6eDsNMi', NULL, NULL, NULL, 1, 1, 1, 0, NULL, NULL, NULL, NULL, NULL, '5.195.38.4', 1, '2023-09-13 12:58:00', NULL, NULL),
(10, 2, 1, '1305', 'Viji Varughese', '', '$2a$08$15u7preTet1hNBfCtv2YjOet/dqYYh0jEn4ZrG8lKNy3S5EbNUila', '$2a$08$zYOheBAenWMB0r5J0SqomOMDiHv81EJHbR0zZnqzKqTMbq6eDsNMi', NULL, NULL, NULL, 0, 1, 1, 0, NULL, NULL, NULL, NULL, NULL, NULL, 0, NULL, NULL, NULL),
(11, 2, 1, '1757', 'Binny John Kurian', '', '$2a$08$15u7preTet1hNBfCtv2YjOet/dqYYh0jEn4ZrG8lKNy3S5EbNUila', '$2a$08$zYOheBAenWMB0r5J0SqomOMDiHv81EJHbR0zZnqzKqTMbq6eDsNMi', NULL, NULL, NULL, 0, 1, 1, 0, NULL, NULL, NULL, NULL, NULL, NULL, 0, NULL, NULL, NULL),
(12, 2, 1, '6148', 'Mohamed Mustafa Ahmed Sharif ', '', '$2a$08$15u7preTet1hNBfCtv2YjOet/dqYYh0jEn4ZrG8lKNy3S5EbNUila', '$2a$08$zYOheBAenWMB0r5J0SqomOMDiHv81EJHbR0zZnqzKqTMbq6eDsNMi', NULL, NULL, NULL, 0, 1, 1, 0, NULL, NULL, NULL, NULL, NULL, NULL, 0, NULL, NULL, NULL),
(13, 2, 1, '4986', 'Fouad Jamil Mohamed AlAlami ', '', '$2a$08$15u7preTet1hNBfCtv2YjOet/dqYYh0jEn4ZrG8lKNy3S5EbNUila', '$2a$08$zYOheBAenWMB0r5J0SqomOMDiHv81EJHbR0zZnqzKqTMbq6eDsNMi', NULL, NULL, NULL, 0, 1, 1, 0, NULL, NULL, NULL, NULL, NULL, NULL, 0, NULL, NULL, NULL),
(14, 2, 1, '3302', 'Adrian Chamath Rabot', '', '$2a$08$15u7preTet1hNBfCtv2YjOet/dqYYh0jEn4ZrG8lKNy3S5EbNUila', '$2a$08$zYOheBAenWMB0r5J0SqomOMDiHv81EJHbR0zZnqzKqTMbq6eDsNMi', NULL, NULL, NULL, 0, 1, 1, 0, NULL, NULL, NULL, NULL, NULL, NULL, 0, NULL, NULL, NULL),
(15, 2, 1, '5467', 'Arshad Mytheen Kunju', '', '$2a$08$15u7preTet1hNBfCtv2YjOet/dqYYh0jEn4ZrG8lKNy3S5EbNUila', '$2a$08$zYOheBAenWMB0r5J0SqomOMDiHv81EJHbR0zZnqzKqTMbq6eDsNMi', NULL, NULL, NULL, 0, 1, 1, 0, NULL, NULL, NULL, NULL, NULL, NULL, 0, NULL, NULL, NULL),
(16, 2, 1, '1035', 'Mohammed Yousuf Mohammed Younus', '', '$2a$08$15u7preTet1hNBfCtv2YjOet/dqYYh0jEn4ZrG8lKNy3S5EbNUila', '$2a$08$zYOheBAenWMB0r5J0SqomOMDiHv81EJHbR0zZnqzKqTMbq6eDsNMi', NULL, NULL, NULL, 1, 1, 1, 0, NULL, NULL, NULL, NULL, NULL, '106.66.56.70', 0, '2024-01-21 16:16:40', NULL, NULL),
(17, 2, 1, '5468', 'Adnan Mohammad Nayssi', '', '$2a$08$15u7preTet1hNBfCtv2YjOet/dqYYh0jEn4ZrG8lKNy3S5EbNUila', '$2a$08$zYOheBAenWMB0r5J0SqomOMDiHv81EJHbR0zZnqzKqTMbq6eDsNMi', NULL, NULL, NULL, 0, 1, 1, 0, NULL, NULL, NULL, NULL, NULL, NULL, 0, NULL, NULL, NULL),
(18, 2, 1, '1885', 'Lincoln Eappen ', '', '$2a$08$15u7preTet1hNBfCtv2YjOet/dqYYh0jEn4ZrG8lKNy3S5EbNUila', '$2a$08$zYOheBAenWMB0r5J0SqomOMDiHv81EJHbR0zZnqzKqTMbq6eDsNMi', NULL, NULL, NULL, 0, 1, 1, 0, NULL, NULL, NULL, NULL, NULL, NULL, 0, NULL, NULL, NULL),
(19, 2, 1, '6870', 'Kenan Saeed Mohammed Abdulghani ', '', '$2a$08$15u7preTet1hNBfCtv2YjOet/dqYYh0jEn4ZrG8lKNy3S5EbNUila', '$2a$08$zYOheBAenWMB0r5J0SqomOMDiHv81EJHbR0zZnqzKqTMbq6eDsNMi', NULL, NULL, NULL, 1, 1, 1, 0, NULL, NULL, NULL, NULL, NULL, '103.66.234.198', 0, '2023-08-11 12:42:27', NULL, NULL),
(20, 2, 1, '7067', 'Khalid Mutawa', '', '$2a$08$15u7preTet1hNBfCtv2YjOet/dqYYh0jEn4ZrG8lKNy3S5EbNUila', '$2a$08$zYOheBAenWMB0r5J0SqomOMDiHv81EJHbR0zZnqzKqTMbq6eDsNMi', NULL, NULL, NULL, 0, 1, 1, 0, NULL, NULL, NULL, NULL, NULL, NULL, 0, NULL, NULL, NULL),
(21, 2, 1, '1541', 'Rafeeq Ahmed Khan ', '', '$2a$08$15u7preTet1hNBfCtv2YjOet/dqYYh0jEn4ZrG8lKNy3S5EbNUila', '$2a$08$zYOheBAenWMB0r5J0SqomOMDiHv81EJHbR0zZnqzKqTMbq6eDsNMi', NULL, NULL, NULL, 0, 1, 1, 0, NULL, NULL, NULL, NULL, NULL, NULL, 0, NULL, NULL, NULL),
(22, 2, 1, '6883', 'Muhammed Axin Rajkaboor ', '', '$2a$08$15u7preTet1hNBfCtv2YjOet/dqYYh0jEn4ZrG8lKNy3S5EbNUila', '$2a$08$zYOheBAenWMB0r5J0SqomOMDiHv81EJHbR0zZnqzKqTMbq6eDsNMi', NULL, NULL, NULL, 1, 1, 1, 0, NULL, NULL, NULL, NULL, NULL, '103.66.234.198', 1, '2023-08-11 12:43:10', NULL, NULL),
(23, 2, 1, '4722', 'Nawal Salman Yaqoub Mohamed AlHammadi', '', '$2a$08$15u7preTet1hNBfCtv2YjOet/dqYYh0jEn4ZrG8lKNy3S5EbNUila', '$2a$08$zYOheBAenWMB0r5J0SqomOMDiHv81EJHbR0zZnqzKqTMbq6eDsNMi', NULL, NULL, NULL, 0, 1, 1, 0, NULL, NULL, NULL, NULL, NULL, NULL, 0, NULL, NULL, NULL),
(24, 2, 1, '322777', 'Hassan Abdulkader ', '', '$2a$08$15u7preTet1hNBfCtv2YjOet/dqYYh0jEn4ZrG8lKNy3S5EbNUila', '$2a$08$zYOheBAenWMB0r5J0SqomOMDiHv81EJHbR0zZnqzKqTMbq6eDsNMi', NULL, NULL, NULL, 0, 1, 1, 0, NULL, NULL, NULL, NULL, NULL, NULL, 0, NULL, NULL, NULL),
(25, 2, 1, '322953', 'Abindra Khathi Bed Bahadur', '', '$2a$08$15u7preTet1hNBfCtv2YjOet/dqYYh0jEn4ZrG8lKNy3S5EbNUila', '$2a$08$zYOheBAenWMB0r5J0SqomOMDiHv81EJHbR0zZnqzKqTMbq6eDsNMi', NULL, NULL, NULL, 0, 1, 1, 0, NULL, NULL, NULL, NULL, NULL, NULL, 0, NULL, NULL, NULL),
(26, 2, 1, '322934', 'Jacob Wesley Daniel Kingsley ', '', '$2a$08$15u7preTet1hNBfCtv2YjOet/dqYYh0jEn4ZrG8lKNy3S5EbNUila', '$2a$08$zYOheBAenWMB0r5J0SqomOMDiHv81EJHbR0zZnqzKqTMbq6eDsNMi', NULL, NULL, NULL, 0, 1, 1, 0, NULL, NULL, NULL, NULL, NULL, NULL, 0, NULL, NULL, NULL),
(27, 2, 1, '322855', 'Shahul Hameed Syed Mubarak', '', '$2a$08$15u7preTet1hNBfCtv2YjOet/dqYYh0jEn4ZrG8lKNy3S5EbNUila', '$2a$08$YBjVglXry187VO0Ba144.OZD6ISDzkDuwkyN4dTODfoudg6og.bSC', 'shsm@gmail.com', '', NULL, 0, 1, 1, 0, NULL, NULL, NULL, NULL, NULL, '43.250.156.10', 0, '2023-08-21 19:38:21', NULL, NULL),
(28, 2, 1, '1990056', 'Abdullah Mohamed Bahroozyn', '', '$2a$08$15u7preTet1hNBfCtv2YjOet/dqYYh0jEn4ZrG8lKNy3S5EbNUila', '$2a$08$zYOheBAenWMB0r5J0SqomOMDiHv81EJHbR0zZnqzKqTMbq6eDsNMi', NULL, NULL, NULL, 0, 1, 1, 0, NULL, NULL, NULL, NULL, NULL, NULL, 0, NULL, NULL, NULL),
(29, 1, 1, '9999', 'Amir Sayed', '', '$2a$08$15u7preTet1hNBfCtv2YjOet/dqYYh0jEn4ZrG8lKNy3S5EbNUila', NULL, 'Amir.sayed@icloud.com', '0502020141', NULL, 0, 1, 1, 0, NULL, NULL, NULL, NULL, NULL, '43.241.145.84', 0, '2025-01-16 12:31:55', NULL, NULL),
(32, 3, 2, 'DWCAdmin', 'DWC', 'ADMIN', '$2a$08$15u7preTet1hNBfCtv2YjOet/dqYYh0jEn4ZrG8lKNy3S5EbNUila', '$2a$08$0nG1HaJkKCO.hieoXXIJKOgHy/CLbMI7t7eOZkVmqpIFBAy1gKmz6', 'kevinv.aipl@gmail.com', '', NULL, 0, 1, 1, 0, NULL, NULL, NULL, NULL, NULL, '43.241.146.74', 0, '2024-02-23 11:41:34', NULL, NULL),
(39, 2, 1, 'DXBUser1', 'DXB', 'User1', '$2a$08$tWUOV6fCIEAuuA62Bx4YbencEJ5Q6v3ZgG6UoKS2tjmfIawd2loY.', '$2a$08$dA3.Pv/QNLlZfWhkEjfBouv76tBJPzfhgrB8ZOqUw.NppSOvlTpNW', 'niitguy@gmail.com', '1212121212', NULL, 1, 1, 1, 0, NULL, NULL, NULL, NULL, NULL, '43.241.145.68', 0, '2024-12-16 11:45:22', NULL, NULL),
(40, 2, 2, 'DWCUser2', 'DWC', 'User21', '$2a$08$KvjEZMK.1KWzchG043.syuhFsOcyeAoIyGL9Q/r2OWH5P5QKw8eHu', '$2a$08$ym5vEphAPxVS2tHkLhHIJ.oUrevOWBrjGhs8m2DMOpnr1EQEDU88C', 'dwcuser2@gmail.com', '9898989898', NULL, 0, 1, 1, 0, NULL, NULL, NULL, NULL, NULL, NULL, 0, NULL, NULL, NULL),
(41, 2, 1, 'DXBUser2', 'DXB', 'User2', '$2a$08$yPGT1Do6O7MEDFmxOTuS0eIJr/4mPsyw0LJxzpujwwR/wG2NCJONK', '$2a$08$yYQLyEGSdnzwrtC4/ZHyYeWt4vvAhBJ7whyHwcwXwLOf8nVDbYX.W', 'dxbuser2@gmail.com', '1234512345', NULL, 0, 1, 1, 0, NULL, NULL, NULL, NULL, NULL, NULL, 0, NULL, NULL, NULL),
(42, 2, 2, 'DWCUser1', 'DWC', 'User1', '$2a$08$Lve7YgZF6Gf0nyim6ylE8ekbJM./.d9AiO73Mhe5X42LQ7aPktiFe', '$2a$08$Hag8g.BCOtc.cbFL56Xv6e8nTkngzdC50.kkSzLnk8/c28qOEY6G6', 'amish.shah@additinfotech.com', '0987654321', NULL, 1, 1, 1, 0, NULL, NULL, NULL, NULL, NULL, '43.241.146.101', 0, '2023-08-21 23:26:53', NULL, NULL),
(43, 2, 1, 'pshah', 'Paresh', 'Shah', '$2a$08$nd2AlBKiJk36x0z12DVi5uao5lNTgPe45xBSvPnN/pWimonAUooRq', '$2a$08$.S/1PEYxhLWrcSEr.fFQF.DPqM1eUOZxpxPQFeFdGkpE9xZQXoH5S', 'quickparesh@gmail.com', '9876543210', NULL, 1, 1, 1, 0, NULL, NULL, NULL, NULL, NULL, '103.238.106.195', 1, '2023-12-10 22:54:20', NULL, NULL),
(44, 2, 1, 'DXBAdmin', 'Obaid', 'Khan', '$2a$08$kMvpdaIMTKTYUuwhbIHd3.jPVzoGUswIynDk8Gz94VZttEeuW4mNq', '$2a$08$IB78vDWKkSr1oCYazn1Dv.qYewdKSsJWmWJ8s2ZNfH6s2zOUIWSI.', 'Obaid.orka@gmail.com', '00923135662747', NULL, 1, 1, 0, 0, NULL, NULL, NULL, NULL, NULL, '121.91.60.178', 0, '2023-08-16 19:25:08', '2023-08-16 19:21:35', NULL),
(46, 2, 1, 'test1', 'test1', 'user', '$2a$08$adqMyw27MBVS828zE7ofE.FyNzmXxn2vB5qkCGS6SLvE5Ii5RGbjW', '$2a$08$KkLgvKusX8bZaVxc3RGvmOUfMbMh6JlX3DTuaTtQX0n3usM9hdCMy', 'dca.hasnain@gmail.com', '', NULL, 1, 1, 0, 0, NULL, NULL, NULL, NULL, NULL, '147.161.161.112', 1, '2023-08-21 15:50:01', '2023-08-19 22:09:54', NULL),
(47, 2, 1, 'Test2', 'Test2', 'Test2', '$2a$08$YAk1MFGHcnxPoCpDtu9WgeiAVm5G9VG1x1tca.KfoxFgs.9pCOndO', '$2a$08$NDmdM3K3R4h9f5/vrfxSNOvrEGwiMZ5t9DTGDnNIymXjMKhUIxcaq', 'amir.sayed@icloud.com', '0502020141', NULL, 0, 1, 0, 0, NULL, NULL, NULL, NULL, NULL, NULL, 0, NULL, '2023-08-19 22:20:50', NULL),
(48, 2, 2, '5739', 'Roni', 'Fredy', '$2a$08$QcYJOp.xAyESlrUhcgFfYOptiH8rMp6BqjrBeqlWIpwpwfwEY0UQK', '$2a$08$oxo0i1EA.ENbNGK/DRwgmOkrYIN1laVxGm0/momdq7/Lfm.vqlZGu', 'rony.fredy@dubaiairports.ae', '0501639446', NULL, 1, 1, 0, 0, NULL, NULL, NULL, NULL, NULL, '147.161.161.73', 1, '2023-08-22 17:10:27', '2023-08-22 17:09:40', NULL),
(49, 3, 1, '2222', 'Yusra', 'Ghagada', '$2a$08$5Sz/YeEMJei5XKZfcG7lQOWL4z31UN.HacQnS1hD24ExpC6Yujo2C', '$2a$08$EFV4LGnKeDFwz3/xEs9RQeS0tPNMwd3BY.soEUerLVfvyXfmWownO', 'niyati.ghagada01@gmail.com', '0015513420936', NULL, 0, 1, 0, 0, NULL, NULL, NULL, NULL, NULL, NULL, 0, NULL, '2023-08-22 21:29:20', NULL),
(50, 2, 1, 'Test1', 'Test', '1', '$2a$08$N4BpjbxadeCAE7SGADU35.K5.GOo/t.Fu6Y43.jQUokwYZIxzAsHO', '$2a$08$VlTKcMsIl9ILVurlNUCfNeueDSG.uqg7Peh/KybEhukPa5rVMOB/O', 'amir.sayed@icloud.com', '123456', NULL, 1, 1, 0, 0, NULL, NULL, NULL, NULL, NULL, '43.241.145.68', 0, '2024-12-16 11:29:18', '2023-08-22 21:30:04', NULL),
(52, 1, 8, 'AI002', 'AIrIndia', 'Admin User', '$2a$08$yq8ULVQyV6GiWFWmfAC/7.vIZO4jMEnD/HdHc5VvTsJP.dyayVjJK', '$2a$08$Ot2Awg.bwPX87Bx/NjEpg.cYiYb8AdqCiPAc7Sj.SoVO6MLHFmrzy', 'airindiaadmin@test.com', '919999999', NULL, 0, 1, 0, 0, NULL, NULL, NULL, NULL, NULL, '147.161.161.109', 0, '2024-01-22 15:44:39', '2023-12-06 15:05:12', NULL),
(53, 2, 1, '1961', 'Jacob', 'George', '$2a$08$Wr.VDDzIZ8FjPf6Tjy1tLekDmYSZi8tzCEJREPm1T9u/vQRVoRt0K', '$2a$08$Nvhohpw1UE3d4jDCv/AJ3eHzLE4.g6R8u4URA0ofYIDRaBYwXv.VG', 'Jacobdxb@hotmail.com', '00447585079565', NULL, 1, 1, 0, 0, NULL, NULL, NULL, NULL, NULL, '176.204.125.178', 1, '2023-12-17 18:48:00', '2023-12-17 18:47:27', NULL),
(56, 3, 11, '5689', 'FTest', 'LTest', '$2a$08$qAz2uFPKQLDU6fYpRuIWMeYu5VdjilmIzagR4pYmzh.SDEUQEaWNO', '$2a$08$I2RoaGpLEm8mFaq4cd.Dt.5n6A8viUpmg49zvHoZXQIvomlaNlqJ.', 'Testing@gmail.com', '8989898989', NULL, 0, 1, 0, 0, NULL, NULL, NULL, NULL, NULL, '43.241.145.166', 0, '2024-02-19 16:06:42', '2024-01-11 19:56:42', NULL),
(57, 2, 11, '4758', 'TestUser', 'TestUser', '$2a$08$sHTFMbXze/LkAF/wyS55R.x4XAOD6oXhbGx3d2xGA6Te1/nBbEx7e', '$2a$08$41rjw/SkAs4goJQT0LDbGOGHyQZZVXk2J0iqi1AuKAex3qaZ93WnK', 'Testinguser@gmail.com', '7878787878', NULL, 1, 1, 0, 0, NULL, NULL, NULL, NULL, NULL, '43.241.145.217', 0, '2024-01-17 18:28:43', '2024-01-11 19:58:47', NULL),
(58, 1, 1, '9966', 'Hasnain Nawaz', '', '$2a$08$rsdQvW4CuFMpns8xgrf3aeVdOoBpR3AEN29dWSLnggvGXN9c7hitq', '$2a$08$oAKf5QpW0FPV9e1zF2cw.uOEeV1b.EKIE1tsOspqNqWT8JgyfD5zq', 'hasnain.nawaz@live.com', '00971506794496', NULL, 0, 1, 0, 0, NULL, NULL, NULL, NULL, NULL, '109.177.71.144', 0, '2024-02-15 01:15:33', '2024-02-04 17:37:59', NULL),
(59, 3, 12, '3333', 'OZTEST', 'Operations', '$2a$08$HqS2uJw7spcdi8KIx2o4YudnAPUVfIzidbFMP.pyxsR91XkYZnoUW', '$2a$08$LQAQ1/VIx0bXoVVzDHnW7esi7FNGiX1HgSQcTJNgeXD7O9OvtCnmO', 'oztest@oztest.com', '', NULL, 0, 1, 0, 0, NULL, NULL, NULL, NULL, NULL, '109.177.71.144', 0, '2024-02-15 01:12:45', '2024-02-15 00:42:07', NULL),
(60, 2, 12, '3331', 'oztest1', 'user', '$2a$08$p9erUkXRZDMp/t7vAxSi2.bByoFGGPzm5Ss9.j8/3HjBAP...VgXy', '$2a$08$Sw5BACpqlMfJLGiudEaMg.jTFbiSstpE2t7smp/deHVRFMao5u9ve', 'oztest1@oztest.com', '', NULL, 1, 1, 0, 0, NULL, NULL, NULL, NULL, NULL, '109.177.71.144', 0, '2024-02-15 01:11:24', '2024-02-15 00:48:39', NULL),
(61, 3, 6, 'test', 'test', 'test', '$2a$08$Cg3nkfvM3vM/mHBcf1J7euG8kxyWeum1nDLsSuSZ6PRya3xMZuf6C', '$2a$08$6WO/yJ4V5Im2g9epXC4f1.H56YjlBJFDg7vIomzXH2yxnkdKFyzCS', 'test@gmail.com', '8787878787', NULL, 0, 1, 0, 0, NULL, NULL, NULL, NULL, NULL, NULL, 0, NULL, '2024-02-21 15:19:24', NULL);

-- --------------------------------------------------------

--
-- Table structure for table `user_autologin`
--

CREATE TABLE `user_autologin` (
  `key_id` char(32) CHARACTER SET utf8mb3 COLLATE utf8mb3_bin NOT NULL,
  `user_id` int NOT NULL DEFAULT '0',
  `user_agent` varchar(150) CHARACTER SET utf8mb3 COLLATE utf8mb3_bin NOT NULL,
  `last_ip` varchar(40) CHARACTER SET utf8mb3 COLLATE utf8mb3_bin NOT NULL,
  `last_login` timestamp NOT NULL DEFAULT CURRENT_TIMESTAMP ON UPDATE CURRENT_TIMESTAMP
) ENGINE=InnoDB DEFAULT CHARSET=utf8mb3 COLLATE=utf8mb3_bin;

--
-- Dumping data for table `user_autologin`
--

INSERT INTO `user_autologin` (`key_id`, `user_id`, `user_agent`, `last_ip`) VALUES
('02a27268a8e2de3fd2eab7fb7249ca10', 1, 'Mozilla/5.0 (Windows NT 10.0; Win64; x64) AppleWebKit/537.36 (KHTML, like Gecko) Chrome/108.0.0.0 Safari/537.36 Edg/108.0.1462.76', '203.115.119.154'),
('08720d551a9c601f3d2d9dc1da6ce682', 1617, 'Mozilla/5.0 (Windows NT 10.0; Win64; x64) AppleWebKit/537.36 (KHTML, like Gecko) Chrome/112.0.0.0 Safari/537.36', '203.115.119.154'),
('219048c2818fff63f4c149fc9479a7ea', 1609, 'Mozilla/5.0 (Windows NT 10.0; Win64; x64) AppleWebKit/537.36 (KHTML, like Gecko) Chrome/111.0.0.0 Safari/537.36', '203.115.119.154'),
('26efab12845467f24034c20b29fafd1c', 29, 'Mozilla/5.0 (iPhone; CPU iPhone OS 16_5_1 like Mac OS X) AppleWebKit/605.1.15 (KHTML, like Gecko) Version/16.5.2 Mobile/15E148 Safari/604.1', '2.48.241.239'),
('365cd7f973caa70d59a0350bb7d5e8af', 1041, 'Mozilla/5.0 (Windows NT 10.0; Win64; x64) AppleWebKit/537.36 (KHTML, like Gecko) Chrome/113.0.0.0 Safari/537.36', '103.171.208.112'),
('4ceb81823de09c400b02a77f7c3f8624', 1, 'Mozilla/5.0 (Windows NT 10.0; Win64; x64) AppleWebKit/537.36 (KHTML, like Gecko) Chrome/114.0.0.0 Safari/537.36', '103.66.234.140'),
('5be337f5ff6e8553f696c98f2ebb557f', 1, 'Mozilla/5.0 (Windows NT 10.0; Win64; x64) AppleWebKit/537.36 (KHTML, like Gecko) Chrome/109.0.0.0 Safari/537.36', '49.32.141.125'),
('5da5911d9b09f2c3055f464ba4469d61', 881, 'Mozilla/5.0 (X11; Linux x86_64) AppleWebKit/537.36 (KHTML, like Gecko) Chrome/113.0.0.0 Safari/537.36', '42.111.102.30'),
('61710186c5b434d5d7582de54354c678', 881, 'Mozilla/5.0 (Windows NT 10.0; Win64; x64) AppleWebKit/537.36 (KHTML, like Gecko) Chrome/110.0.0.0 Safari/537.36', '203.115.119.154'),
('6c704b4434613ea3d9d11049b89d993e', 29, 'Mozilla/5.0 (iPhone; CPU iPhone OS 16_5_1 like Mac OS X) AppleWebKit/605.1.15 (KHTML, like Gecko) Version/16.5.2 Mobile/15E148 Safari/604.1', '92.98.192.24'),
('82831e01a304e56c3e717121cdf49782', 881, 'Mozilla/5.0 (Windows NT 10.0; Win64; x64) AppleWebKit/537.36 (KHTML, like Gecko) Chrome/113.0.0.0 Safari/537.36', '203.115.119.154'),
('8d36582fcafb4f1bd156e645818ecbd9', 888, 'Mozilla/5.0 (Windows NT 10.0; Win64; x64) AppleWebKit/537.36 (KHTML, like Gecko) Chrome/108.0.0.0 Safari/537.36', '203.115.119.154'),
('ce07bed741f5fe7446f391c1cf9d8836', 1, 'Mozilla/5.0 (Windows NT 10.0; Win64; x64) AppleWebKit/537.36 (KHTML, like Gecko) Chrome/114.0.0.0 Safari/537.36', '203.115.119.154'),
('d5864b4dc419cf0c4d044947c745da4f', 1, 'Mozilla/5.0 (Windows NT 10.0; Win64; x64) AppleWebKit/537.36 (KHTML, like Gecko) Chrome/109.0.0.0 Safari/537.36', '203.115.119.154'),
('ea006267814f76f4d8b30c23b8c22270', 894, 'Mozilla/5.0 (Windows NT 10.0; Win64; x64) AppleWebKit/537.36 (KHTML, like Gecko) Chrome/110.0.0.0 Safari/537.36', '203.115.119.154'),
('ed6b645fb124073d1ec6e9e9d6c75459', 29, 'Mozilla/5.0 (iPhone; CPU iPhone OS 16_5_1 like Mac OS X) AppleWebKit/605.1.15 (KHTML, like Gecko) Version/16.5.2 Mobile/15E148 Safari/604.1', '94.57.123.111'),
('eebe1d63dba957e6302f9816c1663d13', 1, 'Mozilla/5.0 (iPhone; CPU iPhone OS 16_0_2 like Mac OS X) AppleWebKit/605.1.15 (KHTML, like Gecko) Version/16.0 Mobile/15E148 Safari/604.1', '42.106.236.233'),
('f7d71333ae990ad3f36c9c954480e71c', 1, 'Mozilla/5.0 (Windows NT 10.0; Win64; x64) AppleWebKit/537.36 (KHTML, like Gecko) Chrome/112.0.0.0 Safari/537.36 Edg/112.0.1722.48', '203.115.119.154');

-- --------------------------------------------------------

--
-- Table structure for table `user_profiles`
--

CREATE TABLE `user_profiles` (
  `id` int NOT NULL,
  `user_id` int NOT NULL,
  `country` varchar(20) CHARACTER SET utf8mb3 COLLATE utf8mb3_bin DEFAULT NULL,
  `website` varchar(255) CHARACTER SET utf8mb3 COLLATE utf8mb3_bin DEFAULT NULL
) ENGINE=InnoDB DEFAULT CHARSET=utf8mb3 COLLATE=utf8mb3_bin;

--
-- Indexes for dumped tables
--

--
-- Indexes for table `ci_sessions`
--
ALTER TABLE `ci_sessions`
  ADD PRIMARY KEY (`id`);

--
-- Indexes for table `login_attempts`
--
ALTER TABLE `login_attempts`
  ADD PRIMARY KEY (`id`);

--
-- Indexes for table `tbl_about`
--
ALTER TABLE `tbl_about`
  ADD PRIMARY KEY (`AboutID`);

--
-- Indexes for table `tbl_activity`
--
ALTER TABLE `tbl_activity`
  ADD PRIMARY KEY (`activityID`);

--
-- Indexes for table `tbl_checklist`
--
ALTER TABLE `tbl_checklist`
  ADD PRIMARY KEY (`CheckListID`);

--
-- Indexes for table `tbl_checklist_param`
--
ALTER TABLE `tbl_checklist_param`
  ADD PRIMARY KEY (`ChecklistParamID`);

--
-- Indexes for table `tbl_cms`
--
ALTER TABLE `tbl_cms`
  ADD PRIMARY KEY (`CmsID`);

--
-- Indexes for table `tbl_company`
--
ALTER TABLE `tbl_company`
  ADD PRIMARY KEY (`CompanyID`);

--
-- Indexes for table `tbl_company_shift`
--
ALTER TABLE `tbl_company_shift`
  ADD PRIMARY KEY (`CompanyShiftID`);

--
-- Indexes for table `tbl_department`
--
ALTER TABLE `tbl_department`
  ADD PRIMARY KEY (`departmentID`);

--
-- Indexes for table `tbl_department_contact`
--
ALTER TABLE `tbl_department_contact`
  ADD PRIMARY KEY (`department_ContactID`);

--
-- Indexes for table `tbl_email_log`
--
ALTER TABLE `tbl_email_log`
  ADD PRIMARY KEY (`EmailLogID`);

--
-- Indexes for table `tbl_eqp_dtl`
--
ALTER TABLE `tbl_eqp_dtl`
  ADD PRIMARY KEY (`EQPID`);

--
-- Indexes for table `tbl_eqp_location_log`
--
ALTER TABLE `tbl_eqp_location_log`
  ADD PRIMARY KEY (`Eqp_locationID`);

--
-- Indexes for table `tbl_home_banner`
--
ALTER TABLE `tbl_home_banner`
  ADD PRIMARY KEY (`BannerID`);

--
-- Indexes for table `tbl_inquiry`
--
ALTER TABLE `tbl_inquiry`
  ADD PRIMARY KEY (`id`);

--
-- Indexes for table `tbl_inspection_dtl`
--
ALTER TABLE `tbl_inspection_dtl`
  ADD PRIMARY KEY (`InspectionDtlID`);

--
-- Indexes for table `tbl_inspection_hdr`
--
ALTER TABLE `tbl_inspection_hdr`
  ADD PRIMARY KEY (`InspectionHdrID`);

--
-- Indexes for table `tbl_inspection_image`
--
ALTER TABLE `tbl_inspection_image`
  ADD PRIMARY KEY (`InspectionImageiD`);

--
-- Indexes for table `tbl_location_code`
--
ALTER TABLE `tbl_location_code`
  ADD PRIMARY KEY (`LocationID`);

--
-- Indexes for table `tbl_role`
--
ALTER TABLE `tbl_role`
  ADD PRIMARY KEY (`role_id`);

--
-- Indexes for table `tbl_service`
--
ALTER TABLE `tbl_service`
  ADD PRIMARY KEY (`ServiceID`);

--
-- Indexes for table `tbl_user_acitivity_log`
--
ALTER TABLE `tbl_user_acitivity_log`
  ADD PRIMARY KEY (`UserActivityLogID`);

--
-- Indexes for table `tbl_vehicleinfo`
--
ALTER TABLE `tbl_vehicleinfo`
  ADD PRIMARY KEY (`VehicleID`),
  ADD UNIQUE KEY `VehicleNo` (`VehicleNo`),
  ADD UNIQUE KEY `VehicleCode` (`VehicleCode`);

--
-- Indexes for table `users`
--
ALTER TABLE `users`
  ADD PRIMARY KEY (`id`);

--
-- Indexes for table `user_autologin`
--
ALTER TABLE `user_autologin`
  ADD PRIMARY KEY (`key_id`,`user_id`);

--
-- Indexes for table `user_profiles`
--
ALTER TABLE `user_profiles`
  ADD PRIMARY KEY (`id`);

--
-- AUTO_INCREMENT for dumped tables
--

--
-- AUTO_INCREMENT for table `login_attempts`
--
ALTER TABLE `login_attempts`
  MODIFY `id` int NOT NULL AUTO_INCREMENT, AUTO_INCREMENT=238;

--
-- AUTO_INCREMENT for table `tbl_about`
--
ALTER TABLE `tbl_about`
  MODIFY `AboutID` int NOT NULL AUTO_INCREMENT, AUTO_INCREMENT=4;

--
-- AUTO_INCREMENT for table `tbl_activity`
--
ALTER TABLE `tbl_activity`
  MODIFY `activityID` int NOT NULL AUTO_INCREMENT, AUTO_INCREMENT=37;

--
-- AUTO_INCREMENT for table `tbl_checklist`
--
ALTER TABLE `tbl_checklist`
  MODIFY `CheckListID` int NOT NULL AUTO_INCREMENT, AUTO_INCREMENT=4;

--
-- AUTO_INCREMENT for table `tbl_checklist_param`
--
ALTER TABLE `tbl_checklist_param`
  MODIFY `ChecklistParamID` int NOT NULL AUTO_INCREMENT, AUTO_INCREMENT=26;

--
-- AUTO_INCREMENT for table `tbl_cms`
--
ALTER TABLE `tbl_cms`
  MODIFY `CmsID` int NOT NULL AUTO_INCREMENT, AUTO_INCREMENT=2;

--
-- AUTO_INCREMENT for table `tbl_company`
--
ALTER TABLE `tbl_company`
  MODIFY `CompanyID` int NOT NULL AUTO_INCREMENT, AUTO_INCREMENT=13;

--
-- AUTO_INCREMENT for table `tbl_company_shift`
--
ALTER TABLE `tbl_company_shift`
  MODIFY `CompanyShiftID` int NOT NULL AUTO_INCREMENT, AUTO_INCREMENT=13;

--
-- AUTO_INCREMENT for table `tbl_department`
--
ALTER TABLE `tbl_department`
  MODIFY `departmentID` int NOT NULL AUTO_INCREMENT, AUTO_INCREMENT=14;

--
-- AUTO_INCREMENT for table `tbl_department_contact`
--
ALTER TABLE `tbl_department_contact`
  MODIFY `department_ContactID` int NOT NULL AUTO_INCREMENT, AUTO_INCREMENT=28;

--
-- AUTO_INCREMENT for table `tbl_email_log`
--
ALTER TABLE `tbl_email_log`
  MODIFY `EmailLogID` int NOT NULL AUTO_INCREMENT, AUTO_INCREMENT=6;

--
-- AUTO_INCREMENT for table `tbl_eqp_dtl`
--
ALTER TABLE `tbl_eqp_dtl`
  MODIFY `EQPID` int NOT NULL AUTO_INCREMENT, AUTO_INCREMENT=72;

--
-- AUTO_INCREMENT for table `tbl_eqp_location_log`
--
ALTER TABLE `tbl_eqp_location_log`
  MODIFY `Eqp_locationID` int NOT NULL AUTO_INCREMENT, AUTO_INCREMENT=11;

--
-- AUTO_INCREMENT for table `tbl_home_banner`
--
ALTER TABLE `tbl_home_banner`
  MODIFY `BannerID` int NOT NULL AUTO_INCREMENT, AUTO_INCREMENT=5;

--
-- AUTO_INCREMENT for table `tbl_inquiry`
--
ALTER TABLE `tbl_inquiry`
  MODIFY `id` int NOT NULL AUTO_INCREMENT, AUTO_INCREMENT=510;

--
-- AUTO_INCREMENT for table `tbl_inspection_dtl`
--
ALTER TABLE `tbl_inspection_dtl`
  MODIFY `InspectionDtlID` bigint NOT NULL AUTO_INCREMENT, AUTO_INCREMENT=1472;

--
-- AUTO_INCREMENT for table `tbl_inspection_hdr`
--
ALTER TABLE `tbl_inspection_hdr`
  MODIFY `InspectionHdrID` bigint NOT NULL AUTO_INCREMENT, AUTO_INCREMENT=62;

--
-- AUTO_INCREMENT for table `tbl_inspection_image`
--
ALTER TABLE `tbl_inspection_image`
  MODIFY `InspectionImageiD` bigint NOT NULL AUTO_INCREMENT, AUTO_INCREMENT=71;

--
-- AUTO_INCREMENT for table `tbl_location_code`
--
ALTER TABLE `tbl_location_code`
  MODIFY `LocationID` int NOT NULL AUTO_INCREMENT, AUTO_INCREMENT=19;

--
-- AUTO_INCREMENT for table `tbl_role`
--
ALTER TABLE `tbl_role`
  MODIFY `role_id` int NOT NULL AUTO_INCREMENT, AUTO_INCREMENT=4;

--
-- AUTO_INCREMENT for table `tbl_service`
--
ALTER TABLE `tbl_service`
  MODIFY `ServiceID` int NOT NULL AUTO_INCREMENT, AUTO_INCREMENT=6;

--
-- AUTO_INCREMENT for table `tbl_user_acitivity_log`
--
ALTER TABLE `tbl_user_acitivity_log`
  MODIFY `UserActivityLogID` int NOT NULL AUTO_INCREMENT, AUTO_INCREMENT=90;

--
-- AUTO_INCREMENT for table `tbl_vehicleinfo`
--
ALTER TABLE `tbl_vehicleinfo`
  MODIFY `VehicleID` int NOT NULL AUTO_INCREMENT, AUTO_INCREMENT=39;

--
-- AUTO_INCREMENT for table `users`
--
ALTER TABLE `users`
  MODIFY `id` int NOT NULL AUTO_INCREMENT, AUTO_INCREMENT=62;

--
-- AUTO_INCREMENT for table `user_profiles`
--
ALTER TABLE `user_profiles`
  MODIFY `id` int NOT NULL AUTO_INCREMENT;
COMMIT;

